163.172.105.12 - - [30/Mar/2025:03:53:08 +0200] "GET / HTTP/1.1" 200 16697 "-" "WordPress/6.6.2; https://startupclm.ncdesarrollos.com"
163.172.105.12 - - [30/Mar/2025:03:53:09 +0200] "POST /wp-admin/admin-ajax.php?action=wp_1_wc_privacy_cleanup&nonce=1455e1635a HTTP/1.1" 200 4218 "-" "WordPress/6.6.2; https://startupclm.ncdesarrollos.com"
45.148.10.172 - - [30/Mar/2025:15:26:40 +0200] "GET /.env HTTP/1.1" 404 4248 "-" "Mozilla/5.0 (Windows NT 6.1; WOW64) AppleWebKit/535.8 (KHTML, like Gecko) Beamrise/17.2.0.9 Chrome/17.0.939.0 Safari/535.8"
163.172.105.12 - - [30/Mar/2025:21:46:23 +0200] "POST /wp-cron.php?doing_wp_cron=1743363983.4786829948425292968750 HTTP/1.1" 200 4083 "-" "WordPress/6.6.2; https://startupclm.ncdesarrollos.com"
71.6.134.234 - - [30/Mar/2025:21:46:22 +0200] "GET / HTTP/1.1" 200 16631 "-" "Mozilla/5.0 (Windows NT 10.0; Win64; x64) AppleWebKit/537.36 (KHTML, like Gecko) Chrome/102.0.0.0 Safari/537.36"
71.6.134.234 - - [30/Mar/2025:21:50:24 +0200] "GET /favicon.ico HTTP/1.1" 404 4276 "-" "Mozilla/5.0 (Windows NT 10.0; Win64; x64) AppleWebKit/537.36 (KHTML, like Gecko) Chrome/102.0.0.0 Safari/537.36"
163.172.105.12 - - [01/Apr/2025:04:04:04 +0200] "POST /wp-cron.php?doing_wp_cron=1743473044.8496820926666259765625 HTTP/1.1" 200 4083 "-" "WordPress/6.6.2; https://startupclm.ncdesarrollos.com"
198.235.24.18 - - [01/Apr/2025:04:04:04 +0200] "GET / HTTP/1.1" 200 63852 "-" "Expanse, a Palo Alto Networks company, searches across the global IPv4 space multiple times per day to identify customers' presences on the Internet. If you would like to be excluded from our scans, please send IP addresses/domains to: scaninfo@paloaltonetworks.com"
163.172.105.12 - - [01/Apr/2025:04:04:07 +0200] "POST /wp-admin/admin-ajax.php?action=wp_1_wc_privacy_cleanup&nonce=290cafb027 HTTP/1.1" 200 4218 "-" "WordPress/6.6.2; https://startupclm.ncdesarrollos.com"
123.6.49.9 - - [02/Apr/2025:11:09:02 +0200] "GET / HTTP/1.1" 301 557 "-" "Mozilla/5.0 (Macintosh; Intel Mac OS X 10_15_7) AppleWebKit/537.36 (KHTML, like Gecko) Chrome/120.0.0.0 Safari/537.36 Edg/120.0.0.0"
163.172.105.12 - - [02/Apr/2025:11:09:11 +0200] "POST /wp-cron.php?doing_wp_cron=1743584950.9953510761260986328125 HTTP/1.1" 200 4083 "-" "WordPress/6.6.2; https://startupclm.ncdesarrollos.com"
123.6.49.42 - - [02/Apr/2025:11:09:10 +0200] "GET / HTTP/1.1" 200 16631 "http://startupclm.ncdesarrollos.com/" "Mozilla/5.0 (Macintosh; Intel Mac OS X 10_7_0) AppleWebKit/535.11 (KHTML, like Gecko) Chrome/17.0.963.56 Safari/535.11"
123.6.49.49 - - [02/Apr/2025:11:09:11 +0200] "GET /favicon.ico HTTP/1.1" 301 579 "-" "Mozilla/5.0 (Macintosh; Intel Mac OS X 10_7_0) AppleWebKit/535.11 (KHTML, like Gecko) Chrome/17.0.963.56 Safari/535.11"
123.6.49.10 - - [02/Apr/2025:11:09:13 +0200] "GET /favicon.ico HTTP/1.1" 404 4229 "http://startupclm.ncdesarrollos.com/favicon.ico" "Mozilla/5.0 (Macintosh; Intel Mac OS X 10_7_0) AppleWebKit/535.11 (KHTML, like Gecko) Chrome/17.0.963.56 Safari/535.11"
123.6.49.46 - - [02/Apr/2025:11:09:14 +0200] "GET /robots.txt HTTP/1.1" 301 577 "-" "Mozilla/5.0 (Macintosh; Intel Mac OS X 10_7_0) AppleWebKit/535.11 (KHTML, like Gecko) Chrome/17.0.963.56 Safari/535.11"
123.6.49.46 - - [02/Apr/2025:11:09:15 +0200] "GET /robots.txt HTTP/1.1" 404 4229 "http://startupclm.ncdesarrollos.com/robots.txt" "Mozilla/5.0 (Macintosh; Intel Mac OS X 10_7_0) AppleWebKit/535.11 (KHTML, like Gecko) Chrome/17.0.963.56 Safari/535.11"
123.6.49.17 - - [02/Apr/2025:11:09:18 +0200] "GET /sitemap.xml HTTP/1.1" 301 579 "-" "Mozilla/5.0 (Macintosh; Intel Mac OS X 10_7_0) AppleWebKit/535.11 (KHTML, like Gecko) Chrome/17.0.963.56 Safari/535.11"
123.6.49.9 - - [02/Apr/2025:11:09:22 +0200] "GET /sitemap.xml HTTP/1.1" 404 4229 "http://startupclm.ncdesarrollos.com/sitemap.xml" "Mozilla/5.0 (Macintosh; Intel Mac OS X 10_7_0) AppleWebKit/535.11 (KHTML, like Gecko) Chrome/17.0.963.56 Safari/535.11"
123.6.49.42 - - [02/Apr/2025:11:09:39 +0200] "GET /config.json HTTP/1.1" 301 579 "-" "Mozilla/5.0 (Macintosh; Intel Mac OS X 10_7_0) AppleWebKit/535.11 (KHTML, like Gecko) Chrome/17.0.963.56 Safari/535.11"
123.6.49.36 - - [02/Apr/2025:11:09:53 +0200] "GET /wp-content/plugins/woocommerce/readme.txt HTTP/1.1" 301 695 "-" "python-requests/2.32.3"
123.6.49.9 - - [02/Apr/2025:11:10:03 +0200] "GET /wp-content/plugins/woocommerce/readme.txt HTTP/1.1" 200 10624 "-" "python-requests/2.32.3"
163.172.105.12 - - [02/Apr/2025:11:12:06 +0200] "POST /wp-cron.php?doing_wp_cron=1743585126.0305669307708740234375 HTTP/1.1" 200 4083 "-" "WordPress/6.6.2; https://startupclm.ncdesarrollos.com"
123.6.49.10 - - [02/Apr/2025:11:12:05 +0200] "GET / HTTP/1.1" 200 63852 "-" "Mozilla/5.0 (Macintosh; Intel Mac OS X 10_15_7) AppleWebKit/537.36 (KHTML, like Gecko) Chrome/120.0.0.0 Safari/537.36 Edg/120.0.0.0"
163.172.105.12 - - [02/Apr/2025:11:12:08 +0200] "POST /wp-admin/admin-ajax.php?action=wp_1_wc_privacy_cleanup&nonce=b46fb7512b HTTP/1.1" 200 4218 "-" "WordPress/6.6.2; https://startupclm.ncdesarrollos.com"
123.6.49.41 - - [02/Apr/2025:11:12:27 +0200] "GET /favicon.ico HTTP/1.1" 404 4229 "-" "Mozilla/5.0 (Macintosh; Intel Mac OS X 10_7_0) AppleWebKit/535.11 (KHTML, like Gecko) Chrome/17.0.963.56 Safari/535.11"
123.6.49.10 - - [02/Apr/2025:11:12:33 +0200] "GET /robots.txt HTTP/1.1" 404 4229 "-" "Mozilla/5.0 (Macintosh; Intel Mac OS X 10_7_0) AppleWebKit/535.11 (KHTML, like Gecko) Chrome/17.0.963.56 Safari/535.11"
123.6.49.36 - - [02/Apr/2025:11:12:50 +0200] "GET /sitemap.xml HTTP/1.1" 404 4229 "-" "Mozilla/5.0 (Macintosh; Intel Mac OS X 10_7_0) AppleWebKit/535.11 (KHTML, like Gecko) Chrome/17.0.963.56 Safari/535.11"
123.6.49.4 - - [02/Apr/2025:11:13:06 +0200] "GET /config.json HTTP/1.1" 404 4229 "-" "Mozilla/5.0 (Macintosh; Intel Mac OS X 10_7_0) AppleWebKit/535.11 (KHTML, like Gecko) Chrome/17.0.963.56 Safari/535.11"
123.6.49.9 - - [02/Apr/2025:11:13:23 +0200] "GET /wp-content/plugins/woocommerce/readme.txt HTTP/1.1" 200 10624 "-" "python-requests/2.32.3"
163.172.105.12 - - [03/Apr/2025:01:26:20 +0200] "POST /wp-cron.php?doing_wp_cron=1743636380.2129778861999511718750 HTTP/1.1" 200 4083 "-" "WordPress/6.6.2; https://startupclm.ncdesarrollos.com"
167.94.138.187 - - [03/Apr/2025:01:26:19 +0200] "GET / HTTP/1.1" 200 16631 "-" "Mozilla/5.0 (compatible; CensysInspect/1.1; +https://about.censys.io/)"
167.94.138.187 - - [03/Apr/2025:01:26:27 +0200] "GET /favicon.ico HTTP/1.1" 404 4248 "-" "Mozilla/5.0 (compatible; CensysInspect/1.1; +https://about.censys.io/)"
167.94.138.187 - - [03/Apr/2025:01:27:05 +0200] "GET /favicon.ico HTTP/1.1" 404 4248 "-" "Mozilla/5.0 (compatible; CensysInspect/1.1; +https://about.censys.io/)"
163.172.105.12 - - [03/Apr/2025:22:27:43 +0200] "POST /wp-cron.php?doing_wp_cron=1743712063.2764101028442382812500 HTTP/1.1" 200 4083 "-" "WordPress/6.6.2; https://startupclm.ncdesarrollos.com"
205.210.31.212 - - [03/Apr/2025:22:27:42 +0200] "GET / HTTP/1.1" 200 63852 "-" "Expanse, a Palo Alto Networks company, searches across the global IPv4 space multiple times per day to identify customers' presences on the Internet. If you would like to be excluded from our scans, please send IP addresses/domains to: scaninfo@paloaltonetworks.com"
163.172.105.12 - - [03/Apr/2025:22:27:45 +0200] "POST /wp-admin/admin-ajax.php?action=wp_1_wc_privacy_cleanup&nonce=e5fb6191d6 HTTP/1.1" 200 4218 "-" "WordPress/6.6.2; https://startupclm.ncdesarrollos.com"
198.235.24.110 - - [04/Apr/2025:04:39:47 +0200] "GET / HTTP/1.1" 301 557 "-" "Expanse, a Palo Alto Networks company, searches across the global IPv4 space multiple times per day to identify customers' presences on the Internet. If you would like to be excluded from our scans, please send IP addresses/domains to: scaninfo@paloaltonetworks.com"
163.172.105.12 - - [04/Apr/2025:05:13:10 +0200] "POST /wp-cron.php?doing_wp_cron=1743736390.2546589374542236328125 HTTP/1.1" 200 4083 "-" "WordPress/6.6.2; https://startupclm.ncdesarrollos.com"
91.222.174.85 - - [04/Apr/2025:05:13:10 +0200] "GET / HTTP/1.1" 200 16650 "-" "Mozilla/5.0 (Windows NT 10.0; Win64; x64) AppleWebKit/537.36 (KHTML, like Gecko) Chrome/124.0.0.0 Whale/3.26.244.21 Safari/537.36"
163.172.105.12 - - [04/Apr/2025:17:16:26 +0200] "POST /wp-cron.php?doing_wp_cron=1743779786.1949360370635986328125 HTTP/1.1" 200 4083 "-" "WordPress/6.6.2; https://startupclm.ncdesarrollos.com"
179.43.149.114 - - [04/Apr/2025:17:16:26 +0200] "GET / HTTP/1.1" 200 16650 "-" "Mozilla/5.0 (iPad; CPU OS 8_4_1 like Mac OS X) AppleWebKit/600.1.4 (KHTML, like Gecko) Version/8.0 Mobile/12H321 Safari/600.1.4"
163.172.105.12 - - [04/Apr/2025:17:16:31 +0200] "POST /wp-admin/admin-ajax.php?action=wp_1_wc_privacy_cleanup&nonce=cf29aa5842 HTTP/1.1" 200 4218 "-" "WordPress/6.6.2; https://startupclm.ncdesarrollos.com"
179.43.149.114 - - [04/Apr/2025:17:16:38 +0200] "GET //startupclm.ncdesarrollos.com/index.php HTTP/1.1" 404 4248 "-" "Mozilla/5.0 (X11; Linux x86_64) AppleWebKit/537.36 (KHTML, like Gecko) Falkon/3.0.0 Chrome/65.0.3325.230 Safari/537.36"
179.43.149.114 - - [04/Apr/2025:17:16:38 +0200] "GET /wp-emoji-release.min.js HTTP/1.1" 404 4248 "-" "Mozilla/5.0 (Windows NT 6.1; Win64; x64; rv:35.0) Gecko/20100101 Firefox/35.0"
179.43.149.114 - - [04/Apr/2025:17:16:38 +0200] "GET //startupclm.ncdesarrollos.com/wp-includes/js/jquery/jquery-migrate.min.js HTTP/1.1" 404 4248 "-" "Mozilla/5.0 (Macintosh; Intel Mac OS X 10_14_1) AppleWebKit/537.36 (KHTML, like Gecko) Chrome/74.0.3729.169 Safari/537.36"
179.43.149.114 - - [04/Apr/2025:17:16:38 +0200] "GET //startupclm.ncdesarrollos.com/xmlrpc.php HTTP/1.1" 404 4248 "-" "Mozilla/5.0 (Linux; Android 5.1.1; KYOCERA-C6742) AppleWebKit/537.36 (KHTML, like Gecko) Chrome/76.0.3809.111 Mobile Safari/537.36"
179.43.149.114 - - [04/Apr/2025:17:16:38 +0200] "GET //startupclm.ncdesarrollos.com/wp-content/plugins/woocommerce/assets/js/jquery-blockui/jquery.blockUI.min.js HTTP/1.1" 404 4248 "-" "Mozilla/5.0 (Macintosh; Intel Mac OS X 10_13_6) AppleWebKit/605.1.15 (KHTML, like Gecko) Reeder/3.2 Safari/605.1.15"
163.172.105.12 - - [04/Apr/2025:17:16:38 +0200] "POST /wp-cron.php?doing_wp_cron=1743779798.3552119731903076171875 HTTP/1.1" 200 4083 "-" "WordPress/6.6.2; https://startupclm.ncdesarrollos.com"
179.43.149.114 - - [04/Apr/2025:17:16:38 +0200] "GET /index.php HTTP/1.1" 301 4033 "-" "Mozilla/5.0 (Windows NT 6.1; WOW64) AppleWebKit/537.36 (KHTML, like Gecko) Maxthon/4.4.6.1000 Chrome/30.0.1599.101 Safari/537.36"
179.43.149.114 - - [04/Apr/2025:17:16:38 +0200] "GET //startupclm.ncdesarrollos.com/wp-content/plugins/woocommerce/assets/js/frontend/woocommerce.min.js HTTP/1.1" 404 4248 "-" "Mozilla/5.0 (X11; Linux x86_64) AppleWebKit/537.36 (KHTML, like Gecko) Chrome/33.0.1750.166 Safari/537.36 OPR/20.0.1396.73172"
179.43.149.114 - - [04/Apr/2025:17:16:38 +0200] "GET //startupclm.ncdesarrollos.com/wp-content/plugins/woocommerce/assets/js/frontend/order-attribution.min.js HTTP/1.1" 404 4248 "-" "Mozilla/5.0 (Windows NT 10.0; Win64; x64) AppleWebKit/537.36 (KHTML, like Gecko) Chrome/77.0.3835.0 Safari/537.36"
179.43.149.114 - - [04/Apr/2025:17:16:40 +0200] "GET //startupclm.ncdesarrollos.com/wp-content/plugins/woocommerce/assets/js/frontend/add-to-cart.min.js HTTP/1.1" 404 4248 "-" "Mozilla/4.0 (compatible; MSIE 7.0; Windows NT 6.1; Trident/6.0)"
179.43.149.114 - - [04/Apr/2025:17:16:40 +0200] "GET //startupclm.ncdesarrollos.com/wp-content/plugins/woocommerce/assets/js/sourcebuster/sourcebuster.min.js HTTP/1.1" 404 4248 "-" "Mozilla/5.0 (Windows NT 10.0; Win64; x64) AppleWebKit/537.36 (KHTML, like Gecko) Chrome/64.0.3282.119 Safari/537.36"
179.43.149.114 - - [04/Apr/2025:17:16:40 +0200] "GET //startupclm.ncdesarrollos.com/wp-includes/js/jquery/jquery.min.js HTTP/1.1" 404 4248 "-" "Mozilla/5.0 (iPod; U; CPU iPhone OS 2_2_1 like Mac OS X; en-us) AppleWebKit/525.18.1 (KHTML, like Gecko) Version/3.1.1 Mobile/5H11a Safari/525.20"
179.43.149.114 - - [04/Apr/2025:17:16:40 +0200] "GET //startupclm.ncdesarrollos.com/wp-login.php HTTP/1.1" 404 4248 "-" "Mozilla/5.0 (Windows NT 10.0; WOW64) AppleWebKit/537.36 (KHTML, like Gecko) Chrome/70.0.3538.25 Safari/537.36 Core/1.70.3722.400 QQBrowser/10.5.3763.400"
179.43.149.114 - - [04/Apr/2025:17:16:40 +0200] "GET //startupclm.ncdesarrollos.com/wp-content/plugins/woocommerce/assets/js/js-cookie/js.cookie.min.js HTTP/1.1" 404 4248 "-" "Mozilla/5.0 (Linux; Android 6.0; Lenovo A7000-a Build/MRA58K) AppleWebKit/537.36 (KHTML, like Gecko) Chrome/67.0.3396.87 Mobile Safari/537.36"
179.43.149.114 - - [04/Apr/2025:17:16:42 +0200] "GET /admin-ajax.php HTTP/1.1" 404 3986 "-" "Offline Explorer/2.5"
179.43.149.114 - - [04/Apr/2025:17:17:19 +0200] "GET //startupclm.ncdesarrollos.com/index.php HTTP/1.1" 404 4248 "-" "Mozilla/5.0 (Linux; Android 9; SM-G960F) AppleWebKit/537.36 (KHTML, like Gecko) Chrome/74.0.3729.136 Mobile Safari/537.36"
179.43.149.114 - - [04/Apr/2025:17:17:19 +0200] "GET //startupclm.ncdesarrollos.com/wp-content/plugins/woocommerce/assets/js/sourcebuster/sourcebuster.min.js HTTP/1.1" 404 4248 "-" "Mozilla/5.0 (Windows NT 10.0; Win64; x64) AppleWebKit/537.36 (KHTML, like Gecko) Chrome/67.0.3396.79 Safari/537.36"
179.43.149.114 - - [04/Apr/2025:17:17:19 +0200] "GET //startupclm.ncdesarrollos.com/wp-includes/js/jquery/jquery-migrate.min.js HTTP/1.1" 404 4248 "-" "Mozilla/5.0 (Windows NT 10.0; Win64; x64) AppleWebKit/537.36 (KHTML, like Gecko) Chrome/72.0.3626.119 Safari/537.36"
179.43.149.114 - - [04/Apr/2025:17:17:19 +0200] "GET //startupclm.ncdesarrollos.com/wp-content/plugins/woocommerce/assets/js/frontend/order-attribution.min.js HTTP/1.1" 404 4248 "-" "Mozilla/5.0 (Macintosh; Intel Mac OS X 10_12_1) AppleWebKit/537.36 (KHTML, like Gecko) Chrome/75.0.3770.142 Safari/537.36"
179.43.149.114 - - [04/Apr/2025:17:17:19 +0200] "GET //startupclm.ncdesarrollos.com/wp-includes/js/jquery/jquery.min.js HTTP/1.1" 404 4248 "-" "Mozilla/5.0 (X11; Linux x86_64) AppleWebKit/537.36 (KHTML, like Gecko) Chrome/78.0.3889.0 Safari/537.36"
179.43.149.114 - - [04/Apr/2025:17:17:19 +0200] "GET //startupclm.ncdesarrollos.com/wp-login.php HTTP/1.1" 404 4248 "-" "Mozilla/5.0 (X11; Linux x86_64) AppleWebKit/537.36 (KHTML, like Gecko) Chrome/66.0.3359.170 Safari/537.36"
179.43.149.114 - - [04/Apr/2025:17:17:19 +0200] "GET //startupclm.ncdesarrollos.com/xmlrpc.php HTTP/1.1" 404 4248 "-" "Mozilla/5.0 (Macintosh; Intel Mac OS X 10_10_4) AppleWebKit/537.36 (KHTML, like Gecko) Chrome/76.0.3809.100 Safari/537.36"
179.43.149.114 - - [04/Apr/2025:17:17:19 +0200] "GET /admin-ajax.php HTTP/1.1" 404 3986 "-" "Mozilla/5.0 (Linux; Android 9; Redmi Note 7) AppleWebKit/537.36 (KHTML, like Gecko) Chrome/76.0.3809.89 Mobile Safari/537.36"
179.43.149.114 - - [04/Apr/2025:17:17:19 +0200] "GET //startupclm.ncdesarrollos.com/wp-content/plugins/woocommerce/assets/js/js-cookie/js.cookie.min.js HTTP/1.1" 404 4248 "-" "Mozilla/5.0 (Macintosh; Intel Mac OS X 10_14_6) AppleWebKit/537.36 (KHTML, like Gecko) Chrome/75.0.3770.90 Safari/537.36"
179.43.149.114 - - [04/Apr/2025:17:17:19 +0200] "GET /wp-emoji-release.min.js HTTP/1.1" 404 4248 "-" "Mozilla/5.0 (Linux; Android 9; moto g(7) power) AppleWebKit/537.36 (KHTML, like Gecko) Chrome/76.0.3809.89 Mobile Safari/537.36"
179.43.149.114 - - [04/Apr/2025:17:17:19 +0200] "GET //startupclm.ncdesarrollos.com/wp-content/plugins/woocommerce/assets/js/frontend/add-to-cart.min.js HTTP/1.1" 404 4248 "-" "Mozilla/5.0 (Windows NT 10.0; WOW64) AppleWebKit/537.36 (KHTML, like Gecko) Chrome/65.0.3325.181 Safari/537.36"
179.43.149.114 - - [04/Apr/2025:17:17:19 +0200] "GET /index.php HTTP/1.1" 301 4033 "-" "Mozilla/5.0 (Windows NT 6.1; Win64; x64) AppleWebKit/537.36 (KHTML, like Gecko) Chrome/60.0.3112.90 Safari/537.36"
179.43.149.114 - - [04/Apr/2025:17:17:21 +0200] "GET //startupclm.ncdesarrollos.com/wp-content/plugins/woocommerce/assets/js/frontend/woocommerce.min.js HTTP/1.1" 404 4248 "-" "SonyEricssonT68/R201A"
179.43.149.114 - - [04/Apr/2025:17:17:21 +0200] "GET //startupclm.ncdesarrollos.com/wp-content/plugins/woocommerce/assets/js/jquery-blockui/jquery.blockUI.min.js HTTP/1.1" 404 4248 "-" "Mozilla/5.0 (Linux; U; Android 1.5; fr-fr; GT-I5700 Build/CUPCAKE) AppleWebKit/528.5 (KHTML, like Gecko) Version/3.1.2 Mobile Safari/525.20.1"
179.43.149.114 - - [04/Apr/2025:17:17:55 +0200] "GET //startupclm.ncdesarrollos.com/index.php HTTP/1.1" 404 4248 "-" "Peach/1.01 (Ubuntu 8.04 LTS; U; en)"
179.43.149.114 - - [04/Apr/2025:17:17:55 +0200] "GET //startupclm.ncdesarrollos.com/wp-content/plugins/woocommerce/assets/js/frontend/add-to-cart.min.js HTTP/1.1" 404 4248 "-" "Mozilla/5.0 (iPhone; CPU iPhone OS 7_1_2 like Mac OS X) AppleWebKit/537.51.2 (KHTML like Gecko) Version/7.0 Mobile/11D257 Safari/9537.53"
179.43.149.114 - - [04/Apr/2025:17:17:55 +0200] "GET //startupclm.ncdesarrollos.com/wp-content/plugins/woocommerce/assets/js/frontend/order-attribution.min.js HTTP/1.1" 404 4248 "-" "Mozilla/5.0 (Linux; Android 7.0; SM-G925F) AppleWebKit/537.36 (KHTML, like Gecko) Chrome/76.0.3809.111 Mobile Safari/537.36"
179.43.149.114 - - [04/Apr/2025:17:17:55 +0200] "GET //startupclm.ncdesarrollos.com/wp-content/plugins/woocommerce/assets/js/frontend/woocommerce.min.js HTTP/1.1" 404 4248 "-" "Mozilla/5.0 (Linux; Android 8.1.0; Redmi Y2) AppleWebKit/537.36 (KHTML, like Gecko) Chrome/76.0.3809.111 Mobile Safari/537.36"
179.43.149.114 - - [04/Apr/2025:17:17:55 +0200] "GET //startupclm.ncdesarrollos.com/wp-content/plugins/woocommerce/assets/js/jquery-blockui/jquery.blockUI.min.js HTTP/1.1" 404 4248 "-" "Mozilla/5.0 (Windows NT 6.1; WOW64) AppleWebKit/537.36 (KHTML, like Gecko) Chrome/72.0.3626.121 Safari/537.36"
179.43.149.114 - - [04/Apr/2025:17:17:55 +0200] "GET //startupclm.ncdesarrollos.com/wp-content/plugins/woocommerce/assets/js/js-cookie/js.cookie.min.js HTTP/1.1" 404 4248 "-" "Mozilla/5.0 (X11; Linux x86_64) AppleWebKit/537.4 (KHTML like Gecko) Chrome/22.0.1229.56 Safari/537.4"
179.43.149.114 - - [04/Apr/2025:17:17:55 +0200] "GET //startupclm.ncdesarrollos.com/wp-content/plugins/woocommerce/assets/js/sourcebuster/sourcebuster.min.js HTTP/1.1" 404 4248 "-" "Bloglines/3.1 (http://www.bloglines.com)"
179.43.149.114 - - [04/Apr/2025:17:17:56 +0200] "GET //startupclm.ncdesarrollos.com/wp-includes/js/jquery/jquery-migrate.min.js HTTP/1.1" 404 4248 "-" "Mozilla/5.0 (Windows NT 10.0; Win64; x64; rv:68.0) Gecko/20100101 Firefox/68.0"
179.43.149.114 - - [04/Apr/2025:17:17:56 +0200] "GET //startupclm.ncdesarrollos.com/wp-includes/js/jquery/jquery.min.js HTTP/1.1" 404 4248 "-" "Mozilla/5.0 (Macintosh; U; Intel Mac OS X 10_6_5; en-US) AppleWebKit/534.13 (KHTML, like Gecko) Chrome/9.0.597.15 Safari/534.13"
179.43.149.114 - - [04/Apr/2025:17:17:56 +0200] "GET //startupclm.ncdesarrollos.com/wp-login.php HTTP/1.1" 404 4248 "-" "Mozilla/5.0 (Windows Phone 8.1; ARM; Trident/7.0; Touch; rv:11.0; IEMobile/11.0; NOKIA; Lumia 630) like Gecko"
179.43.149.114 - - [04/Apr/2025:17:17:56 +0200] "GET //startupclm.ncdesarrollos.com/xmlrpc.php HTTP/1.1" 404 4248 "-" "Mozilla/5.0 (X11; U; SunOS sun4m; en-US; rv:1.4b) Gecko/20030517 Mozilla Firebird/0.6"
179.43.149.114 - - [04/Apr/2025:17:17:56 +0200] "GET /admin-ajax.php HTTP/1.1" 404 3986 "-" "Mozilla/5.0 (iPhone; CPU iPhone OS 12_3 like Mac OS X) AppleWebKit/605.1.15 (KHTML, like Gecko) CriOS/76.0.3809.81 Mobile/15E148 Safari/605.1"
179.43.149.114 - - [04/Apr/2025:17:17:56 +0200] "GET /wp-emoji-release.min.js HTTP/1.1" 404 4248 "-" "Mozilla/5.0 (Windows NT 10.0; WOW64) AppleWebKit/537.36 (KHTML, like Gecko) Chrome/75.0.3730.0 Safari/537.36"
163.172.105.12 - - [04/Apr/2025:17:17:56 +0200] "POST /wp-cron.php?doing_wp_cron=1743779876.1272740364074707031250 HTTP/1.1" 200 4083 "-" "WordPress/6.6.2; https://startupclm.ncdesarrollos.com"
179.43.149.114 - - [04/Apr/2025:17:17:56 +0200] "GET /index.php HTTP/1.1" 301 4033 "-" "Mozilla/5.0 (compatible; MSIE 9.0; Windows NT 6.2; Trident/5.0)"
179.43.149.114 - - [04/Apr/2025:17:18:22 +0200] "GET //startupclm.ncdesarrollos.com/wp-content/plugins/woocommerce/assets/js/js-cookie/js.cookie.min.js HTTP/1.1" 404 4248 "-" "Mozilla/5.0 (Linux; Android 5.1.1; Nexus 7 Build/LMY47V) AppleWebKit/537.36 (KHTML, like Gecko) Chrome/43.0.2357.78 Safari/537.36 OPR/30.0.1856.93524"
179.43.149.114 - - [04/Apr/2025:17:18:22 +0200] "GET //startupclm.ncdesarrollos.com/wp-includes/js/jquery/jquery-migrate.min.js HTTP/1.1" 404 4248 "-" "SonyEricssonT650i/R7AA Browser/NetFront/3.3 Profile/MIDP-2.0 Configuration/CLDC-1.1"
179.43.149.114 - - [04/Apr/2025:17:18:22 +0200] "GET //startupclm.ncdesarrollos.com/wp-includes/js/jquery/jquery.min.js HTTP/1.1" 404 4248 "-" "Mozilla/5.0 (Macintosh; Intel Mac OS X 10_14_4) AppleWebKit/537.36 (KHTML, like Gecko) Chrome/77.0.3865.42 Safari/537.36"
179.43.149.114 - - [04/Apr/2025:17:18:22 +0200] "GET //startupclm.ncdesarrollos.com/wp-login.php HTTP/1.1" 404 4248 "-" "Mozilla/5.0 (Windows NT 6.1; WOW64; Trident/7.0; rv:11.0) like Gecko"
179.43.149.114 - - [04/Apr/2025:17:18:22 +0200] "GET //startupclm.ncdesarrollos.com/xmlrpc.php HTTP/1.1" 404 4248 "-" "Mozilla/5.0 (Symbian/3; Series60/5.2 NokiaE7-00/010.016; Profile/MIDP-2.1 Configuration/CLDC-1.1 ) AppleWebKit/525 (KHTML, like Gecko) Version/3.0 BrowserNG/7.2.7.3 3gpp-gba"
179.43.149.114 - - [04/Apr/2025:17:18:22 +0200] "GET //startupclm.ncdesarrollos.com/wp-content/plugins/woocommerce/assets/js/sourcebuster/sourcebuster.min.js HTTP/1.1" 404 4248 "-" "Mozilla/5.0 (Linux; Android 9; SM-G950U) AppleWebKit/537.36 (KHTML, like Gecko) Chrome/76.0.3809.89 Mobile Safari/537.36"
179.43.149.114 - - [04/Apr/2025:17:18:22 +0200] "GET /admin-ajax.php HTTP/1.1" 404 3986 "-" "Mozilla/5.0 (OS/2; Warp 4.5; rv:24.0) Gecko/20100101 Firefox/24.0"
179.43.149.114 - - [04/Apr/2025:17:18:22 +0200] "GET /wp-emoji-release.min.js HTTP/1.1" 404 4248 "-" "Mozilla/5.0 (Linux; Android 8.0.0; SM-G935F) AppleWebKit/537.36 (KHTML, like Gecko) Chrome/76.0.3809.111 Mobile Safari/537.36"
179.43.149.114 - - [04/Apr/2025:17:18:22 +0200] "GET //startupclm.ncdesarrollos.com/wp-content/plugins/woocommerce/assets/js/jquery-blockui/jquery.blockUI.min.js HTTP/1.1" 404 4248 "-" "Mozilla/5.0 (Linux; Android 8.0.0; d-02K) AppleWebKit/537.36 (KHTML, like Gecko) Chrome/72.0.3626.105 Safari/537.36"
179.43.149.114 - - [04/Apr/2025:17:18:22 +0200] "GET /index.php HTTP/1.1" 301 4033 "-" "Mozilla/5.0 (Windows NT 6.1; Win64; x64) AppleWebKit/537.36 (KHTML, like Gecko) Chrome/60.0.3112.90 Safari/537.36"
179.43.149.114 - - [04/Apr/2025:17:18:24 +0200] "GET //startupclm.ncdesarrollos.com/wp-content/plugins/woocommerce/assets/js/frontend/order-attribution.min.js HTTP/1.1" 404 4248 "-" "Mozilla/5.0 (Linux; Android 9; Redmi Note 5 Pro) AppleWebKit/537.36 (KHTML, like Gecko) Chrome/76.0.3809.89 Mobile Safari/537.36"
179.43.149.114 - - [04/Apr/2025:17:18:24 +0200] "GET //startupclm.ncdesarrollos.com/wp-content/plugins/woocommerce/assets/js/frontend/woocommerce.min.js HTTP/1.1" 404 4248 "-" "Mozilla/5.0 (X11; Linux x86_64) AppleWebKit/537.36 (KHTML, like Gecko) Ubuntu Chromium/69.0.3497.81 Chrome/69.0.3497.81 Safari/537.36"
179.43.149.114 - - [04/Apr/2025:17:18:26 +0200] "GET //startupclm.ncdesarrollos.com/index.php HTTP/1.1" 404 4248 "-" "Opera/7.50 (Windows XP; U)"
179.43.149.114 - - [04/Apr/2025:17:18:27 +0200] "GET //startupclm.ncdesarrollos.com/wp-content/plugins/woocommerce/assets/js/frontend/add-to-cart.min.js HTTP/1.1" 301 770 "-" "Roku/DVP-4.1 (024.01E01250A)"
163.172.105.12 - - [05/Apr/2025:02:36:53 +0200] "POST /wp-cron.php?doing_wp_cron=1743813411.8004939556121826171875 HTTP/1.1" 200 4083 "-" "WordPress/6.6.2; https://startupclm.ncdesarrollos.com"
198.235.24.175 - - [05/Apr/2025:02:36:28 +0200] "GET / HTTP/1.1" 200 58249 "-" "-"
205.210.31.54 - - [05/Apr/2025:10:12:29 +0200] "GET / HTTP/1.1" 301 557 "-" "-"
163.172.105.12 - - [05/Apr/2025:10:12:29 +0200] "POST /wp-cron.php?doing_wp_cron=1743840749.6785569190979003906250 HTTP/1.1" 200 4083 "-" "WordPress/6.6.2; https://startupclm.ncdesarrollos.com"
205.210.31.54 - - [05/Apr/2025:10:12:29 +0200] "GET / HTTP/1.1" 200 63852 "http://163.172.105.12:80/" "-"
54.216.44.129 - - [05/Apr/2025:11:32:51 +0200] "GET / HTTP/1.0" 301 576 "-" "Mozilla/5.0 (compatible; NetcraftSurveyAgent/1.0; +info@netcraft.com)"
163.172.105.12 - - [05/Apr/2025:11:32:54 +0200] "POST /wp-cron.php?doing_wp_cron=1743845573.9828479290008544921875 HTTP/1.1" 200 4083 "-" "WordPress/6.6.2; https://startupclm.ncdesarrollos.com"
54.216.44.129 - - [05/Apr/2025:11:32:53 +0200] "GET / HTTP/1.0" 200 63371 "-" "Mozilla/5.0 (compatible; NetcraftSurveyAgent/1.0; +info@netcraft.com)"
163.172.105.12 - - [05/Apr/2025:12:23:47 +0200] "POST /wp-cron.php?doing_wp_cron=1743848627.6808118820190429687500 HTTP/1.1" 200 4083 "-" "WordPress/6.6.2; https://startupclm.ncdesarrollos.com"
69.50.95.89 - - [05/Apr/2025:12:23:47 +0200] "GET / HTTP/1.1" 200 16650 "-" "Mozilla/5.0 (SS; Linux i686) AppleWebKit/537.36 (KHTML, like Gecko) Chrome/127.0.0.0 Safari/537.36"
163.172.105.12 - - [05/Apr/2025:12:23:48 +0200] "POST /wp-cron.php HTTP/1.1" 200 4083 "-" "WordPress/6.6.2; https://startupclm.ncdesarrollos.com"
163.172.105.12 - - [05/Apr/2025:12:23:48 +0200] "GET / HTTP/1.1" 200 16697 "-" "WordPress/6.6.2; https://startupclm.ncdesarrollos.com"
163.172.105.12 - - [05/Apr/2025:12:23:48 +0200] "GET / HTTP/1.1" 200 16697 "-" "WordPress/6.6.2; https://startupclm.ncdesarrollos.com"
163.172.105.12 - - [05/Apr/2025:12:23:48 +0200] "GET / HTTP/1.1" 200 16697 "-" "WordPress/6.6.2; https://startupclm.ncdesarrollos.com"
163.172.105.12 - - [05/Apr/2025:12:23:48 +0200] "GET / HTTP/1.1" 200 16697 "-" "WordPress/6.6.2; https://startupclm.ncdesarrollos.com"
163.172.105.12 - - [05/Apr/2025:12:23:50 +0200] "POST /wp-admin/admin-ajax.php?action=wp_1_wc_privacy_cleanup&nonce=942cd23064 HTTP/1.1" 200 4218 "-" "WordPress/6.6.2; https://startupclm.ncdesarrollos.com"
163.172.105.12 - - [06/Apr/2025:01:00:53 +0200] "POST /wp-cron.php?doing_wp_cron=1743894052.2823090553283691406250 HTTP/1.1" 200 4083 "-" "WordPress/6.6.2; https://startupclm.ncdesarrollos.com"
91.222.174.85 - - [06/Apr/2025:01:00:52 +0200] "GET / HTTP/1.1" 200 16650 "-" "Mozilla/5.0 (Windows NT 10.0; Win64; x64) AppleWebKit/537.36 (KHTML, like Gecko) Chrome/51.0.2704.79 Safari/537.36 Edge/14.14393"
27.115.124.4 - - [06/Apr/2025:17:05:11 +0200] "GET / HTTP/1.1" 301 557 "-" "Mozilla/5.0 (Macintosh; Intel Mac OS X 10_15_7) AppleWebKit/537.36 (KHTML, like Gecko) Chrome/120.0.0.0 Safari/537.36 Edg/120.0.0.0"
163.172.105.12 - - [06/Apr/2025:17:05:21 +0200] "POST /wp-cron.php?doing_wp_cron=1743951921.4205899238586425781250 HTTP/1.1" 200 4083 "-" "WordPress/6.6.2; https://startupclm.ncdesarrollos.com"
27.115.124.4 - - [06/Apr/2025:17:05:21 +0200] "GET / HTTP/1.1" 200 16631 "http://startupclm.ncdesarrollos.com/" "Mozilla/5.0 (Macintosh; Intel Mac OS X 10_7_0) AppleWebKit/535.11 (KHTML, like Gecko) Chrome/17.0.963.56 Safari/535.11"
27.115.124.40 - - [06/Apr/2025:17:05:24 +0200] "GET /favicon.ico HTTP/1.1" 301 579 "-" "Mozilla/5.0 (Macintosh; Intel Mac OS X 10_7_0) AppleWebKit/535.11 (KHTML, like Gecko) Chrome/17.0.963.56 Safari/535.11"
163.172.105.12 - - [06/Apr/2025:17:05:26 +0200] "POST /wp-admin/admin-ajax.php?action=wp_1_wc_privacy_cleanup&nonce=46a4077fc8 HTTP/1.1" 200 4218 "-" "WordPress/6.6.2; https://startupclm.ncdesarrollos.com"
27.115.124.48 - - [06/Apr/2025:17:05:28 +0200] "GET /favicon.ico HTTP/1.1" 404 4229 "http://startupclm.ncdesarrollos.com/favicon.ico" "Mozilla/5.0 (Macintosh; Intel Mac OS X 10_7_0) AppleWebKit/535.11 (KHTML, like Gecko) Chrome/17.0.963.56 Safari/535.11"
27.115.124.97 - - [06/Apr/2025:17:05:30 +0200] "GET /robots.txt HTTP/1.1" 301 577 "-" "Mozilla/5.0 (Macintosh; Intel Mac OS X 10_7_0) AppleWebKit/535.11 (KHTML, like Gecko) Chrome/17.0.963.56 Safari/535.11"
27.115.124.41 - - [06/Apr/2025:17:05:34 +0200] "GET /robots.txt HTTP/1.1" 404 4229 "http://startupclm.ncdesarrollos.com/robots.txt" "Mozilla/5.0 (Macintosh; Intel Mac OS X 10_7_0) AppleWebKit/535.11 (KHTML, like Gecko) Chrome/17.0.963.56 Safari/535.11"
27.115.124.33 - - [06/Apr/2025:17:05:38 +0200] "GET /sitemap.xml HTTP/1.1" 301 579 "-" "Mozilla/5.0 (Macintosh; Intel Mac OS X 10_7_0) AppleWebKit/535.11 (KHTML, like Gecko) Chrome/17.0.963.56 Safari/535.11"
27.115.124.112 - - [06/Apr/2025:17:05:41 +0200] "GET /sitemap.xml HTTP/1.1" 404 4229 "http://startupclm.ncdesarrollos.com/sitemap.xml" "Mozilla/5.0 (Macintosh; Intel Mac OS X 10_7_0) AppleWebKit/535.11 (KHTML, like Gecko) Chrome/17.0.963.56 Safari/535.11"
27.115.124.34 - - [06/Apr/2025:17:05:45 +0200] "GET /config.json HTTP/1.1" 301 579 "-" "Mozilla/5.0 (Macintosh; Intel Mac OS X 10_7_0) AppleWebKit/535.11 (KHTML, like Gecko) Chrome/17.0.963.56 Safari/535.11"
27.115.124.68 - - [06/Apr/2025:17:05:52 +0200] "GET /wp-content/plugins/woocommerce/readme.txt HTTP/1.1" 301 695 "-" "python-requests/2.32.3"
27.115.124.112 - - [06/Apr/2025:17:05:53 +0200] "GET /wp-content/plugins/woocommerce/readme.txt HTTP/1.1" 200 10624 "-" "python-requests/2.32.3"
163.172.105.12 - - [06/Apr/2025:17:07:37 +0200] "POST /wp-cron.php?doing_wp_cron=1743952057.9271869659423828125000 HTTP/1.1" 200 4083 "-" "WordPress/6.6.2; https://startupclm.ncdesarrollos.com"
27.115.124.104 - - [06/Apr/2025:17:07:37 +0200] "GET / HTTP/1.1" 200 63852 "-" "Mozilla/5.0 (Macintosh; Intel Mac OS X 10_15_7) AppleWebKit/537.36 (KHTML, like Gecko) Chrome/120.0.0.0 Safari/537.36 Edg/120.0.0.0"
27.115.124.33 - - [06/Apr/2025:17:07:52 +0200] "GET /favicon.ico HTTP/1.1" 404 4229 "-" "Mozilla/5.0 (Macintosh; Intel Mac OS X 10_7_0) AppleWebKit/535.11 (KHTML, like Gecko) Chrome/17.0.963.56 Safari/535.11"
27.115.124.48 - - [06/Apr/2025:17:07:57 +0200] "GET /robots.txt HTTP/1.1" 404 4229 "-" "Mozilla/5.0 (Macintosh; Intel Mac OS X 10_7_0) AppleWebKit/535.11 (KHTML, like Gecko) Chrome/17.0.963.56 Safari/535.11"
27.115.124.33 - - [06/Apr/2025:17:08:00 +0200] "GET /sitemap.xml HTTP/1.1" 404 4229 "-" "Mozilla/5.0 (Macintosh; Intel Mac OS X 10_7_0) AppleWebKit/535.11 (KHTML, like Gecko) Chrome/17.0.963.56 Safari/535.11"
27.115.124.34 - - [06/Apr/2025:17:08:28 +0200] "GET /config.json HTTP/1.1" 404 4229 "-" "Mozilla/5.0 (Macintosh; Intel Mac OS X 10_7_0) AppleWebKit/535.11 (KHTML, like Gecko) Chrome/17.0.963.56 Safari/535.11"
27.115.124.112 - - [06/Apr/2025:17:08:30 +0200] "GET /wp-content/plugins/woocommerce/readme.txt HTTP/1.1" 200 10624 "-" "python-requests/2.32.3"
163.172.105.12 - - [06/Apr/2025:21:36:58 +0200] "POST /wp-cron.php?doing_wp_cron=1743968218.8966429233551025390625 HTTP/1.1" 200 4083 "-" "WordPress/6.6.2; https://startupclm.ncdesarrollos.com"
143.110.217.244 - - [06/Apr/2025:21:36:58 +0200] "GET / HTTP/1.1" 200 63871 "-" "-"
143.110.217.244 - - [06/Apr/2025:21:37:01 +0200] "GET / HTTP/1.1" 200 63871 "-" "Mozilla/5.0 (Linux; Android 6.0; HTC One M9 Build/MRA988726) AppleWebKit/537.36 (KHTML, like Gecko) Chrome/52.0.2745.98 Mobile Safari/537.3"
143.110.217.244 - - [06/Apr/2025:21:37:01 +0200] "GET /actuator/env HTTP/1.1" 404 4248 "-" "Go-http-client/1.1"
143.110.217.244 - - [06/Apr/2025:21:37:02 +0200] "GET /server HTTP/1.1" 404 1041 "-" "Go-http-client/1.1"
143.110.217.244 - - [06/Apr/2025:21:37:02 +0200] "GET /.vscode/sftp.json HTTP/1.1" 404 1041 "-" "Go-http-client/1.1"
143.110.217.244 - - [06/Apr/2025:21:37:02 +0200] "GET /about HTTP/1.1" 404 1041 "-" "Go-http-client/1.1"
143.110.217.244 - - [06/Apr/2025:21:37:02 +0200] "GET /debug/default/view?panel=config HTTP/1.1" 404 1041 "-" "Go-http-client/1.1"
143.110.217.244 - - [06/Apr/2025:21:37:03 +0200] "GET /v2/_catalog HTTP/1.1" 404 1041 "-" "Go-http-client/1.1"
143.110.217.244 - - [06/Apr/2025:21:37:03 +0200] "GET /ecp/Current/exporttool/microsoft.exchange.ediscovery.exporttool.application HTTP/1.1" 404 1041 "-" "Go-http-client/1.1"
143.110.217.244 - - [06/Apr/2025:21:37:03 +0200] "GET /server-status HTTP/1.1" 403 1044 "-" "Go-http-client/1.1"
143.110.217.244 - - [06/Apr/2025:21:37:04 +0200] "GET /login.action HTTP/1.1" 404 1041 "-" "Go-http-client/1.1"
143.110.217.244 - - [06/Apr/2025:21:37:04 +0200] "GET /_all_dbs HTTP/1.1" 404 1041 "-" "Mozilla/5.0 (l9scan/2.0.2313e2530313e2237313e2336313; +https://leakix.net)"
143.110.217.244 - - [06/Apr/2025:21:37:04 +0200] "GET /.DS_Store HTTP/1.1" 404 1041 "-" "Go-http-client/1.1"
143.110.217.244 - - [06/Apr/2025:21:37:04 +0200] "GET /.env HTTP/1.1" 404 1041 "-" "Go-http-client/1.1"
143.110.217.244 - - [06/Apr/2025:21:37:05 +0200] "GET /.git/config HTTP/1.1" 404 1041 "-" "Go-http-client/1.1"
143.110.217.244 - - [06/Apr/2025:21:37:05 +0200] "GET /s/2313e2530313e2237313e2336313/_/;/META-INF/maven/com.atlassian.jira/jira-webapp-dist/pom.properties HTTP/1.1" 404 1041 "-" "Go-http-client/1.1"
143.110.217.244 - - [06/Apr/2025:21:37:05 +0200] "GET /config.json HTTP/1.1" 404 1041 "-" "Go-http-client/1.1"
143.110.217.244 - - [06/Apr/2025:21:37:06 +0200] "GET /telescope/requests HTTP/1.1" 404 1041 "-" "Go-http-client/1.1"
143.110.217.244 - - [06/Apr/2025:21:37:06 +0200] "GET /info.php HTTP/1.1" 404 779 "-" "Go-http-client/1.1"
143.110.217.244 - - [06/Apr/2025:21:37:06 +0200] "GET /?rest_route=/wp/v2/users/ HTTP/1.1" 200 2598 "-" "Go-http-client/1.1"
163.172.105.12 - - [07/Apr/2025:21:22:21 +0200] "POST /wp-cron.php?doing_wp_cron=1744053741.7748939990997314453125 HTTP/1.1" 200 4083 "-" "WordPress/6.6.2; https://startupclm.ncdesarrollos.com"
3.252.251.46 - - [07/Apr/2025:21:22:21 +0200] "GET / HTTP/1.0" 200 63371 "-" "Mozilla/5.0 (compatible; NetcraftSurveyAgent/1.0; +info@netcraft.com)"
163.172.105.12 - - [07/Apr/2025:21:22:26 +0200] "POST /wp-admin/admin-ajax.php?action=wp_1_wc_privacy_cleanup&nonce=1f429abd56 HTTP/1.1" 200 4218 "-" "WordPress/6.6.2; https://startupclm.ncdesarrollos.com"
161.35.97.138 - - [08/Apr/2025:10:35:07 +0200] "GET / HTTP/1.1" 301 557 "-" "Mozilla/5.0 (compatible)"
161.35.97.138 - - [08/Apr/2025:10:35:08 +0200] "GET /ads.txt HTTP/1.1" 301 571 "-" "Mozilla/5.0 (compatible)"
163.172.105.12 - - [08/Apr/2025:10:35:10 +0200] "POST /wp-cron.php?doing_wp_cron=1744101310.7485430240631103515625 HTTP/1.1" 200 4083 "-" "WordPress/6.6.2; https://startupclm.ncdesarrollos.com"
161.35.97.138 - - [08/Apr/2025:10:35:10 +0200] "GET / HTTP/1.1" 200 16631 "-" "Mozilla/5.0 (compatible)"
161.35.97.138 - - [08/Apr/2025:10:35:20 +0200] "GET /favicon.ico HTTP/1.1" 404 4229 "https://startupclm.ncdesarrollos.com/" "Mozilla/5.0 (compatible)"
161.35.97.138 - - [08/Apr/2025:10:35:22 +0200] "GET /ads.txt HTTP/1.1" 404 4229 "-" "Mozilla/5.0 (compatible)"
163.172.105.12 - - [09/Apr/2025:04:59:51 +0200] "POST /wp-cron.php?doing_wp_cron=1744167591.7129259109497070312500 HTTP/1.1" 200 4083 "-" "WordPress/6.6.2; https://startupclm.ncdesarrollos.com"
198.235.24.219 - - [09/Apr/2025:04:59:51 +0200] "GET / HTTP/1.1" 200 63852 "-" "Expanse, a Palo Alto Networks company, searches across the global IPv4 space multiple times per day to identify customers' presences on the Internet. If you would like to be excluded from our scans, please send IP addresses/domains to: scaninfo@paloaltonetworks.com"
163.172.105.12 - - [09/Apr/2025:04:59:57 +0200] "POST /wp-admin/admin-ajax.php?action=wp_1_wc_privacy_cleanup&nonce=de7843cbb8 HTTP/1.1" 200 4218 "-" "WordPress/6.6.2; https://startupclm.ncdesarrollos.com"
205.210.31.146 - - [09/Apr/2025:05:38:19 +0200] "GET / HTTP/1.1" 301 557 "-" "Expanse, a Palo Alto Networks company, searches across the global IPv4 space multiple times per day to identify customers' presences on the Internet. If you would like to be excluded from our scans, please send IP addresses/domains to: scaninfo@paloaltonetworks.com"
145.220.91.19 - - [09/Apr/2025:22:48:55 +0200] "GET / HTTP/1.1" 301 557 "-" "Mozilla/5.0 (Macintosh; Intel Mac OS X 10.15; rv:122.0) Gecko/20100101 Firefox/122.0"
163.172.105.12 - - [10/Apr/2025:14:19:09 +0200] "POST /wp-cron.php?doing_wp_cron=1744287549.2621130943298339843750 HTTP/1.1" 200 4083 "-" "WordPress/6.6.2; https://startupclm.ncdesarrollos.com"
34.147.16.58 - - [10/Apr/2025:14:19:09 +0200] "GET / HTTP/1.1" 200 16631 "-" "Scrapy/2.12.0 (+https://scrapy.org)"
163.172.105.12 - - [11/Apr/2025:03:13:15 +0200] "POST /wp-cron.php?doing_wp_cron=1744333995.1432709693908691406250 HTTP/1.1" 200 4083 "-" "WordPress/6.6.2; https://startupclm.ncdesarrollos.com"
206.81.24.227 - - [11/Apr/2025:03:13:14 +0200] "GET / HTTP/1.1" 200 63871 "-" "-"
206.81.24.227 - - [11/Apr/2025:03:13:15 +0200] "GET / HTTP/1.1" 200 63871 "-" "Mozilla/5.0 (Linux; Android 6.0; HTC One M9 Build/MRA988726) AppleWebKit/537.36 (KHTML, like Gecko) Chrome/52.0.2745.98 Mobile Safari/537.3"
206.81.24.227 - - [11/Apr/2025:03:13:15 +0200] "GET /@vite/env HTTP/1.1" 404 4248 "-" "Go-http-client/1.1"
206.81.24.227 - - [11/Apr/2025:03:13:15 +0200] "GET /actuator/env HTTP/1.1" 404 1041 "-" "Go-http-client/1.1"
206.81.24.227 - - [11/Apr/2025:03:13:15 +0200] "GET /server HTTP/1.1" 404 1041 "-" "Go-http-client/1.1"
206.81.24.227 - - [11/Apr/2025:03:13:16 +0200] "GET /.vscode/sftp.json HTTP/1.1" 404 1041 "-" "Go-http-client/1.1"
206.81.24.227 - - [11/Apr/2025:03:13:16 +0200] "GET /about HTTP/1.1" 404 1041 "-" "Go-http-client/1.1"
206.81.24.227 - - [11/Apr/2025:03:13:16 +0200] "GET /debug/default/view?panel=config HTTP/1.1" 404 1041 "-" "Go-http-client/1.1"
206.81.24.227 - - [11/Apr/2025:03:13:16 +0200] "GET /v2/_catalog HTTP/1.1" 404 1041 "-" "Go-http-client/1.1"
206.81.24.227 - - [11/Apr/2025:03:13:16 +0200] "GET /ecp/Current/exporttool/microsoft.exchange.ediscovery.exporttool.application HTTP/1.1" 404 1041 "-" "Go-http-client/1.1"
206.81.24.227 - - [11/Apr/2025:03:13:16 +0200] "GET /server-status HTTP/1.1" 403 1044 "-" "Go-http-client/1.1"
206.81.24.227 - - [11/Apr/2025:03:13:16 +0200] "GET /login.action HTTP/1.1" 404 1041 "-" "Go-http-client/1.1"
206.81.24.227 - - [11/Apr/2025:03:13:16 +0200] "GET /_all_dbs HTTP/1.1" 404 1041 "-" "Mozilla/5.0 (l9scan/2.0.2313e2530313e2237313e2336313; +https://leakix.net)"
206.81.24.227 - - [11/Apr/2025:03:13:16 +0200] "GET /.DS_Store HTTP/1.1" 404 1041 "-" "Go-http-client/1.1"
206.81.24.227 - - [11/Apr/2025:03:13:16 +0200] "GET /.env HTTP/1.1" 404 1041 "-" "Go-http-client/1.1"
206.81.24.227 - - [11/Apr/2025:03:13:16 +0200] "GET /.git/config HTTP/1.1" 404 1041 "-" "Go-http-client/1.1"
206.81.24.227 - - [11/Apr/2025:03:13:16 +0200] "GET /s/2313e2530313e2237313e2336313/_/;/META-INF/maven/com.atlassian.jira/jira-webapp-dist/pom.properties HTTP/1.1" 404 1041 "-" "Go-http-client/1.1"
206.81.24.227 - - [11/Apr/2025:03:13:16 +0200] "GET /config.json HTTP/1.1" 404 1041 "-" "Go-http-client/1.1"
206.81.24.227 - - [11/Apr/2025:03:13:17 +0200] "GET /telescope/requests HTTP/1.1" 404 1041 "-" "Go-http-client/1.1"
163.172.105.12 - - [11/Apr/2025:03:13:17 +0200] "POST /wp-admin/admin-ajax.php?action=wp_1_wc_privacy_cleanup&nonce=c6d1976a92 HTTP/1.1" 200 4218 "-" "WordPress/6.6.2; https://startupclm.ncdesarrollos.com"
206.81.24.227 - - [11/Apr/2025:03:13:17 +0200] "GET /info.php HTTP/1.1" 404 779 "-" "Go-http-client/1.1"
206.81.24.227 - - [11/Apr/2025:03:13:18 +0200] "GET /?rest_route=/wp/v2/users/ HTTP/1.1" 200 2598 "-" "Go-http-client/1.1"
163.172.105.12 - - [11/Apr/2025:14:50:41 +0200] "POST /wp-cron.php?doing_wp_cron=1744375841.8127450942993164062500 HTTP/1.1" 200 4083 "-" "WordPress/6.6.2; https://startupclm.ncdesarrollos.com"
51.81.46.212 - - [11/Apr/2025:14:50:41 +0200] "GET / HTTP/1.1" 200 63852 "-" "-"
69.50.95.89 - - [11/Apr/2025:18:55:33 +0200] "GET /_fragment?_path=what%3D-1%26_controller%3Dphpinfo&_hash=XVHnJiISvY1RZStcqTOXnKqdpuSm%2B%2Bvevle1iBtNNNE%3D HTTP/1.1" 404 4248 "-" "Mozilla/5.0 (Ubuntu; Linux x86_64) AppleWebKit/537.36 (KHTML, like Gecko) Chrome/126.0.0.0 Safari/537.36"
196.251.72.127 - - [12/Apr/2025:14:00:53 +0200] "GET /.git/config HTTP/1.1" 301 598 "-" "Mozilla/5.0 (X11; Linux x86_64) AppleWebKit/537.36 (KHTML, like Gecko) snap Chromium/76.0.3809.87 Chrome/76.0.3809.87 Safari/537.36"
163.172.105.12 - - [13/Apr/2025:07:14:25 +0200] "POST /wp-cron.php?doing_wp_cron=1744521265.2381238937377929687500 HTTP/1.1" 200 4083 "-" "WordPress/6.6.2; https://startupclm.ncdesarrollos.com"
209.38.248.17 - - [13/Apr/2025:07:14:25 +0200] "GET / HTTP/1.1" 200 63871 "-" "-"
209.38.248.17 - - [13/Apr/2025:07:14:25 +0200] "GET / HTTP/1.1" 200 63871 "-" "Mozilla/5.0 (Linux; Android 6.0; HTC One M9 Build/MRA988726) AppleWebKit/537.36 (KHTML, like Gecko) Chrome/52.0.2745.98 Mobile Safari/537.3"
209.38.248.17 - - [13/Apr/2025:07:14:26 +0200] "GET /@vite/env HTTP/1.1" 404 4248 "-" "Go-http-client/1.1"
209.38.248.17 - - [13/Apr/2025:07:14:26 +0200] "GET /actuator/env HTTP/1.1" 404 1041 "-" "Go-http-client/1.1"
209.38.248.17 - - [13/Apr/2025:07:14:26 +0200] "GET /server HTTP/1.1" 404 1041 "-" "Go-http-client/1.1"
209.38.248.17 - - [13/Apr/2025:07:14:26 +0200] "GET /.vscode/sftp.json HTTP/1.1" 404 1041 "-" "Go-http-client/1.1"
209.38.248.17 - - [13/Apr/2025:07:14:26 +0200] "GET /about HTTP/1.1" 404 1041 "-" "Go-http-client/1.1"
209.38.248.17 - - [13/Apr/2025:07:14:26 +0200] "GET /debug/default/view?panel=config HTTP/1.1" 404 1041 "-" "Go-http-client/1.1"
209.38.248.17 - - [13/Apr/2025:07:14:26 +0200] "GET /v2/_catalog HTTP/1.1" 404 1041 "-" "Go-http-client/1.1"
209.38.248.17 - - [13/Apr/2025:07:14:26 +0200] "GET /ecp/Current/exporttool/microsoft.exchange.ediscovery.exporttool.application HTTP/1.1" 404 1041 "-" "Go-http-client/1.1"
209.38.248.17 - - [13/Apr/2025:07:14:26 +0200] "GET /server-status HTTP/1.1" 403 1044 "-" "Go-http-client/1.1"
209.38.248.17 - - [13/Apr/2025:07:14:26 +0200] "GET /login.action HTTP/1.1" 404 1041 "-" "Go-http-client/1.1"
209.38.248.17 - - [13/Apr/2025:07:14:26 +0200] "GET /_all_dbs HTTP/1.1" 404 1041 "-" "Mozilla/5.0 (l9scan/2.0.2313e2530313e2237313e2336313; +https://leakix.net)"
209.38.248.17 - - [13/Apr/2025:07:14:26 +0200] "GET /.DS_Store HTTP/1.1" 404 1041 "-" "Go-http-client/1.1"
209.38.248.17 - - [13/Apr/2025:07:14:26 +0200] "GET /.env HTTP/1.1" 404 1041 "-" "Go-http-client/1.1"
163.172.105.12 - - [13/Apr/2025:07:14:27 +0200] "POST /wp-admin/admin-ajax.php?action=wp_1_wc_privacy_cleanup&nonce=8794c3c39e HTTP/1.1" 200 4218 "-" "WordPress/6.6.2; https://startupclm.ncdesarrollos.com"
209.38.248.17 - - [13/Apr/2025:07:14:27 +0200] "GET /.git/config HTTP/1.1" 404 1041 "-" "Go-http-client/1.1"
209.38.248.17 - - [13/Apr/2025:07:14:28 +0200] "GET /s/2313e2530313e2237313e2336313/_/;/META-INF/maven/com.atlassian.jira/jira-webapp-dist/pom.properties HTTP/1.1" 404 1041 "-" "Go-http-client/1.1"
209.38.248.17 - - [13/Apr/2025:07:14:28 +0200] "GET /config.json HTTP/1.1" 404 1041 "-" "Go-http-client/1.1"
209.38.248.17 - - [13/Apr/2025:07:14:28 +0200] "GET /telescope/requests HTTP/1.1" 404 1041 "-" "Go-http-client/1.1"
209.38.248.17 - - [13/Apr/2025:07:14:28 +0200] "GET /info.php HTTP/1.1" 404 779 "-" "Go-http-client/1.1"
209.38.248.17 - - [13/Apr/2025:07:14:28 +0200] "GET /?rest_route=/wp/v2/users/ HTTP/1.1" 200 2598 "-" "Go-http-client/1.1"
163.172.105.12 - - [13/Apr/2025:07:14:31 +0200] "POST /wp-cron.php HTTP/1.1" 200 4083 "-" "WordPress/6.6.2; https://startupclm.ncdesarrollos.com"
163.172.105.12 - - [13/Apr/2025:07:14:31 +0200] "GET / HTTP/1.1" 200 16697 "-" "WordPress/6.6.2; https://startupclm.ncdesarrollos.com"
163.172.105.12 - - [13/Apr/2025:07:14:31 +0200] "GET / HTTP/1.1" 200 16697 "-" "WordPress/6.6.2; https://startupclm.ncdesarrollos.com"
163.172.105.12 - - [13/Apr/2025:07:14:31 +0200] "GET / HTTP/1.1" 200 16697 "-" "WordPress/6.6.2; https://startupclm.ncdesarrollos.com"
163.172.105.12 - - [13/Apr/2025:07:14:31 +0200] "GET / HTTP/1.1" 200 16697 "-" "WordPress/6.6.2; https://startupclm.ncdesarrollos.com"
163.172.105.12 - - [14/Apr/2025:19:04:07 +0200] "POST /wp-cron.php?doing_wp_cron=1744650247.6766760349273681640625 HTTP/1.1" 200 4083 "-" "WordPress/6.6.2; https://startupclm.ncdesarrollos.com"
188.166.108.93 - - [14/Apr/2025:19:04:07 +0200] "GET / HTTP/1.1" 200 58268 "-" "-"
188.166.108.93 - - [14/Apr/2025:19:04:08 +0200] "GET / HTTP/1.1" 200 63871 "-" "Mozilla/5.0 (Linux; Android 6.0; HTC One M9 Build/MRA988726) AppleWebKit/537.36 (KHTML, like Gecko) Chrome/52.0.2745.98 Mobile Safari/537.3"
188.166.108.93 - - [14/Apr/2025:19:04:08 +0200] "GET /@vite/env HTTP/1.1" 404 4248 "-" "Go-http-client/1.1"
188.166.108.93 - - [14/Apr/2025:19:04:08 +0200] "GET /actuator/env HTTP/1.1" 404 1041 "-" "Go-http-client/1.1"
188.166.108.93 - - [14/Apr/2025:19:04:08 +0200] "GET /server HTTP/1.1" 404 1041 "-" "Go-http-client/1.1"
188.166.108.93 - - [14/Apr/2025:19:04:08 +0200] "GET /.vscode/sftp.json HTTP/1.1" 404 1041 "-" "Go-http-client/1.1"
188.166.108.93 - - [14/Apr/2025:19:04:08 +0200] "GET /about HTTP/1.1" 404 1041 "-" "Go-http-client/1.1"
188.166.108.93 - - [14/Apr/2025:19:04:08 +0200] "GET /debug/default/view?panel=config HTTP/1.1" 404 1041 "-" "Go-http-client/1.1"
188.166.108.93 - - [14/Apr/2025:19:04:08 +0200] "GET /v2/_catalog HTTP/1.1" 404 1041 "-" "Go-http-client/1.1"
188.166.108.93 - - [14/Apr/2025:19:04:08 +0200] "GET /ecp/Current/exporttool/microsoft.exchange.ediscovery.exporttool.application HTTP/1.1" 404 1041 "-" "Go-http-client/1.1"
188.166.108.93 - - [14/Apr/2025:19:04:08 +0200] "GET /server-status HTTP/1.1" 403 1044 "-" "Go-http-client/1.1"
188.166.108.93 - - [14/Apr/2025:19:04:08 +0200] "GET /login.action HTTP/1.1" 404 1041 "-" "Go-http-client/1.1"
188.166.108.93 - - [14/Apr/2025:19:04:08 +0200] "GET /_all_dbs HTTP/1.1" 404 1041 "-" "Mozilla/5.0 (l9scan/2.0.2313e2530313e2237313e2336313; +https://leakix.net)"
188.166.108.93 - - [14/Apr/2025:19:04:08 +0200] "GET /.DS_Store HTTP/1.1" 404 1041 "-" "Go-http-client/1.1"
188.166.108.93 - - [14/Apr/2025:19:04:08 +0200] "GET /.env HTTP/1.1" 404 1041 "-" "Go-http-client/1.1"
188.166.108.93 - - [14/Apr/2025:19:04:08 +0200] "GET /.git/config HTTP/1.1" 404 1041 "-" "Go-http-client/1.1"
188.166.108.93 - - [14/Apr/2025:19:04:08 +0200] "GET /s/2313e2530313e2237313e2336313/_/;/META-INF/maven/com.atlassian.jira/jira-webapp-dist/pom.properties HTTP/1.1" 404 1041 "-" "Go-http-client/1.1"
188.166.108.93 - - [14/Apr/2025:19:04:09 +0200] "GET /config.json HTTP/1.1" 404 1041 "-" "Go-http-client/1.1"
188.166.108.93 - - [14/Apr/2025:19:04:09 +0200] "GET /telescope/requests HTTP/1.1" 404 1041 "-" "Go-http-client/1.1"
188.166.108.93 - - [14/Apr/2025:19:04:10 +0200] "GET /info.php HTTP/1.1" 404 779 "-" "Go-http-client/1.1"
188.166.108.93 - - [14/Apr/2025:19:04:10 +0200] "GET /?rest_route=/wp/v2/users/ HTTP/1.1" 200 2598 "-" "Go-http-client/1.1"
1.192.195.11 - - [15/Apr/2025:15:41:21 +0200] "GET / HTTP/1.1" 301 557 "-" "Mozilla/5.0 (Macintosh; Intel Mac OS X 10_15_7) AppleWebKit/537.36 (KHTML, like Gecko) Chrome/120.0.0.0 Safari/537.36 Edg/120.0.0.0"
101.198.0.181 - - [15/Apr/2025:19:47:23 +0200] "GET / HTTP/1.1" 301 557 "-" "Mozilla/5.0 (Macintosh; Intel Mac OS X 10_15_7) AppleWebKit/537.36 (KHTML, like Gecko) Chrome/120.0.0.0 Safari/537.36 Edg/120.0.0.0"
163.172.105.12 - - [15/Apr/2025:19:47:30 +0200] "POST /wp-cron.php?doing_wp_cron=1744739250.6723780632019042968750 HTTP/1.1" 200 4083 "-" "WordPress/6.6.2; https://startupclm.ncdesarrollos.com"
101.198.0.181 - - [15/Apr/2025:19:47:30 +0200] "GET / HTTP/1.1" 200 16631 "http://startupclm.ncdesarrollos.com/" "Mozilla/5.0 (Macintosh; Intel Mac OS X 10_7_0) AppleWebKit/535.11 (KHTML, like Gecko) Chrome/17.0.963.56 Safari/535.11"
101.198.0.188 - - [15/Apr/2025:19:47:32 +0200] "GET /favicon.ico HTTP/1.1" 301 579 "-" "Mozilla/5.0 (Macintosh; Intel Mac OS X 10_7_0) AppleWebKit/535.11 (KHTML, like Gecko) Chrome/17.0.963.56 Safari/535.11"
163.172.105.12 - - [15/Apr/2025:19:47:33 +0200] "POST /wp-admin/admin-ajax.php?action=wp_1_wc_privacy_cleanup&nonce=1e3c936989 HTTP/1.1" 200 4218 "-" "WordPress/6.6.2; https://startupclm.ncdesarrollos.com"
101.198.0.181 - - [15/Apr/2025:19:47:34 +0200] "GET /favicon.ico HTTP/1.1" 404 4229 "http://startupclm.ncdesarrollos.com/favicon.ico" "Mozilla/5.0 (Macintosh; Intel Mac OS X 10_7_0) AppleWebKit/535.11 (KHTML, like Gecko) Chrome/17.0.963.56 Safari/535.11"
101.198.0.188 - - [15/Apr/2025:19:47:35 +0200] "GET /robots.txt HTTP/1.1" 301 577 "-" "Mozilla/5.0 (Macintosh; Intel Mac OS X 10_7_0) AppleWebKit/535.11 (KHTML, like Gecko) Chrome/17.0.963.56 Safari/535.11"
101.198.0.189 - - [15/Apr/2025:19:47:37 +0200] "GET /robots.txt HTTP/1.1" 404 4229 "http://startupclm.ncdesarrollos.com/robots.txt" "Mozilla/5.0 (Macintosh; Intel Mac OS X 10_7_0) AppleWebKit/535.11 (KHTML, like Gecko) Chrome/17.0.963.56 Safari/535.11"
101.198.0.180 - - [15/Apr/2025:19:47:38 +0200] "GET /sitemap.xml HTTP/1.1" 301 579 "-" "Mozilla/5.0 (Macintosh; Intel Mac OS X 10_7_0) AppleWebKit/535.11 (KHTML, like Gecko) Chrome/17.0.963.56 Safari/535.11"
101.198.0.188 - - [15/Apr/2025:19:47:40 +0200] "GET /sitemap.xml HTTP/1.1" 404 4229 "http://startupclm.ncdesarrollos.com/sitemap.xml" "Mozilla/5.0 (Macintosh; Intel Mac OS X 10_7_0) AppleWebKit/535.11 (KHTML, like Gecko) Chrome/17.0.963.56 Safari/535.11"
101.198.0.181 - - [15/Apr/2025:19:47:41 +0200] "GET /config.json HTTP/1.1" 301 579 "-" "Mozilla/5.0 (Macintosh; Intel Mac OS X 10_7_0) AppleWebKit/535.11 (KHTML, like Gecko) Chrome/17.0.963.56 Safari/535.11"
101.198.0.188 - - [15/Apr/2025:19:47:45 +0200] "GET /wp-content/plugins/woocommerce/readme.txt HTTP/1.1" 301 695 "-" "python-requests/2.32.3"
101.198.0.157 - - [15/Apr/2025:19:47:45 +0200] "GET /wp-content/plugins/woocommerce/readme.txt HTTP/1.1" 200 10624 "-" "python-requests/2.32.3"
163.172.105.12 - - [15/Apr/2025:21:17:56 +0200] "POST /wp-cron.php?doing_wp_cron=1744744676.3878459930419921875000 HTTP/1.1" 200 4083 "-" "WordPress/6.6.2; https://startupclm.ncdesarrollos.com"
91.222.174.85 - - [15/Apr/2025:21:17:56 +0200] "GET / HTTP/1.1" 200 16650 "-" "Mozilla/5.0 (Fedora; Linux x86_64) AppleWebKit/537.36 (KHTML, like Gecko) Chrome/125.0.0.0 Safari/537.36"
91.222.174.85 - - [15/Apr/2025:21:19:10 +0200] "GET /favicon.ico HTTP/1.1" 404 4248 "-" "Mozilla/5.0 (Fedora; Linux x86_64) AppleWebKit/537.36 (KHTML, like Gecko) Chrome/125.0.0.0 Safari/537.36"
163.172.105.12 - - [16/Apr/2025:16:54:27 +0200] "POST /wp-cron.php?doing_wp_cron=1744815267.6653580665588378906250 HTTP/1.1" 200 4083 "-" "WordPress/6.6.2; https://startupclm.ncdesarrollos.com"
165.22.34.189 - - [16/Apr/2025:16:54:27 +0200] "GET / HTTP/1.1" 200 63871 "-" "-"
