137.184.218.93 - - [11/Mar/2025:16:36:59 +0100] "GET / HTTP/1.1" 200 16631 "-" "Mozilla/5.0 (compatible)"
137.184.218.93 - - [11/Mar/2025:16:37:02 +0100] "GET /favicon.ico HTTP/1.1" 404 4229 "https://startupclm.ncdesarrollos.com/" "Mozilla/5.0 (compatible)"
163.172.105.12 - - [11/Mar/2025:16:37:01 +0100] "POST /wp-admin/admin-ajax.php?action=wp_1_wc_privacy_cleanup&nonce=b52477a751 HTTP/1.1" 200 4218 "-" "WordPress/6.6.2; https://startupclm.ncdesarrollos.com"
137.184.218.93 - - [11/Mar/2025:16:37:02 +0100] "GET /ads.txt HTTP/1.1" 404 4229 "-" "Mozilla/5.0 (compatible)"
3.80.146.58 - - [11/Mar/2025:17:35:54 +0100] "GET / HTTP/1.1" 301 557 "-" "Mozilla/5.0 (Windows NT 10.0; Win64; x64) AppleWebKit/537.36 (KHTML, like Gecko) Chrome/100.0.4896.75 Safari/537.36"
198.235.24.49 - - [11/Mar/2025:19:14:17 +0100] "GET / HTTP/1.1" 301 557 "-" "Expanse, a Palo Alto Networks company, searches across the global IPv4 space multiple times per day to identify customers' presences on the Internet. If you would like to be excluded from our scans, please send IP addresses/domains to: scaninfo@paloaltonetworks.com"
163.172.105.12 - - [11/Mar/2025:23:05:36 +0100] "POST /wp-cron.php?doing_wp_cron=1741730736.3495590686798095703125 HTTP/1.1" 200 4083 "-" "WordPress/6.6.2; https://startupclm.ncdesarrollos.com"
138.199.15.151 - - [11/Mar/2025:23:05:35 +0100] "GET / HTTP/1.1" 200 16734 "-" "Mozilla/5.0 (Windows NT 10.0; Win64; x64; rv:136.0) Gecko/20100101 Firefox/136.0"
138.199.15.151 - - [11/Mar/2025:23:05:36 +0100] "GET /wp-includes/blocks/cover/style.min.css?ver=6.6.2 HTTP/1.1" 200 1989 "https://startupclm.ncdesarrollos.com/" "Mozilla/5.0 (Windows NT 10.0; Win64; x64; rv:136.0) Gecko/20100101 Firefox/136.0"
138.199.15.151 - - [11/Mar/2025:23:05:36 +0100] "GET /wp-content/plugins/woocommerce/assets/client/blocks/coming-soon.css?ver=wc-9.3.3 HTTP/1.1" 200 1575 "https://startupclm.ncdesarrollos.com/" "Mozilla/5.0 (Windows NT 10.0; Win64; x64; rv:136.0) Gecko/20100101 Firefox/136.0"
138.199.15.151 - - [11/Mar/2025:23:05:36 +0100] "GET /wp-content/plugins/woocommerce/assets/css/woocommerce-layout.css?ver=9.3.3 HTTP/1.1" 200 6779 "https://startupclm.ncdesarrollos.com/" "Mozilla/5.0 (Windows NT 10.0; Win64; x64; rv:136.0) Gecko/20100101 Firefox/136.0"
138.199.15.151 - - [11/Mar/2025:23:05:36 +0100] "GET /wp-includes/js/jquery/jquery-migrate.min.js?ver=3.4.1 HTTP/1.1" 200 5289 "https://startupclm.ncdesarrollos.com/" "Mozilla/5.0 (Windows NT 10.0; Win64; x64; rv:136.0) Gecko/20100101 Firefox/136.0"
138.199.15.151 - - [11/Mar/2025:23:05:36 +0100] "GET /wp-content/plugins/woocommerce/assets/client/blocks/wc-blocks.css?ver=wc-9.3.3 HTTP/1.1" 200 6762 "https://startupclm.ncdesarrollos.com/" "Mozilla/5.0 (Windows NT 10.0; Win64; x64; rv:136.0) Gecko/20100101 Firefox/136.0"
138.199.15.151 - - [11/Mar/2025:23:05:36 +0100] "GET /wp-content/plugins/woocommerce/assets/css/woocommerce.css?ver=9.3.3 HTTP/1.1" 200 14221 "https://startupclm.ncdesarrollos.com/" "Mozilla/5.0 (Windows NT 10.0; Win64; x64; rv:136.0) Gecko/20100101 Firefox/136.0"
138.199.15.151 - - [11/Mar/2025:23:05:36 +0100] "GET /wp-content/plugins/woocommerce/assets/css/woocommerce-blocktheme.css?ver=9.3.3 HTTP/1.1" 200 6153 "https://startupclm.ncdesarrollos.com/" "Mozilla/5.0 (Windows NT 10.0; Win64; x64; rv:136.0) Gecko/20100101 Firefox/136.0"
138.199.15.151 - - [11/Mar/2025:23:05:36 +0100] "GET /wp-includes/js/jquery/jquery.min.js?ver=3.7.1 HTTP/1.1" 200 34656 "https://startupclm.ncdesarrollos.com/" "Mozilla/5.0 (Windows NT 10.0; Win64; x64; rv:136.0) Gecko/20100101 Firefox/136.0"
138.199.15.151 - - [11/Mar/2025:23:05:36 +0100] "GET /wp-content/plugins/woocommerce/assets/js/jquery-blockui/jquery.blockUI.min.js?ver=2.7.0-wc.9.3.3 HTTP/1.1" 200 3954 "https://startupclm.ncdesarrollos.com/" "Mozilla/5.0 (Windows NT 10.0; Win64; x64; rv:136.0) Gecko/20100101 Firefox/136.0"
138.199.15.151 - - [11/Mar/2025:23:05:36 +0100] "GET /wp-content/plugins/woocommerce/assets/js/frontend/add-to-cart.min.js?ver=9.3.3 HTTP/1.1" 200 1721 "https://startupclm.ncdesarrollos.com/" "Mozilla/5.0 (Windows NT 10.0; Win64; x64; rv:136.0) Gecko/20100101 Firefox/136.0"
138.199.15.151 - - [11/Mar/2025:23:05:36 +0100] "GET /wp-content/plugins/woocommerce/assets/js/js-cookie/js.cookie.min.js?ver=2.1.4-wc.9.3.3 HTTP/1.1" 200 1204 "https://startupclm.ncdesarrollos.com/" "Mozilla/5.0 (Windows NT 10.0; Win64; x64; rv:136.0) Gecko/20100101 Firefox/136.0"
138.199.15.151 - - [11/Mar/2025:23:05:36 +0100] "GET /wp-content/plugins/woocommerce/assets/js/frontend/woocommerce.min.js?ver=9.3.3 HTTP/1.1" 200 1500 "https://startupclm.ncdesarrollos.com/" "Mozilla/5.0 (Windows NT 10.0; Win64; x64; rv:136.0) Gecko/20100101 Firefox/136.0"
138.199.15.151 - - [11/Mar/2025:23:05:36 +0100] "GET /wp-content/plugins/woocommerce/assets/js/sourcebuster/sourcebuster.min.js?ver=9.3.3 HTTP/1.1" 200 5224 "https://startupclm.ncdesarrollos.com/" "Mozilla/5.0 (Windows NT 10.0; Win64; x64; rv:136.0) Gecko/20100101 Firefox/136.0"
138.199.15.151 - - [11/Mar/2025:23:05:36 +0100] "GET /wp-content/plugins/woocommerce/assets/js/frontend/order-attribution.min.js?ver=9.3.3 HTTP/1.1" 200 1509 "https://startupclm.ncdesarrollos.com/" "Mozilla/5.0 (Windows NT 10.0; Win64; x64; rv:136.0) Gecko/20100101 Firefox/136.0"
138.199.15.151 - - [11/Mar/2025:23:05:36 +0100] "GET /wp-content/plugins/woocommerce/assets/css/woocommerce-smallscreen.css?ver=9.3.3 HTTP/1.1" 200 1540 "https://startupclm.ncdesarrollos.com/" "Mozilla/5.0 (Windows NT 10.0; Win64; x64; rv:136.0) Gecko/20100101 Firefox/136.0"
138.199.15.151 - - [11/Mar/2025:23:05:36 +0100] "GET /favicon.ico HTTP/1.1" 404 529 "https://startupclm.ncdesarrollos.com/" "Mozilla/5.0 (Windows NT 10.0; Win64; x64; rv:136.0) Gecko/20100101 Firefox/136.0"
138.199.15.151 - - [11/Mar/2025:23:15:38 +0100] "GET /favicon.ico HTTP/1.1" 404 4332 "https://startupclm.ncdesarrollos.com/" "Mozilla/5.0 (Windows NT 10.0; Win64; x64; rv:136.0) Gecko/20100101 Firefox/136.0"
163.172.105.12 - - [12/Mar/2025:03:31:22 +0100] "POST /wp-cron.php?doing_wp_cron=1741746682.0429120063781738281250 HTTP/1.1" 200 4083 "-" "WordPress/6.6.2; https://startupclm.ncdesarrollos.com"
135.148.100.196 - - [12/Mar/2025:03:30:55 +0100] "GET / HTTP/1.1" 200 48138 "-" "-"
163.172.105.12 - - [12/Mar/2025:10:06:58 +0100] "POST /wp-cron.php?doing_wp_cron=1741770418.3067018985748291015625 HTTP/1.1" 200 4083 "-" "WordPress/6.6.2; https://startupclm.ncdesarrollos.com"
164.90.228.79 - - [12/Mar/2025:10:06:57 +0100] "GET / HTTP/1.1" 200 63871 "-" "-"
164.90.228.79 - - [12/Mar/2025:10:06:59 +0100] "GET / HTTP/1.1" 200 63871 "-" "Mozilla/5.0 (Linux; Android 6.0; HTC One M9 Build/MRA988726) AppleWebKit/537.36 (KHTML, like Gecko) Chrome/52.0.2745.98 Mobile Safari/537.3"
164.90.228.79 - - [12/Mar/2025:10:06:59 +0100] "GET /actuator/env HTTP/1.1" 404 4248 "-" "Go-http-client/1.1"
164.90.228.79 - - [12/Mar/2025:10:06:59 +0100] "GET /server HTTP/1.1" 404 1041 "-" "Go-http-client/1.1"
164.90.228.79 - - [12/Mar/2025:10:06:59 +0100] "GET /.vscode/sftp.json HTTP/1.1" 404 1041 "-" "Go-http-client/1.1"
164.90.228.79 - - [12/Mar/2025:10:07:00 +0100] "GET /about HTTP/1.1" 404 1041 "-" "Go-http-client/1.1"
164.90.228.79 - - [12/Mar/2025:10:07:00 +0100] "GET /debug/default/view?panel=config HTTP/1.1" 404 1041 "-" "Go-http-client/1.1"
164.90.228.79 - - [12/Mar/2025:10:07:00 +0100] "GET /v2/_catalog HTTP/1.1" 404 1041 "-" "Go-http-client/1.1"
164.90.228.79 - - [12/Mar/2025:10:07:00 +0100] "GET /ecp/Current/exporttool/microsoft.exchange.ediscovery.exporttool.application HTTP/1.1" 404 1041 "-" "Go-http-client/1.1"
164.90.228.79 - - [12/Mar/2025:10:07:00 +0100] "GET /server-status HTTP/1.1" 403 1044 "-" "Go-http-client/1.1"
164.90.228.79 - - [12/Mar/2025:10:07:01 +0100] "GET /login.action HTTP/1.1" 404 1041 "-" "Go-http-client/1.1"
164.90.228.79 - - [12/Mar/2025:10:07:01 +0100] "GET /_all_dbs HTTP/1.1" 404 1041 "-" "Mozilla/5.0 (l9scan/2.0.2313e2530313e2237313e2336313; +https://leakix.net)"
164.90.228.79 - - [12/Mar/2025:10:07:01 +0100] "GET /.DS_Store HTTP/1.1" 404 1041 "-" "Go-http-client/1.1"
164.90.228.79 - - [12/Mar/2025:10:07:01 +0100] "GET /.env HTTP/1.1" 404 1041 "-" "Go-http-client/1.1"
164.90.228.79 - - [12/Mar/2025:10:07:01 +0100] "GET /.git/config HTTP/1.1" 404 1041 "-" "Go-http-client/1.1"
164.90.228.79 - - [12/Mar/2025:10:07:01 +0100] "GET /s/2313e2530313e2237313e2336313/_/;/META-INF/maven/com.atlassian.jira/jira-webapp-dist/pom.properties HTTP/1.1" 404 1041 "-" "Go-http-client/1.1"
164.90.228.79 - - [12/Mar/2025:10:07:02 +0100] "GET /config.json HTTP/1.1" 404 1041 "-" "Go-http-client/1.1"
164.90.228.79 - - [12/Mar/2025:10:07:02 +0100] "GET /telescope/requests HTTP/1.1" 404 1041 "-" "Go-http-client/1.1"
164.90.228.79 - - [12/Mar/2025:10:07:02 +0100] "GET /info.php HTTP/1.1" 404 779 "-" "Go-http-client/1.1"
164.90.228.79 - - [12/Mar/2025:10:07:02 +0100] "GET /?rest_route=/wp/v2/users/ HTTP/1.1" 200 2598 "-" "Go-http-client/1.1"
163.172.105.12 - - [12/Mar/2025:17:43:19 +0100] "POST /wp-cron.php?doing_wp_cron=1741797799.1096179485321044921875 HTTP/1.1" 200 4083 "-" "WordPress/6.6.2; https://startupclm.ncdesarrollos.com"
23.158.56.51 - - [12/Mar/2025:17:43:18 +0100] "GET / HTTP/1.1" 200 16650 "-" "Mozilla/5.0 (Macintosh; Intel Mac OS X 12_2_8; en) AppleWebKit/605.1.15 (KHTML, like Gecko) Version/17.3.2 Safari/605.1.15"
163.172.105.12 - - [12/Mar/2025:17:43:21 +0100] "POST /wp-admin/admin-ajax.php?action=wp_1_wc_privacy_cleanup&nonce=305bcd64c4 HTTP/1.1" 200 4218 "-" "WordPress/6.6.2; https://startupclm.ncdesarrollos.com"
189.1.165.120 - - [13/Mar/2025:16:49:42 +0100] "POST /wp-login.php HTTP/1.1" 301 600 "-" "Mozilla/5.0 (Windows NT 10.0; WOW64) AppleWebKit/537.36 (KHTML, like Gecko) Chrome/62.0.3202.9 Safari/537.36"
189.1.165.120 - - [13/Mar/2025:16:49:42 +0100] "POST /wordpress/wp-login.php HTTP/1.1" 301 620 "-" "Mozilla/5.0 (Windows NT 10.0; WOW64) AppleWebKit/537.36 (KHTML, like Gecko) Chrome/62.0.3202.9 Safari/537.36"
163.172.105.12 - - [14/Mar/2025:08:11:44 +0100] "POST /wp-cron.php?doing_wp_cron=1741936304.1061840057373046875000 HTTP/1.1" 200 4083 "-" "WordPress/6.6.2; https://startupclm.ncdesarrollos.com"
147.185.132.195 - - [14/Mar/2025:08:11:43 +0100] "GET / HTTP/1.1" 200 63852 "-" "Expanse, a Palo Alto Networks company, searches across the global IPv4 space multiple times per day to identify customers' presences on the Internet. If you would like to be excluded from our scans, please send IP addresses/domains to: scaninfo@paloaltonetworks.com"
163.172.105.12 - - [14/Mar/2025:10:00:59 +0100] "POST /wp-cron.php?doing_wp_cron=1741942859.7430980205535888671875 HTTP/1.1" 200 4083 "-" "WordPress/6.6.2; https://startupclm.ncdesarrollos.com"
64.226.65.160 - - [14/Mar/2025:10:00:59 +0100] "GET / HTTP/1.1" 200 63871 "-" "-"
64.226.65.160 - - [14/Mar/2025:10:01:02 +0100] "GET / HTTP/1.1" 200 63871 "-" "Mozilla/5.0 (Linux; Android 6.0; HTC One M9 Build/MRA988726) AppleWebKit/537.36 (KHTML, like Gecko) Chrome/52.0.2745.98 Mobile Safari/537.3"
64.226.65.160 - - [14/Mar/2025:10:01:03 +0100] "GET /actuator/env HTTP/1.1" 404 4248 "-" "Go-http-client/1.1"
64.226.65.160 - - [14/Mar/2025:10:01:03 +0100] "GET /server HTTP/1.1" 404 1041 "-" "Go-http-client/1.1"
64.226.65.160 - - [14/Mar/2025:10:01:04 +0100] "GET /.vscode/sftp.json HTTP/1.1" 404 1041 "-" "Go-http-client/1.1"
64.226.65.160 - - [14/Mar/2025:10:01:04 +0100] "GET /about HTTP/1.1" 404 1041 "-" "Go-http-client/1.1"
64.226.65.160 - - [14/Mar/2025:10:01:04 +0100] "GET /debug/default/view?panel=config HTTP/1.1" 404 1041 "-" "Go-http-client/1.1"
64.226.65.160 - - [14/Mar/2025:10:01:04 +0100] "GET /v2/_catalog HTTP/1.1" 404 1041 "-" "Go-http-client/1.1"
64.226.65.160 - - [14/Mar/2025:10:01:05 +0100] "GET /ecp/Current/exporttool/microsoft.exchange.ediscovery.exporttool.application HTTP/1.1" 404 1041 "-" "Go-http-client/1.1"
64.226.65.160 - - [14/Mar/2025:10:01:05 +0100] "GET /server-status HTTP/1.1" 403 1044 "-" "Go-http-client/1.1"
64.226.65.160 - - [14/Mar/2025:10:01:05 +0100] "GET /login.action HTTP/1.1" 404 1041 "-" "Go-http-client/1.1"
64.226.65.160 - - [14/Mar/2025:10:01:05 +0100] "GET /_all_dbs HTTP/1.1" 404 1041 "-" "Mozilla/5.0 (l9scan/2.0.2313e2530313e2237313e2336313; +https://leakix.net)"
64.226.65.160 - - [14/Mar/2025:10:01:05 +0100] "GET /.DS_Store HTTP/1.1" 404 1041 "-" "Go-http-client/1.1"
163.172.105.12 - - [14/Mar/2025:10:01:05 +0100] "POST /wp-admin/admin-ajax.php?action=wp_1_wc_privacy_cleanup&nonce=434ec7c438 HTTP/1.1" 200 4218 "-" "WordPress/6.6.2; https://startupclm.ncdesarrollos.com"
64.226.65.160 - - [14/Mar/2025:10:01:06 +0100] "GET /.env HTTP/1.1" 404 1041 "-" "Go-http-client/1.1"
64.226.65.160 - - [14/Mar/2025:10:01:06 +0100] "GET /.git/config HTTP/1.1" 404 1041 "-" "Go-http-client/1.1"
64.226.65.160 - - [14/Mar/2025:10:01:06 +0100] "GET /s/2313e2530313e2237313e2336313/_/;/META-INF/maven/com.atlassian.jira/jira-webapp-dist/pom.properties HTTP/1.1" 404 1041 "-" "Go-http-client/1.1"
64.226.65.160 - - [14/Mar/2025:10:01:06 +0100] "GET /config.json HTTP/1.1" 404 1041 "-" "Go-http-client/1.1"
64.226.65.160 - - [14/Mar/2025:10:01:06 +0100] "GET /telescope/requests HTTP/1.1" 404 1041 "-" "Go-http-client/1.1"
64.226.65.160 - - [14/Mar/2025:10:01:06 +0100] "GET /info.php HTTP/1.1" 404 779 "-" "Go-http-client/1.1"
163.172.105.12 - - [14/Mar/2025:10:01:07 +0100] "POST /wp-cron.php?doing_wp_cron=1741942867.0894379615783691406250 HTTP/1.1" 200 4083 "-" "WordPress/6.6.2; https://startupclm.ncdesarrollos.com"
64.226.65.160 - - [14/Mar/2025:10:01:06 +0100] "GET /?rest_route=/wp/v2/users/ HTTP/1.1" 200 2598 "-" "Go-http-client/1.1"
163.172.105.12 - - [14/Mar/2025:11:06:13 +0100] "POST /wp-cron.php?doing_wp_cron=1741946773.8291060924530029296875 HTTP/1.1" 200 4083 "-" "WordPress/6.6.2; https://startupclm.ncdesarrollos.com"
198.235.24.230 - - [14/Mar/2025:11:06:13 +0100] "GET /wp-login.php HTTP/1.1" 200 11819 "-" "Expanse, a Palo Alto Networks company, searches across the global IPv4 space multiple times per day to identify customers' presences on the Internet. If you would like to be excluded from our scans, please send IP addresses/domains to: scaninfo@paloaltonetworks.com"
163.172.105.12 - - [14/Mar/2025:11:06:15 +0100] "POST /wp-admin/admin-ajax.php?action=wp_1_wc_privacy_cleanup&nonce=434ec7c438 HTTP/1.1" 200 4218 "-" "WordPress/6.6.2; https://startupclm.ncdesarrollos.com"
163.172.105.12 - - [14/Mar/2025:11:16:13 +0100] "POST /wp-cron.php?doing_wp_cron=1741947373.5353310108184814453125 HTTP/1.1" 200 4083 "-" "WordPress/6.6.2; https://startupclm.ncdesarrollos.com"
189.1.165.120 - - [14/Mar/2025:11:16:13 +0100] "POST /wp-login.php HTTP/1.1" 200 6956 "-" "Mozilla/5.0 (Windows NT 10.0; WOW64) AppleWebKit/537.36 (KHTML, like Gecko) Chrome/62.0.3202.9 Safari/537.36"
189.1.165.120 - - [14/Mar/2025:11:16:14 +0100] "GET /?author=1 HTTP/1.1" 301 4061 "-" "Mozilla/5.0 (Windows NT 10.0; WOW64) AppleWebKit/537.36 (KHTML, like Gecko) Chrome/62.0.3202.9 Safari/537.36"
189.1.165.120 - - [14/Mar/2025:11:16:16 +0100] "GET /?author=2 HTTP/1.1" 404 63877 "-" "Mozilla/5.0 (Windows NT 10.0; WOW64) AppleWebKit/537.36 (KHTML, like Gecko) Chrome/62.0.3202.9 Safari/537.36"
189.1.165.120 - - [14/Mar/2025:11:16:17 +0100] "GET /wp-json/wp/v2/users HTTP/1.1" 404 4248 "-" "Go-http-client/1.1"
189.1.165.120 - - [14/Mar/2025:11:16:17 +0100] "POST /xmlrpc.php HTTP/1.1" 200 4649 "-" "Mozilla/5.0 (Windows NT 10.0; WOW64) AppleWebKit/537.36 (KHTML, like Gecko) Chrome/62.0.3202.9 Safari/537.36"
205.210.31.93 - - [14/Mar/2025:12:24:48 +0100] "GET / HTTP/1.1" 301 557 "-" "Expanse, a Palo Alto Networks company, searches across the global IPv4 space multiple times per day to identify customers' presences on the Internet. If you would like to be excluded from our scans, please send IP addresses/domains to: scaninfo@paloaltonetworks.com"
189.1.165.120 - - [14/Mar/2025:21:44:22 +0100] "POST /wp-login.php HTTP/1.1" 301 600 "-" "Mozilla/5.0 (Windows NT 10.0; WOW64) AppleWebKit/537.36 (KHTML, like Gecko) Chrome/62.0.3202.9 Safari/537.36"
189.1.165.120 - - [14/Mar/2025:21:44:23 +0100] "POST /wordpress/wp-login.php HTTP/1.1" 301 620 "-" "Mozilla/5.0 (Windows NT 10.0; WOW64) AppleWebKit/537.36 (KHTML, like Gecko) Chrome/62.0.3202.9 Safari/537.36"
23.158.56.51 - - [15/Mar/2025:06:13:52 +0100] "GET /_fragment?_path=_controller%3Dphpinfo%26what%3D-1%26return_value%3Dnull&_hash=IqTEJr86NJUWPdxdlFKL71wexZc%3D HTTP/1.1" 404 4248 "-" "Mozilla/5.0 (Kubuntu; Linux i686; rv:120.0) Gecko/20100101 Firefox/120.0"
163.172.105.12 - - [15/Mar/2025:15:43:54 +0100] "POST /wp-cron.php?doing_wp_cron=1742049834.2553529739379882812500 HTTP/1.1" 200 4083 "-" "WordPress/6.6.2; https://startupclm.ncdesarrollos.com"
189.1.165.120 - - [15/Mar/2025:15:43:53 +0100] "POST /wp-login.php HTTP/1.1" 200 6955 "-" "Mozilla/5.0 (Windows NT 10.0; WOW64) AppleWebKit/537.36 (KHTML, like Gecko) Chrome/62.0.3202.9 Safari/537.36"
189.1.165.120 - - [15/Mar/2025:15:43:55 +0100] "GET /?author=1 HTTP/1.1" 301 4061 "-" "Mozilla/5.0 (Windows NT 10.0; WOW64) AppleWebKit/537.36 (KHTML, like Gecko) Chrome/62.0.3202.9 Safari/537.36"
189.1.165.120 - - [15/Mar/2025:15:43:56 +0100] "GET /?author=2 HTTP/1.1" 404 63877 "-" "Mozilla/5.0 (Windows NT 10.0; WOW64) AppleWebKit/537.36 (KHTML, like Gecko) Chrome/62.0.3202.9 Safari/537.36"
189.1.165.120 - - [15/Mar/2025:15:43:57 +0100] "GET /wp-json/wp/v2/users HTTP/1.1" 404 4248 "-" "Go-http-client/1.1"
189.1.165.120 - - [15/Mar/2025:15:43:57 +0100] "POST /xmlrpc.php HTTP/1.1" 200 4649 "-" "Mozilla/5.0 (Windows NT 10.0; WOW64) AppleWebKit/537.36 (KHTML, like Gecko) Chrome/62.0.3202.9 Safari/537.36"
163.172.105.12 - - [15/Mar/2025:15:43:58 +0100] "POST /wp-cron.php HTTP/1.1" 200 4083 "-" "WordPress/6.6.2; https://startupclm.ncdesarrollos.com"
163.172.105.12 - - [15/Mar/2025:15:43:58 +0100] "GET / HTTP/1.1" 200 16697 "-" "WordPress/6.6.2; https://startupclm.ncdesarrollos.com"
163.172.105.12 - - [15/Mar/2025:15:43:59 +0100] "GET / HTTP/1.1" 200 16697 "-" "WordPress/6.6.2; https://startupclm.ncdesarrollos.com"
163.172.105.12 - - [15/Mar/2025:15:43:59 +0100] "GET / HTTP/1.1" 200 16697 "-" "WordPress/6.6.2; https://startupclm.ncdesarrollos.com"
163.172.105.12 - - [15/Mar/2025:15:43:59 +0100] "GET / HTTP/1.1" 200 16697 "-" "WordPress/6.6.2; https://startupclm.ncdesarrollos.com"
163.172.105.12 - - [15/Mar/2025:15:44:01 +0100] "POST /wp-admin/admin-ajax.php?action=wp_1_wc_privacy_cleanup&nonce=693fc41c9c HTTP/1.1" 200 4218 "-" "WordPress/6.6.2; https://startupclm.ncdesarrollos.com"
205.210.31.25 - - [15/Mar/2025:20:41:58 +0100] "GET / HTTP/1.1" 301 557 "-" "-"
163.172.105.12 - - [15/Mar/2025:20:41:59 +0100] "POST /wp-cron.php?doing_wp_cron=1742067719.4179320335388183593750 HTTP/1.1" 200 4083 "-" "WordPress/6.6.2; https://startupclm.ncdesarrollos.com"
205.210.31.25 - - [15/Mar/2025:20:41:59 +0100] "GET / HTTP/1.1" 200 63852 "http://163.172.105.12:80/" "-"
189.1.165.120 - - [16/Mar/2025:01:30:21 +0100] "POST /wp-login.php HTTP/1.1" 301 600 "-" "Mozilla/5.0 (Windows NT 10.0; WOW64) AppleWebKit/537.36 (KHTML, like Gecko) Chrome/62.0.3202.9 Safari/537.36"
189.1.165.120 - - [16/Mar/2025:01:30:21 +0100] "POST /wordpress/wp-login.php HTTP/1.1" 301 620 "-" "Mozilla/5.0 (Windows NT 10.0; WOW64) AppleWebKit/537.36 (KHTML, like Gecko) Chrome/62.0.3202.9 Safari/537.36"
163.172.105.12 - - [16/Mar/2025:10:30:57 +0100] "POST /wp-cron.php?doing_wp_cron=1742117457.4048979282379150390625 HTTP/1.1" 200 4083 "-" "WordPress/6.6.2; https://startupclm.ncdesarrollos.com"
209.38.208.202 - - [16/Mar/2025:10:30:56 +0100] "GET / HTTP/1.1" 200 63871 "-" "-"
209.38.208.202 - - [16/Mar/2025:10:31:16 +0100] "GET / HTTP/1.1" 200 63871 "-" "Mozilla/5.0 (Linux; Android 6.0; HTC One M9 Build/MRA988726) AppleWebKit/537.36 (KHTML, like Gecko) Chrome/52.0.2745.98 Mobile Safari/537.3"
209.38.208.202 - - [16/Mar/2025:10:31:17 +0100] "GET /actuator/env HTTP/1.1" 404 4248 "-" "Go-http-client/1.1"
209.38.208.202 - - [16/Mar/2025:10:31:18 +0100] "GET /server HTTP/1.1" 404 1041 "-" "Go-http-client/1.1"
209.38.208.202 - - [16/Mar/2025:10:31:19 +0100] "GET /.vscode/sftp.json HTTP/1.1" 404 1041 "-" "Go-http-client/1.1"
209.38.208.202 - - [16/Mar/2025:10:31:20 +0100] "GET /about HTTP/1.1" 404 1041 "-" "Go-http-client/1.1"
209.38.208.202 - - [16/Mar/2025:10:31:21 +0100] "GET /debug/default/view?panel=config HTTP/1.1" 404 1041 "-" "Go-http-client/1.1"
209.38.208.202 - - [16/Mar/2025:10:31:22 +0100] "GET /v2/_catalog HTTP/1.1" 404 1041 "-" "Go-http-client/1.1"
209.38.208.202 - - [16/Mar/2025:10:31:22 +0100] "GET /ecp/Current/exporttool/microsoft.exchange.ediscovery.exporttool.application HTTP/1.1" 404 1041 "-" "Go-http-client/1.1"
209.38.208.202 - - [16/Mar/2025:10:31:23 +0100] "GET /server-status HTTP/1.1" 403 1044 "-" "Go-http-client/1.1"
209.38.208.202 - - [16/Mar/2025:10:31:24 +0100] "GET /login.action HTTP/1.1" 404 1041 "-" "Go-http-client/1.1"
209.38.208.202 - - [16/Mar/2025:10:31:25 +0100] "GET /_all_dbs HTTP/1.1" 404 1041 "-" "Mozilla/5.0 (l9scan/2.0.2313e2530313e2237313e2336313; +https://leakix.net)"
209.38.208.202 - - [16/Mar/2025:10:31:25 +0100] "GET /.DS_Store HTTP/1.1" 404 1041 "-" "Go-http-client/1.1"
209.38.208.202 - - [16/Mar/2025:10:31:27 +0100] "GET /.env HTTP/1.1" 404 1041 "-" "Go-http-client/1.1"
209.38.208.202 - - [16/Mar/2025:10:31:29 +0100] "GET /.git/config HTTP/1.1" 404 1041 "-" "Go-http-client/1.1"
209.38.208.202 - - [16/Mar/2025:10:31:30 +0100] "GET /s/2313e2530313e2237313e2336313/_/;/META-INF/maven/com.atlassian.jira/jira-webapp-dist/pom.properties HTTP/1.1" 404 1041 "-" "Go-http-client/1.1"
209.38.208.202 - - [16/Mar/2025:10:31:31 +0100] "GET /config.json HTTP/1.1" 404 1041 "-" "Go-http-client/1.1"
209.38.208.202 - - [16/Mar/2025:10:31:32 +0100] "GET /telescope/requests HTTP/1.1" 404 1041 "-" "Go-http-client/1.1"
209.38.208.202 - - [16/Mar/2025:10:31:33 +0100] "GET /info.php HTTP/1.1" 404 779 "-" "Go-http-client/1.1"
209.38.208.202 - - [16/Mar/2025:10:31:33 +0100] "GET /?rest_route=/wp/v2/users/ HTTP/1.1" 200 2598 "-" "Go-http-client/1.1"
163.172.105.12 - - [16/Mar/2025:19:06:48 +0100] "POST /wp-cron.php?doing_wp_cron=1742148408.7623450756072998046875 HTTP/1.1" 200 4083 "-" "WordPress/6.6.2; https://startupclm.ncdesarrollos.com"
198.235.24.176 - - [16/Mar/2025:19:06:48 +0100] "GET / HTTP/1.1" 200 63852 "-" "-"
163.172.105.12 - - [16/Mar/2025:19:06:50 +0100] "POST /wp-admin/admin-ajax.php?action=wp_1_wc_privacy_cleanup&nonce=9e85947e26 HTTP/1.1" 200 4218 "-" "WordPress/6.6.2; https://startupclm.ncdesarrollos.com"
163.172.105.12 - - [16/Mar/2025:19:11:39 +0100] "POST /wp-cron.php?doing_wp_cron=1742148699.5544729232788085937500 HTTP/1.1" 200 4083 "-" "WordPress/6.6.2; https://startupclm.ncdesarrollos.com"
189.1.165.120 - - [16/Mar/2025:19:11:39 +0100] "POST /wp-login.php HTTP/1.1" 200 6959 "-" "Mozilla/5.0 (Windows NT 10.0; WOW64) AppleWebKit/537.36 (KHTML, like Gecko) Chrome/62.0.3202.9 Safari/537.36"
189.1.165.120 - - [16/Mar/2025:19:11:40 +0100] "GET /?author=1 HTTP/1.1" 301 4061 "-" "Mozilla/5.0 (Windows NT 10.0; WOW64) AppleWebKit/537.36 (KHTML, like Gecko) Chrome/62.0.3202.9 Safari/537.36"
189.1.165.120 - - [16/Mar/2025:19:11:41 +0100] "GET /?author=2 HTTP/1.1" 404 63877 "-" "Mozilla/5.0 (Windows NT 10.0; WOW64) AppleWebKit/537.36 (KHTML, like Gecko) Chrome/62.0.3202.9 Safari/537.36"
189.1.165.120 - - [16/Mar/2025:19:11:42 +0100] "GET /wp-json/wp/v2/users HTTP/1.1" 404 4248 "-" "Go-http-client/1.1"
189.1.165.120 - - [16/Mar/2025:19:11:43 +0100] "POST /xmlrpc.php HTTP/1.1" 200 4649 "-" "Mozilla/5.0 (Windows NT 10.0; WOW64) AppleWebKit/537.36 (KHTML, like Gecko) Chrome/62.0.3202.9 Safari/537.36"
189.1.165.120 - - [17/Mar/2025:05:00:57 +0100] "POST /wp-login.php HTTP/1.1" 301 600 "-" "Mozilla/5.0 (Windows NT 10.0; WOW64) AppleWebKit/537.36 (KHTML, like Gecko) Chrome/62.0.3202.9 Safari/537.36"
189.1.165.120 - - [17/Mar/2025:05:00:58 +0100] "POST /wordpress/wp-login.php HTTP/1.1" 301 620 "-" "Mozilla/5.0 (Windows NT 10.0; WOW64) AppleWebKit/537.36 (KHTML, like Gecko) Chrome/62.0.3202.9 Safari/537.36"
198.235.24.163 - - [18/Mar/2025:00:50:56 +0100] "GET / HTTP/1.1" 301 557 "-" "Expanse, a Palo Alto Networks company, searches across the global IPv4 space multiple times per day to identify customers' presences on the Internet. If you would like to be excluded from our scans, please send IP addresses/domains to: scaninfo@paloaltonetworks.com"
163.172.105.12 - - [18/Mar/2025:15:03:24 +0100] "POST /wp-cron.php?doing_wp_cron=1742306604.4308829307556152343750 HTTP/1.1" 200 4083 "-" "WordPress/6.6.2; https://startupclm.ncdesarrollos.com"
147.185.132.108 - - [18/Mar/2025:15:03:23 +0100] "GET / HTTP/1.1" 200 63852 "-" "Expanse, a Palo Alto Networks company, searches across the global IPv4 space multiple times per day to identify customers' presences on the Internet. If you would like to be excluded from our scans, please send IP addresses/domains to: scaninfo@paloaltonetworks.com"
163.172.105.12 - - [18/Mar/2025:15:03:29 +0100] "POST /wp-admin/admin-ajax.php?action=wp_1_wc_privacy_cleanup&nonce=36c4181107 HTTP/1.1" 200 4218 "-" "WordPress/6.6.2; https://startupclm.ncdesarrollos.com"
163.172.105.12 - - [18/Mar/2025:18:04:44 +0100] "POST /wp-cron.php?doing_wp_cron=1742317484.7373340129852294921875 HTTP/1.1" 200 4083 "-" "WordPress/6.6.2; https://startupclm.ncdesarrollos.com"
147.185.132.243 - - [18/Mar/2025:18:04:44 +0100] "GET /wp-login.php HTTP/1.1" 200 11819 "-" "Expanse, a Palo Alto Networks company, searches across the global IPv4 space multiple times per day to identify customers' presences on the Internet. If you would like to be excluded from our scans, please send IP addresses/domains to: scaninfo@paloaltonetworks.com"
189.8.95.50 - - [18/Mar/2025:18:31:59 +0100] "POST /wp-login.php HTTP/1.1" 301 600 "-" "Mozilla/5.0 (Windows NT 10.0; WOW64) AppleWebKit/537.36 (KHTML, like Gecko) Chrome/62.0.3202.9 Safari/537.36"
189.8.95.50 - - [18/Mar/2025:18:32:00 +0100] "POST /wordpress/wp-login.php HTTP/1.1" 301 620 "-" "Mozilla/5.0 (Windows NT 10.0; WOW64) AppleWebKit/537.36 (KHTML, like Gecko) Chrome/62.0.3202.9 Safari/537.36"
163.172.105.12 - - [18/Mar/2025:20:35:55 +0100] "POST /wp-cron.php?doing_wp_cron=1742326555.7880020141601562500000 HTTP/1.1" 200 4083 "-" "WordPress/6.6.2; https://startupclm.ncdesarrollos.com"
123.6.49.10 - - [18/Mar/2025:20:35:55 +0100] "GET / HTTP/1.1" 200 63852 "-" "Mozilla/5.0 (Macintosh; Intel Mac OS X 10_15_7) AppleWebKit/537.36 (KHTML, like Gecko) Chrome/120.0.0.0 Safari/537.36 Edg/120.0.0.0"
123.6.49.10 - - [18/Mar/2025:20:36:21 +0100] "GET /favicon.ico HTTP/1.1" 404 4229 "-" "Mozilla/5.0 (Macintosh; Intel Mac OS X 10_7_0) AppleWebKit/535.11 (KHTML, like Gecko) Chrome/17.0.963.56 Safari/535.11"
123.6.49.42 - - [18/Mar/2025:20:36:27 +0100] "GET /robots.txt HTTP/1.1" 404 4229 "-" "Mozilla/5.0 (Macintosh; Intel Mac OS X 10_7_0) AppleWebKit/535.11 (KHTML, like Gecko) Chrome/17.0.963.56 Safari/535.11"
123.6.49.17 - - [18/Mar/2025:20:36:34 +0100] "GET /sitemap.xml HTTP/1.1" 404 4229 "-" "Mozilla/5.0 (Macintosh; Intel Mac OS X 10_7_0) AppleWebKit/535.11 (KHTML, like Gecko) Chrome/17.0.963.56 Safari/535.11"
123.6.49.49 - - [18/Mar/2025:20:36:52 +0100] "GET /config.json HTTP/1.1" 404 4229 "-" "Mozilla/5.0 (Macintosh; Intel Mac OS X 10_7_0) AppleWebKit/535.11 (KHTML, like Gecko) Chrome/17.0.963.56 Safari/535.11"
123.6.49.46 - - [18/Mar/2025:20:37:05 +0100] "GET /wp-content/plugins/woocommerce/readme.txt HTTP/1.1" 200 10624 "-" "python-requests/2.32.3"
163.172.105.12 - - [18/Mar/2025:23:27:29 +0100] "POST /wp-cron.php?doing_wp_cron=1742336849.4967699050903320312500 HTTP/1.1" 200 4083 "-" "WordPress/6.6.2; https://startupclm.ncdesarrollos.com"
209.38.208.202 - - [18/Mar/2025:23:27:29 +0100] "GET / HTTP/1.1" 200 63871 "-" "-"
163.172.105.12 - - [18/Mar/2025:23:27:50 +0100] "POST /wp-cron.php?doing_wp_cron=1742336870.0829548835754394531250 HTTP/1.1" 200 4083 "-" "WordPress/6.6.2; https://startupclm.ncdesarrollos.com"
209.38.208.202 - - [18/Mar/2025:23:27:49 +0100] "GET / HTTP/1.1" 200 63871 "-" "Mozilla/5.0 (Linux; Android 6.0; HTC One M9 Build/MRA988726) AppleWebKit/537.36 (KHTML, like Gecko) Chrome/52.0.2745.98 Mobile Safari/537.3"
209.38.208.202 - - [18/Mar/2025:23:27:50 +0100] "GET /actuator/env HTTP/1.1" 404 4248 "-" "Go-http-client/1.1"
209.38.208.202 - - [18/Mar/2025:23:27:50 +0100] "GET /server HTTP/1.1" 404 1041 "-" "Go-http-client/1.1"
209.38.208.202 - - [18/Mar/2025:23:27:51 +0100] "GET /.vscode/sftp.json HTTP/1.1" 404 1041 "-" "Go-http-client/1.1"
209.38.208.202 - - [18/Mar/2025:23:27:51 +0100] "GET /about HTTP/1.1" 404 1041 "-" "Go-http-client/1.1"
209.38.208.202 - - [18/Mar/2025:23:27:52 +0100] "GET /debug/default/view?panel=config HTTP/1.1" 404 1041 "-" "Go-http-client/1.1"
209.38.208.202 - - [18/Mar/2025:23:27:52 +0100] "GET /v2/_catalog HTTP/1.1" 404 1041 "-" "Go-http-client/1.1"
209.38.208.202 - - [18/Mar/2025:23:27:52 +0100] "GET /ecp/Current/exporttool/microsoft.exchange.ediscovery.exporttool.application HTTP/1.1" 404 1041 "-" "Go-http-client/1.1"
209.38.208.202 - - [18/Mar/2025:23:27:52 +0100] "GET /server-status HTTP/1.1" 403 1044 "-" "Go-http-client/1.1"
209.38.208.202 - - [18/Mar/2025:23:27:53 +0100] "GET /login.action HTTP/1.1" 404 1041 "-" "Go-http-client/1.1"
209.38.208.202 - - [18/Mar/2025:23:27:53 +0100] "GET /_all_dbs HTTP/1.1" 404 1041 "-" "Mozilla/5.0 (l9scan/2.0.2313e2530313e2237313e2336313; +https://leakix.net)"
209.38.208.202 - - [18/Mar/2025:23:27:54 +0100] "GET /.DS_Store HTTP/1.1" 404 1041 "-" "Go-http-client/1.1"
209.38.208.202 - - [18/Mar/2025:23:27:54 +0100] "GET /.env HTTP/1.1" 404 1041 "-" "Go-http-client/1.1"
209.38.208.202 - - [18/Mar/2025:23:27:54 +0100] "GET /.git/config HTTP/1.1" 404 1041 "-" "Go-http-client/1.1"
209.38.208.202 - - [18/Mar/2025:23:27:55 +0100] "GET /s/2313e2530313e2237313e2336313/_/;/META-INF/maven/com.atlassian.jira/jira-webapp-dist/pom.properties HTTP/1.1" 404 1041 "-" "Go-http-client/1.1"
209.38.208.202 - - [18/Mar/2025:23:27:55 +0100] "GET /config.json HTTP/1.1" 404 1041 "-" "Go-http-client/1.1"
209.38.208.202 - - [18/Mar/2025:23:27:56 +0100] "GET /telescope/requests HTTP/1.1" 404 1041 "-" "Go-http-client/1.1"
209.38.208.202 - - [18/Mar/2025:23:27:56 +0100] "GET /info.php HTTP/1.1" 404 779 "-" "Go-http-client/1.1"
209.38.208.202 - - [18/Mar/2025:23:27:57 +0100] "GET /?rest_route=/wp/v2/users/ HTTP/1.1" 200 2598 "-" "Go-http-client/1.1"
163.172.105.12 - - [19/Mar/2025:18:09:18 +0100] "POST /wp-cron.php?doing_wp_cron=1742404158.6898539066314697265625 HTTP/1.1" 200 4083 "-" "WordPress/6.6.2; https://startupclm.ncdesarrollos.com"
203.55.131.4 - - [19/Mar/2025:18:09:18 +0100] "GET / HTTP/1.1" 200 16631 "-" "Mozilla/5.0 (Windows NT 10.0; Win64; x64) AppleWebKit/537.36 (KHTML, like Gecko) Chrome/102.0.0.0 Safari/537.36"
163.172.105.12 - - [19/Mar/2025:18:09:24 +0100] "POST /wp-admin/admin-ajax.php?action=wp_1_wc_privacy_cleanup&nonce=65ad1807e5 HTTP/1.1" 200 4218 "-" "WordPress/6.6.2; https://startupclm.ncdesarrollos.com"
203.55.131.4 - - [19/Mar/2025:18:10:52 +0100] "GET /favicon.ico HTTP/1.1" 404 4276 "-" "Mozilla/5.0 (Windows NT 10.0; Win64; x64) AppleWebKit/537.36 (KHTML, like Gecko) Chrome/102.0.0.0 Safari/537.36"
4.227.36.96 - - [20/Mar/2025:03:29:51 +0100] "GET /robots.txt HTTP/1.1" 404 4276 "-" "Mozilla/5.0 AppleWebKit/537.36 (KHTML, like Gecko; compatible; GPTBot/1.2; +https://openai.com/gptbot)"
163.172.105.12 - - [20/Mar/2025:03:29:53 +0100] "POST /wp-cron.php?doing_wp_cron=1742437792.8713810443878173828125 HTTP/1.1" 200 4083 "-" "WordPress/6.6.2; https://startupclm.ncdesarrollos.com"
20.171.207.171 - - [20/Mar/2025:03:29:52 +0100] "GET / HTTP/1.1" 200 16678 "-" "Mozilla/5.0 AppleWebKit/537.36 (KHTML, like Gecko; compatible; GPTBot/1.2; +https://openai.com/gptbot)"
163.172.105.12 - - [21/Mar/2025:20:45:02 +0100] "POST /wp-cron.php?doing_wp_cron=1742586301.3270549774169921875000 HTTP/1.1" 200 4083 "-" "WordPress/6.6.2; https://startupclm.ncdesarrollos.com"
206.168.34.223 - - [21/Mar/2025:20:45:00 +0100] "GET / HTTP/1.1" 200 16631 "-" "Mozilla/5.0 (compatible; CensysInspect/1.1; +https://about.censys.io/)"
206.168.34.223 - - [21/Mar/2025:20:45:05 +0100] "GET /favicon.ico HTTP/1.1" 404 4248 "-" "Mozilla/5.0 (compatible; CensysInspect/1.1; +https://about.censys.io/)"
163.172.105.12 - - [21/Mar/2025:20:45:07 +0100] "POST /wp-admin/admin-ajax.php?action=wp_1_wc_privacy_cleanup&nonce=c458bc75f7 HTTP/1.1" 200 4218 "-" "WordPress/6.6.2; https://startupclm.ncdesarrollos.com"
206.168.34.223 - - [21/Mar/2025:20:45:40 +0100] "GET /favicon.ico HTTP/1.1" 404 4248 "-" "Mozilla/5.0 (compatible; CensysInspect/1.1; +https://about.censys.io/)"
206.168.34.45 - - [22/Mar/2025:03:46:29 +0100] "GET / HTTP/1.1" 301 557 "-" "Mozilla/5.0 (compatible; CensysInspect/1.1; +https://about.censys.io/)"
206.168.34.45 - - [22/Mar/2025:03:46:48 +0100] "GET /favicon.ico HTTP/1.1" 301 598 "-" "Mozilla/5.0 (compatible; CensysInspect/1.1; +https://about.censys.io/)"
206.168.34.45 - - [22/Mar/2025:03:46:58 +0100] "GET /favicon.ico HTTP/1.1" 404 4248 "http://startupclm.ncdesarrollos.com/favicon.ico" "Mozilla/5.0 (compatible; CensysInspect/1.1; +https://about.censys.io/)"
163.172.105.12 - - [22/Mar/2025:11:27:26 +0100] "POST /wp-cron.php?doing_wp_cron=1742639246.5195720195770263671875 HTTP/1.1" 200 4083 "-" "WordPress/6.6.2; https://startupclm.ncdesarrollos.com"
87.236.176.212 - - [22/Mar/2025:11:27:25 +0100] "GET / HTTP/1.1" 200 16650 "-" "Mozilla/5.0 (compatible; InternetMeasurement/1.0; +https://internet-measurement.com/)"
163.172.105.12 - - [22/Mar/2025:19:19:17 +0100] "POST /wp-cron.php?doing_wp_cron=1742667557.0088100433349609375000 HTTP/1.1" 200 4083 "-" "WordPress/6.6.2; https://startupclm.ncdesarrollos.com"
159.89.12.166 - - [22/Mar/2025:19:19:16 +0100] "GET / HTTP/1.1" 200 63871 "-" "-"
163.172.105.12 - - [22/Mar/2025:19:19:21 +0100] "POST /wp-cron.php HTTP/1.1" 200 4083 "-" "WordPress/6.6.2; https://startupclm.ncdesarrollos.com"
163.172.105.12 - - [22/Mar/2025:19:19:21 +0100] "GET / HTTP/1.1" 200 16697 "-" "WordPress/6.6.2; https://startupclm.ncdesarrollos.com"
163.172.105.12 - - [22/Mar/2025:19:19:22 +0100] "GET / HTTP/1.1" 200 16697 "-" "WordPress/6.6.2; https://startupclm.ncdesarrollos.com"
163.172.105.12 - - [22/Mar/2025:19:19:22 +0100] "GET / HTTP/1.1" 200 16697 "-" "WordPress/6.6.2; https://startupclm.ncdesarrollos.com"
163.172.105.12 - - [22/Mar/2025:19:19:22 +0100] "GET / HTTP/1.1" 200 16697 "-" "WordPress/6.6.2; https://startupclm.ncdesarrollos.com"
163.172.105.12 - - [22/Mar/2025:19:19:24 +0100] "POST /wp-admin/admin-ajax.php?action=wp_1_wc_privacy_cleanup&nonce=6acd6ebb92 HTTP/1.1" 200 4218 "-" "WordPress/6.6.2; https://startupclm.ncdesarrollos.com"
163.172.105.12 - - [22/Mar/2025:19:19:50 +0100] "POST /wp-cron.php?doing_wp_cron=1742667590.1661620140075683593750 HTTP/1.1" 200 4083 "-" "WordPress/6.6.2; https://startupclm.ncdesarrollos.com"
159.89.12.166 - - [22/Mar/2025:19:19:49 +0100] "GET / HTTP/1.1" 200 63871 "-" "Mozilla/5.0 (Linux; Android 6.0; HTC One M9 Build/MRA988726) AppleWebKit/537.36 (KHTML, like Gecko) Chrome/52.0.2745.98 Mobile Safari/537.3"
159.89.12.166 - - [22/Mar/2025:19:19:50 +0100] "GET /actuator/env HTTP/1.1" 404 4248 "-" "Go-http-client/1.1"
159.89.12.166 - - [22/Mar/2025:19:19:52 +0100] "GET /server HTTP/1.1" 404 1041 "-" "Go-http-client/1.1"
159.89.12.166 - - [22/Mar/2025:19:19:52 +0100] "GET /.vscode/sftp.json HTTP/1.1" 404 1041 "-" "Go-http-client/1.1"
159.89.12.166 - - [22/Mar/2025:19:19:52 +0100] "GET /about HTTP/1.1" 404 1041 "-" "Go-http-client/1.1"
159.89.12.166 - - [22/Mar/2025:19:19:54 +0100] "GET /debug/default/view?panel=config HTTP/1.1" 404 1041 "-" "Go-http-client/1.1"
159.89.12.166 - - [22/Mar/2025:19:19:54 +0100] "GET /v2/_catalog HTTP/1.1" 404 1041 "-" "Go-http-client/1.1"
159.89.12.166 - - [22/Mar/2025:19:19:55 +0100] "GET /ecp/Current/exporttool/microsoft.exchange.ediscovery.exporttool.application HTTP/1.1" 404 1041 "-" "Go-http-client/1.1"
159.89.12.166 - - [22/Mar/2025:19:19:56 +0100] "GET /server-status HTTP/1.1" 403 1044 "-" "Go-http-client/1.1"
159.89.12.166 - - [22/Mar/2025:19:19:56 +0100] "GET /login.action HTTP/1.1" 404 1041 "-" "Go-http-client/1.1"
159.89.12.166 - - [22/Mar/2025:19:19:56 +0100] "GET /_all_dbs HTTP/1.1" 404 1041 "-" "Mozilla/5.0 (l9scan/2.0.2313e2530313e2237313e2336313; +https://leakix.net)"
159.89.12.166 - - [22/Mar/2025:19:19:58 +0100] "GET /.DS_Store HTTP/1.1" 404 1041 "-" "Go-http-client/1.1"
159.89.12.166 - - [22/Mar/2025:19:19:58 +0100] "GET /.env HTTP/1.1" 404 1041 "-" "Go-http-client/1.1"
159.89.12.166 - - [22/Mar/2025:19:19:59 +0100] "GET /.git/config HTTP/1.1" 404 1041 "-" "Go-http-client/1.1"
159.89.12.166 - - [22/Mar/2025:19:19:59 +0100] "GET /s/2313e2530313e2237313e2336313/_/;/META-INF/maven/com.atlassian.jira/jira-webapp-dist/pom.properties HTTP/1.1" 404 1041 "-" "Go-http-client/1.1"
159.89.12.166 - - [22/Mar/2025:19:20:01 +0100] "GET /config.json HTTP/1.1" 404 1041 "-" "Go-http-client/1.1"
159.89.12.166 - - [22/Mar/2025:19:20:01 +0100] "GET /telescope/requests HTTP/1.1" 404 1041 "-" "Go-http-client/1.1"
159.89.12.166 - - [22/Mar/2025:19:20:02 +0100] "GET /info.php HTTP/1.1" 404 779 "-" "Go-http-client/1.1"
159.89.12.166 - - [22/Mar/2025:19:20:04 +0100] "GET /?rest_route=/wp/v2/users/ HTTP/1.1" 200 2598 "-" "Go-http-client/1.1"
163.172.105.12 - - [22/Mar/2025:22:35:52 +0100] "POST /wp-cron.php?doing_wp_cron=1742679352.1731700897216796875000 HTTP/1.1" 200 4083 "-" "WordPress/6.6.2; https://startupclm.ncdesarrollos.com"
206.168.34.216 - - [22/Mar/2025:22:35:51 +0100] "GET / HTTP/1.1" 200 16631 "-" "Mozilla/5.0 (compatible; CensysInspect/1.1; +https://about.censys.io/)"
206.168.34.216 - - [22/Mar/2025:22:35:56 +0100] "GET /favicon.ico HTTP/1.1" 404 4248 "-" "Mozilla/5.0 (compatible; CensysInspect/1.1; +https://about.censys.io/)"
206.168.34.216 - - [22/Mar/2025:22:36:35 +0100] "GET /favicon.ico HTTP/1.1" 404 4248 "-" "Mozilla/5.0 (compatible; CensysInspect/1.1; +https://about.censys.io/)"
162.142.125.220 - - [23/Mar/2025:00:59:56 +0100] "GET / HTTP/1.1" 301 557 "-" "Mozilla/5.0 (compatible; CensysInspect/1.1; +https://about.censys.io/)"
162.142.125.220 - - [23/Mar/2025:01:00:00 +0100] "GET /favicon.ico HTTP/1.1" 301 598 "-" "Mozilla/5.0 (compatible; CensysInspect/1.1; +https://about.censys.io/)"
162.142.125.220 - - [23/Mar/2025:01:00:02 +0100] "GET /favicon.ico HTTP/1.1" 404 4248 "http://startupclm.ncdesarrollos.com/favicon.ico" "Mozilla/5.0 (compatible; CensysInspect/1.1; +https://about.censys.io/)"
185.247.137.9 - - [23/Mar/2025:03:48:39 +0100] "GET / HTTP/1.1" 301 576 "-" "Mozilla/5.0 (compatible; InternetMeasurement/1.0; +https://internet-measurement.com/)"
163.172.105.12 - - [23/Mar/2025:03:48:40 +0100] "POST /wp-cron.php?doing_wp_cron=1742698120.4158151149749755859375 HTTP/1.1" 200 4083 "-" "WordPress/6.6.2; https://startupclm.ncdesarrollos.com"
185.247.137.9 - - [23/Mar/2025:03:48:39 +0100] "GET / HTTP/1.1" 200 16650 "http://startupclm.ncdesarrollos.com" "Mozilla/5.0 (compatible; InternetMeasurement/1.0; +https://internet-measurement.com/)"
185.247.137.88 - - [23/Mar/2025:03:48:41 +0100] "GET /favicon.ico HTTP/1.1" 404 4295 "-" "Mozilla/5.0 (compatible; InternetMeasurement/1.0; +https://internet-measurement.com/)"
159.65.216.50 - - [23/Mar/2025:03:48:41 +0100] "GET /favicon.ico HTTP/1.1" 404 4295 "-" "Mozilla/5.0 (compatible; InternetMeasurement/1.0; +https://internet-measurement.com/)"
163.172.105.12 - - [23/Mar/2025:05:21:03 +0100] "POST /wp-cron.php?doing_wp_cron=1742703663.0043449401855468750000 HTTP/1.1" 200 4083 "-" "WordPress/6.6.2; https://startupclm.ncdesarrollos.com"
35.171.144.152 - - [23/Mar/2025:05:21:02 +0100] "GET / HTTP/1.1" 200 16678 "-" "Mozilla/5.0 (Windows NT 10.0; Win64; x64) AppleWebKit/537.36 (KHTML, like Gecko) Chrome/100.0.4896.75 Safari/537.36"
35.171.144.152 - - [23/Mar/2025:05:21:03 +0100] "GET / HTTP/1.1" 301 557 "-" "Mozilla/5.0 (Windows NT 10.0; Win64; x64) AppleWebKit/537.36 (KHTML, like Gecko) Chrome/100.0.4896.75 Safari/537.36"
35.171.144.152 - - [23/Mar/2025:05:21:03 +0100] "GET / HTTP/1.1" 200 12876 "-" "Mozilla/5.0 (Windows NT 10.0; Win64; x64) AppleWebKit/537.36 (KHTML, like Gecko) Chrome/100.0.4896.75 Safari/537.36"
103.102.230.8 - - [24/Mar/2025:05:33:34 +0100] "GET /.git/config HTTP/1.1" 404 4248 "-" "Mozilla/5.0 (Ubuntu; Linux x86_64) AppleWebKit/537.36 (KHTML, like Gecko) Chrome/128.0.0.0 Safari/537.36"
103.102.230.8 - - [24/Mar/2025:10:09:05 +0100] "GET /.git/config HTTP/1.1" 404 4248 "-" "Mozilla/5.0 (SS; Linux i686; rv:122.0) Gecko/20100101 Firefox/122.0"
101.198.0.152 - - [24/Mar/2025:21:06:11 +0100] "GET / HTTP/1.1" 301 557 "-" "Mozilla/5.0 (Macintosh; Intel Mac OS X 10_15_7) AppleWebKit/537.36 (KHTML, like Gecko) Chrome/120.0.0.0 Safari/537.36 Edg/120.0.0.0"
163.172.105.12 - - [24/Mar/2025:21:06:19 +0100] "POST /wp-cron.php?doing_wp_cron=1742846779.4875171184539794921875 HTTP/1.1" 200 4083 "-" "WordPress/6.6.2; https://startupclm.ncdesarrollos.com"
101.198.0.189 - - [24/Mar/2025:21:06:18 +0100] "GET / HTTP/1.1" 200 16631 "http://startupclm.ncdesarrollos.com/" "Mozilla/5.0 (Macintosh; Intel Mac OS X 10_7_0) AppleWebKit/535.11 (KHTML, like Gecko) Chrome/17.0.963.56 Safari/535.11"
101.198.0.189 - - [24/Mar/2025:21:06:20 +0100] "GET /favicon.ico HTTP/1.1" 301 579 "-" "Mozilla/5.0 (Macintosh; Intel Mac OS X 10_7_0) AppleWebKit/535.11 (KHTML, like Gecko) Chrome/17.0.963.56 Safari/535.11"
163.172.105.12 - - [24/Mar/2025:21:06:21 +0100] "POST /wp-admin/admin-ajax.php?action=wp_1_wc_privacy_cleanup&nonce=84c1d517d6 HTTP/1.1" 200 4218 "-" "WordPress/6.6.2; https://startupclm.ncdesarrollos.com"
101.198.0.157 - - [24/Mar/2025:21:06:22 +0100] "GET /favicon.ico HTTP/1.1" 404 4229 "http://startupclm.ncdesarrollos.com/favicon.ico" "Mozilla/5.0 (Macintosh; Intel Mac OS X 10_7_0) AppleWebKit/535.11 (KHTML, like Gecko) Chrome/17.0.963.56 Safari/535.11"
101.198.0.182 - - [24/Mar/2025:21:06:23 +0100] "GET /robots.txt HTTP/1.1" 301 577 "-" "Mozilla/5.0 (Macintosh; Intel Mac OS X 10_7_0) AppleWebKit/535.11 (KHTML, like Gecko) Chrome/17.0.963.56 Safari/535.11"
101.198.0.150 - - [24/Mar/2025:21:06:24 +0100] "GET /robots.txt HTTP/1.1" 404 4229 "http://startupclm.ncdesarrollos.com/robots.txt" "Mozilla/5.0 (Macintosh; Intel Mac OS X 10_7_0) AppleWebKit/535.11 (KHTML, like Gecko) Chrome/17.0.963.56 Safari/535.11"
101.198.0.181 - - [24/Mar/2025:21:06:25 +0100] "GET /sitemap.xml HTTP/1.1" 301 579 "-" "Mozilla/5.0 (Macintosh; Intel Mac OS X 10_7_0) AppleWebKit/535.11 (KHTML, like Gecko) Chrome/17.0.963.56 Safari/535.11"
101.198.0.180 - - [24/Mar/2025:21:06:43 +0100] "GET /config.json HTTP/1.1" 301 579 "-" "Mozilla/5.0 (Macintosh; Intel Mac OS X 10_7_0) AppleWebKit/535.11 (KHTML, like Gecko) Chrome/17.0.963.56 Safari/535.11"
101.198.0.150 - - [24/Mar/2025:21:06:46 +0100] "GET /wp-content/plugins/woocommerce/readme.txt HTTP/1.1" 301 695 "-" "python-requests/2.32.3"
167.94.138.207 - - [25/Mar/2025:00:07:52 +0100] "GET / HTTP/1.1" 301 557 "-" "Mozilla/5.0 (compatible; CensysInspect/1.1; +https://about.censys.io/)"
167.94.138.207 - - [25/Mar/2025:00:08:04 +0100] "GET /favicon.ico HTTP/1.1" 301 598 "-" "Mozilla/5.0 (compatible; CensysInspect/1.1; +https://about.censys.io/)"
167.94.138.207 - - [25/Mar/2025:00:08:07 +0100] "GET /favicon.ico HTTP/1.1" 404 4248 "http://startupclm.ncdesarrollos.com/favicon.ico" "Mozilla/5.0 (compatible; CensysInspect/1.1; +https://about.censys.io/)"
163.172.105.12 - - [25/Mar/2025:09:14:36 +0100] "POST /wp-cron.php?doing_wp_cron=1742890476.2145500183105468750000 HTTP/1.1" 200 4083 "-" "WordPress/6.6.2; https://startupclm.ncdesarrollos.com"
147.185.132.189 - - [25/Mar/2025:09:14:35 +0100] "GET / HTTP/1.1" 200 63852 "-" "Expanse, a Palo Alto Networks company, searches across the global IPv4 space multiple times per day to identify customers' presences on the Internet. If you would like to be excluded from our scans, please send IP addresses/domains to: scaninfo@paloaltonetworks.com"
163.172.105.12 - - [25/Mar/2025:12:06:02 +0100] "POST /wp-cron.php?doing_wp_cron=1742900762.8270740509033203125000 HTTP/1.1" 200 4083 "-" "WordPress/6.6.2; https://startupclm.ncdesarrollos.com"
147.185.132.243 - - [25/Mar/2025:12:06:02 +0100] "GET /wp-login.php HTTP/1.1" 200 11819 "-" "Expanse, a Palo Alto Networks company, searches across the global IPv4 space multiple times per day to identify customers' presences on the Internet. If you would like to be excluded from our scans, please send IP addresses/domains to: scaninfo@paloaltonetworks.com"
163.172.105.12 - - [25/Mar/2025:12:06:07 +0100] "POST /wp-admin/admin-ajax.php?action=wp_1_wc_privacy_cleanup&nonce=2553dd4090 HTTP/1.1" 200 4218 "-" "WordPress/6.6.2; https://startupclm.ncdesarrollos.com"
161.35.7.203 - - [25/Mar/2025:13:43:17 +0100] "GET / HTTP/1.1" 301 557 "-" "Mozilla/5.0 (compatible)"
161.35.7.203 - - [25/Mar/2025:13:43:18 +0100] "GET /ads.txt HTTP/1.1" 301 571 "-" "Mozilla/5.0 (compatible)"
163.172.105.12 - - [25/Mar/2025:13:43:18 +0100] "POST /wp-cron.php?doing_wp_cron=1742906598.8114650249481201171875 HTTP/1.1" 200 4083 "-" "WordPress/6.6.2; https://startupclm.ncdesarrollos.com"
161.35.7.203 - - [25/Mar/2025:13:43:18 +0100] "GET / HTTP/1.1" 200 16631 "-" "Mozilla/5.0 (compatible)"
161.35.7.203 - - [25/Mar/2025:13:43:21 +0100] "GET /favicon.ico HTTP/1.1" 404 4229 "https://startupclm.ncdesarrollos.com/" "Mozilla/5.0 (compatible)"
161.35.7.203 - - [25/Mar/2025:13:43:21 +0100] "GET /ads.txt HTTP/1.1" 404 4229 "-" "Mozilla/5.0 (compatible)"
1.192.192.8 - - [25/Mar/2025:21:19:00 +0100] "GET / HTTP/1.1" 301 557 "-" "Mozilla/5.0 (Macintosh; Intel Mac OS X 10_15_7) AppleWebKit/537.36 (KHTML, like Gecko) Chrome/120.0.0.0 Safari/537.36 Edg/120.0.0.0"
163.172.105.12 - - [25/Mar/2025:21:19:09 +0100] "POST /wp-cron.php?doing_wp_cron=1742933949.5711541175842285156250 HTTP/1.1" 200 4083 "-" "WordPress/6.6.2; https://startupclm.ncdesarrollos.com"
1.192.192.4 - - [25/Mar/2025:21:19:09 +0100] "GET / HTTP/1.1" 200 16631 "http://startupclm.ncdesarrollos.com/" "Mozilla/5.0 (Macintosh; Intel Mac OS X 10_7_0) AppleWebKit/535.11 (KHTML, like Gecko) Chrome/17.0.963.56 Safari/535.11"
1.192.192.6 - - [25/Mar/2025:21:19:12 +0100] "GET /favicon.ico HTTP/1.1" 301 579 "-" "Mozilla/5.0 (Macintosh; Intel Mac OS X 10_7_0) AppleWebKit/535.11 (KHTML, like Gecko) Chrome/17.0.963.56 Safari/535.11"
1.192.192.8 - - [25/Mar/2025:21:19:19 +0100] "GET /favicon.ico HTTP/1.1" 404 4229 "http://startupclm.ncdesarrollos.com/favicon.ico" "Mozilla/5.0 (Macintosh; Intel Mac OS X 10_7_0) AppleWebKit/535.11 (KHTML, like Gecko) Chrome/17.0.963.56 Safari/535.11"
1.192.192.6 - - [25/Mar/2025:21:19:21 +0100] "GET /robots.txt HTTP/1.1" 301 577 "-" "Mozilla/5.0 (Macintosh; Intel Mac OS X 10_7_0) AppleWebKit/535.11 (KHTML, like Gecko) Chrome/17.0.963.56 Safari/535.11"
1.192.192.6 - - [25/Mar/2025:21:19:24 +0100] "GET /robots.txt HTTP/1.1" 404 4229 "http://startupclm.ncdesarrollos.com/robots.txt" "Mozilla/5.0 (Macintosh; Intel Mac OS X 10_7_0) AppleWebKit/535.11 (KHTML, like Gecko) Chrome/17.0.963.56 Safari/535.11"
1.192.192.8 - - [25/Mar/2025:21:19:26 +0100] "GET /sitemap.xml HTTP/1.1" 301 579 "-" "Mozilla/5.0 (Macintosh; Intel Mac OS X 10_7_0) AppleWebKit/535.11 (KHTML, like Gecko) Chrome/17.0.963.56 Safari/535.11"
1.192.192.4 - - [25/Mar/2025:21:19:29 +0100] "GET /sitemap.xml HTTP/1.1" 404 4229 "http://startupclm.ncdesarrollos.com/sitemap.xml" "Mozilla/5.0 (Macintosh; Intel Mac OS X 10_7_0) AppleWebKit/535.11 (KHTML, like Gecko) Chrome/17.0.963.56 Safari/535.11"
1.192.192.6 - - [25/Mar/2025:21:19:31 +0100] "GET /config.json HTTP/1.1" 301 579 "-" "Mozilla/5.0 (Macintosh; Intel Mac OS X 10_7_0) AppleWebKit/535.11 (KHTML, like Gecko) Chrome/17.0.963.56 Safari/535.11"
1.192.192.8 - - [25/Mar/2025:21:19:41 +0100] "GET /wp-content/plugins/woocommerce/readme.txt HTTP/1.1" 301 695 "-" "python-requests/2.32.3"
1.192.192.8 - - [25/Mar/2025:21:20:17 +0100] "GET /wp-content/plugins/woocommerce/readme.txt HTTP/1.1" 200 10624 "-" "python-requests/2.32.3"
163.172.105.12 - - [29/Mar/2025:06:25:38 +0100] "POST /wp-cron.php?doing_wp_cron=1743225938.3318080902099609375000 HTTP/1.1" 200 4083 "-" "WordPress/6.6.2; https://startupclm.ncdesarrollos.com"
147.185.132.225 - - [29/Mar/2025:06:25:37 +0100] "GET / HTTP/1.1" 200 63852 "-" "Expanse, a Palo Alto Networks company, searches across the global IPv4 space multiple times per day to identify customers' presences on the Internet. If you would like to be excluded from our scans, please send IP addresses/domains to: scaninfo@paloaltonetworks.com"
163.172.105.12 - - [29/Mar/2025:06:25:43 +0100] "POST /wp-admin/admin-ajax.php?action=wp_1_wc_privacy_cleanup&nonce=574f1c29eb HTTP/1.1" 200 4218 "-" "WordPress/6.6.2; https://startupclm.ncdesarrollos.com"
34.221.111.118 - - [29/Mar/2025:18:39:20 +0100] "GET /.git/config HTTP/1.1" 404 4248 "-" "Mozilla/5.0 (Windows NT 6.1; WOW64) AppleWebKit/537.36 (KHTML, like Gecko) Chrome/69.0.3947.100 Safari/537.36"
163.172.105.12 - - [29/Mar/2025:21:40:51 +0100] "POST /wp-cron.php?doing_wp_cron=1743280850.9913659095764160156250 HTTP/1.1" 200 4083 "-" "WordPress/6.6.2; https://startupclm.ncdesarrollos.com"
198.235.24.175 - - [29/Mar/2025:21:40:50 +0100] "GET / HTTP/1.1" 200 63852 "-" "-"
205.210.31.132 - - [30/Mar/2025:03:53:04 +0200] "GET / HTTP/1.1" 301 557 "-" "-"
163.172.105.12 - - [30/Mar/2025:03:53:05 +0200] "POST /wp-cron.php?doing_wp_cron=1743299585.2952890396118164062500 HTTP/1.1" 200 4083 "-" "WordPress/6.6.2; https://startupclm.ncdesarrollos.com"
205.210.31.132 - - [30/Mar/2025:03:53:04 +0200] "GET / HTTP/1.1" 200 63852 "http://163.172.105.12:80/" "-"
163.172.105.12 - - [30/Mar/2025:03:53:07 +0200] "POST /wp-cron.php HTTP/1.1" 200 4083 "-" "WordPress/6.6.2; https://startupclm.ncdesarrollos.com"
163.172.105.12 - - [30/Mar/2025:03:53:07 +0200] "GET / HTTP/1.1" 200 16697 "-" "WordPress/6.6.2; https://startupclm.ncdesarrollos.com"
163.172.105.12 - - [30/Mar/2025:03:53:07 +0200] "GET / HTTP/1.1" 200 16697 "-" "WordPress/6.6.2; https://startupclm.ncdesarrollos.com"
163.172.105.12 - - [30/Mar/2025:03:53:07 +0200] "GET / HTTP/1.1" 200 16697 "-" "WordPress/6.6.2; https://startupclm.ncdesarrollos.com"
