79.117.196.149 - - [18/Oct/2024:12:04:49 +0200] "GET /wp-content/plugins/woocommerce/assets/client/admin/chunks/homescreen.js?ver=05871190c843df005e3f HTTP/1.1" 200 857 "https://startupclm.ncdesarrollos.com/wp-admin/admin.php?page=wc-admin" "Mozilla/5.0 (Windows NT 10.0; Win64; x64) AppleWebKit/537.36 (KHTML, like Gecko) Chrome/130.0.0.0 Safari/537.36"
79.117.196.149 - - [18/Oct/2024:12:04:48 +0200] "GET /index.php/wp-json/jetpack/v4/connection?_locale=user HTTP/1.1" 200 960 "https://startupclm.ncdesarrollos.com/wp-admin/admin.php?page=wc-admin" "Mozilla/5.0 (Windows NT 10.0; Win64; x64) AppleWebKit/537.36 (KHTML, like Gecko) Chrome/130.0.0.0 Safari/537.36"
79.117.196.149 - - [18/Oct/2024:12:04:48 +0200] "GET /index.php/wp-json/wc-admin/plugins/installed?_locale=user HTTP/1.1" 200 766 "https://startupclm.ncdesarrollos.com/wp-admin/admin.php?page=wc-admin" "Mozilla/5.0 (Windows NT 10.0; Win64; x64) AppleWebKit/537.36 (KHTML, like Gecko) Chrome/130.0.0.0 Safari/537.36"
79.117.196.149 - - [18/Oct/2024:12:04:48 +0200] "GET /index.php/wp-json/wc-admin/onboarding/tasks?_locale=user HTTP/1.1" 200 8159 "https://startupclm.ncdesarrollos.com/wp-admin/admin.php?page=wc-admin" "Mozilla/5.0 (Windows NT 10.0; Win64; x64) AppleWebKit/537.36 (KHTML, like Gecko) Chrome/130.0.0.0 Safari/537.36"
79.117.196.149 - - [18/Oct/2024:12:04:50 +0200] "GET /wp-content/plugins/woocommerce/assets/client/admin/chunks/5292.style.css?ver=f2f4613b7581c5ca344f HTTP/1.1" 200 11794 "https://startupclm.ncdesarrollos.com/wp-admin/admin.php?page=wc-admin&path=%2Fextensions" "Mozilla/5.0 (Windows NT 10.0; Win64; x64) AppleWebKit/537.36 (KHTML, like Gecko) Chrome/130.0.0.0 Safari/537.36"
79.117.196.149 - - [18/Oct/2024:12:04:50 +0200] "GET /wp-content/plugins/woocommerce/assets/client/admin/chunks/9669.style.css?ver=14a7aff9e9addbf0c81e HTTP/1.1" 200 19812 "https://startupclm.ncdesarrollos.com/wp-admin/admin.php?page=wc-admin&path=%2Fextensions" "Mozilla/5.0 (Windows NT 10.0; Win64; x64) AppleWebKit/537.36 (KHTML, like Gecko) Chrome/130.0.0.0 Safari/537.36"
79.117.196.149 - - [18/Oct/2024:12:04:48 +0200] "GET /index.php/wp-json/wc-admin/options?options=woocommerce_ces_tracks_queue&_locale=user HTTP/1.1" 200 755 "https://startupclm.ncdesarrollos.com/wp-admin/admin.php?page=wc-admin" "Mozilla/5.0 (Windows NT 10.0; Win64; x64) AppleWebKit/537.36 (KHTML, like Gecko) Chrome/130.0.0.0 Safari/537.36"
79.117.196.149 - - [18/Oct/2024:12:04:49 +0200] "GET /index.php/wp-json/wc-admin/options?options=woocommerce_coming_soon%2Cwoocommerce_store_pages_only%2Cwoocommerce_private_link%2Cwoocommerce_share_key%2Cwoocommerce_admin_transient_notices_queue%2Cwoocommerce_admin_install_timestamp&_locale=user HTTP/1.1" 200 979 "https://startupclm.ncdesarrollos.com/wp-admin/admin.php?page=wc-admin" "Mozilla/5.0 (Windows NT 10.0; Win64; x64) AppleWebKit/537.36 (KHTML, like Gecko) Chrome/130.0.0.0 Safari/537.36"
79.117.196.149 - - [18/Oct/2024:12:04:49 +0200] "GET /index.php/wp-json/wc-analytics/admin/notes?page=1&per_page=25&type=error%2Cupdate&status=unactioned&_locale=user HTTP/1.1" 200 733 "https://startupclm.ncdesarrollos.com/wp-admin/admin.php?page=wc-admin" "Mozilla/5.0 (Windows NT 10.0; Win64; x64) AppleWebKit/537.36 (KHTML, like Gecko) Chrome/130.0.0.0 Safari/537.36"
79.117.196.149 - - [18/Oct/2024:12:04:49 +0200] "GET /index.php/wp-json/jetpack/v4/connection/data?_locale=user HTTP/1.1" 200 1038 "https://startupclm.ncdesarrollos.com/wp-admin/admin.php?page=wc-admin" "Mozilla/5.0 (Windows NT 10.0; Win64; x64) AppleWebKit/537.36 (KHTML, like Gecko) Chrome/130.0.0.0 Safari/537.36"
79.117.196.149 - - [18/Oct/2024:12:04:51 +0200] "GET /wp-content/plugins/woocommerce/assets/client/admin/chunks/5292.js?ver=8625e297973132bff1ed HTTP/1.1" 200 3653 "https://startupclm.ncdesarrollos.com/wp-admin/admin.php?page=wc-admin&path=%2Fextensions" "Mozilla/5.0 (Windows NT 10.0; Win64; x64) AppleWebKit/537.36 (KHTML, like Gecko) Chrome/130.0.0.0 Safari/537.36"
79.117.196.149 - - [18/Oct/2024:12:04:51 +0200] "GET /wp-content/plugins/woocommerce/assets/client/admin/chunks/marketplace.js?ver=fed2dbd9c11e5599ba36 HTTP/1.1" 200 22504 "https://startupclm.ncdesarrollos.com/wp-admin/admin.php?page=wc-admin&path=%2Fextensions" "Mozilla/5.0 (Windows NT 10.0; Win64; x64) AppleWebKit/537.36 (KHTML, like Gecko) Chrome/130.0.0.0 Safari/537.36"
79.117.196.149 - - [18/Oct/2024:12:04:50 +0200] "GET /index.php/wp-json/wc-analytics/admin/notes?page=1&per_page=100&status=unactioned&type%5B0%5D=info&type%5B1%5D=marketing&type%5B2%5D=survey&type%5B3%5D=warning&orderby=date&order=desc&_fields%5B0%5D=id&_fields%5B1%5D=name&_fields%5B2%5D=title&_fields%5B3%5D=content&_fields%5B4%5D=type&_fields%5B5%5D=status&_fields%5B6%5D=actions&_fields%5B7%5D=date_created&_fields%5B8%5D=date_created_gmt&_fields%5B9%5D=layout&_fields%5B10%5D=image&_fields%5B11%5D=is_deleted&_fields%5B12%5D=is_read&_fields%5B13%5D=locale&is_read=false&_locale=user HTTP/1.1" 200 733 "https://startupclm.ncdesarrollos.com/wp-admin/admin.php?page=wc-admin" "Mozilla/5.0 (Windows NT 10.0; Win64; x64) AppleWebKit/537.36 (KHTML, like Gecko) Chrome/130.0.0.0 Safari/537.36"
79.117.196.149 - - [18/Oct/2024:12:04:50 +0200] "GET /index.php/wp-json/wc-analytics/admin/notes?page=1&per_page=5&status=unactioned&type%5B0%5D=info&type%5B1%5D=marketing&type%5B2%5D=survey&type%5B3%5D=warning&orderby=date&order=desc&_fields%5B0%5D=id&_fields%5B1%5D=name&_fields%5B2%5D=title&_fields%5B3%5D=content&_fields%5B4%5D=type&_fields%5B5%5D=status&_fields%5B6%5D=actions&_fields%5B7%5D=date_created&_fields%5B8%5D=date_created_gmt&_fields%5B9%5D=layout&_fields%5B10%5D=image&_fields%5B11%5D=is_deleted&_fields%5B12%5D=is_read&_fields%5B13%5D=locale&_locale=user HTTP/1.1" 200 733 "https://startupclm.ncdesarrollos.com/wp-admin/admin.php?page=wc-admin" "Mozilla/5.0 (Windows NT 10.0; Win64; x64) AppleWebKit/537.36 (KHTML, like Gecko) Chrome/130.0.0.0 Safari/537.36"
79.117.196.149 - - [18/Oct/2024:12:04:50 +0200] "GET /index.php/wp-json/wc-admin/onboarding/profile?_locale=user HTTP/1.1" 200 1155 "https://startupclm.ncdesarrollos.com/wp-admin/admin.php?page=wc-admin" "Mozilla/5.0 (Windows NT 10.0; Win64; x64) AppleWebKit/537.36 (KHTML, like Gecko) Chrome/130.0.0.0 Safari/537.36"
79.117.196.149 - - [18/Oct/2024:12:04:50 +0200] "GET /index.php/wp-json/wc-analytics/reports/performance-indicators?after=2024-10-18T00%3A00%3A00&before=2024-10-18T12%3A04%3A50&stats=revenue%2Ftotal_sales%2Corders%2Forders_count&_locale=user HTTP/1.1" 200 1304 "https://startupclm.ncdesarrollos.com/wp-admin/admin.php?page=wc-admin" "Mozilla/5.0 (Windows NT 10.0; Win64; x64) AppleWebKit/537.36 (KHTML, like Gecko) Chrome/130.0.0.0 Safari/537.36"
79.117.196.149 - - [18/Oct/2024:12:04:51 +0200] "GET /index.php/wp-json/wc-analytics/reports/performance-indicators?after=2024-10-17T00%3A00%3A00&before=2024-10-17T23%3A59%3A59&stats=revenue%2Ftotal_sales%2Corders%2Forders_count&_locale=user HTTP/1.1" 200 1304 "https://startupclm.ncdesarrollos.com/wp-admin/admin.php?page=wc-admin" "Mozilla/5.0 (Windows NT 10.0; Win64; x64) AppleWebKit/537.36 (KHTML, like Gecko) Chrome/130.0.0.0 Safari/537.36"
79.117.196.149 - - [18/Oct/2024:12:04:51 +0200] "GET /index.php/wp-json/wc/v3/marketplace/featured?locale=es_ES&_locale=user HTTP/1.1" 200 28949 "https://startupclm.ncdesarrollos.com/wp-admin/admin.php?page=wc-admin&path=%2Fextensions" "Mozilla/5.0 (Windows NT 10.0; Win64; x64) AppleWebKit/537.36 (KHTML, like Gecko) Chrome/130.0.0.0 Safari/537.36"
79.117.196.149 - - [18/Oct/2024:12:04:56 +0200] "GET /index.php/wp-json/wp/v2/themes?context=edit&status=active&_locale=user HTTP/1.1" 200 4783 "https://startupclm.ncdesarrollos.com/wp-admin/admin.php?page=wc-admin&term=stripe&tab=search&path=%2Fextensions" "Mozilla/5.0 (Windows NT 10.0; Win64; x64) AppleWebKit/537.36 (KHTML, like Gecko) Chrome/130.0.0.0 Safari/537.36"
205.169.39.21 - - [18/Oct/2024:12:25:02 +0200] "GET / HTTP/1.1" 301 613 "-" "Mozilla/5.0 (Windows NT 10.0; Win64; x64) AppleWebKit/537.36 (KHTML, like Gecko) Chrome/117.0.5938.132 Safari/537.36"
163.172.105.12 - - [18/Oct/2024:12:25:04 +0200] "POST /wp-cron.php?doing_wp_cron=1729247104.1562631130218505859375 HTTP/1.1" 200 4078 "-" "WordPress/6.6.2; https://startupclm.ncdesarrollos.com"
205.169.39.21 - - [18/Oct/2024:12:25:03 +0200] "GET / HTTP/1.1" 200 16729 "-" "Mozilla/5.0 (Windows NT 10.0; Win64; x64) AppleWebKit/537.36 (KHTML, like Gecko) Chrome/117.0.5938.132 Safari/537.36"
205.169.39.21 - - [18/Oct/2024:12:25:04 +0200] "GET /wp-includes/blocks/cover/style.min.css?ver=6.6.2 HTTP/1.1" 200 1989 "https://startupclm.ncdesarrollos.com/" "Mozilla/5.0 (Windows NT 10.0; Win64; x64) AppleWebKit/537.36 (KHTML, like Gecko) Chrome/117.0.5938.132 Safari/537.36"
205.169.39.21 - - [18/Oct/2024:12:25:04 +0200] "GET /wp-content/plugins/woocommerce/assets/client/blocks/wc-blocks.css?ver=wc-9.3.3 HTTP/1.1" 200 2959 "https://startupclm.ncdesarrollos.com/" "Mozilla/5.0 (Windows NT 10.0; Win64; x64) AppleWebKit/537.36 (KHTML, like Gecko) Chrome/117.0.5938.132 Safari/537.36"
205.169.39.21 - - [18/Oct/2024:12:25:05 +0200] "GET /wp-content/plugins/woocommerce/assets/client/blocks/coming-soon.css?ver=wc-9.3.3 HTTP/1.1" 200 2155 "https://startupclm.ncdesarrollos.com/" "Mozilla/5.0 (Windows NT 10.0; Win64; x64) AppleWebKit/537.36 (KHTML, like Gecko) Chrome/117.0.5938.132 Safari/537.36"
205.169.39.21 - - [18/Oct/2024:12:25:05 +0200] "GET /wp-content/plugins/woocommerce/assets/css/woocommerce-layout.css?ver=9.3.3 HTTP/1.1" 200 6774 "https://startupclm.ncdesarrollos.com/" "Mozilla/5.0 (Windows NT 10.0; Win64; x64) AppleWebKit/537.36 (KHTML, like Gecko) Chrome/117.0.5938.132 Safari/537.36"
205.169.39.21 - - [18/Oct/2024:12:25:05 +0200] "GET /wp-content/plugins/woocommerce/assets/css/woocommerce-blocktheme.css?ver=9.3.3 HTTP/1.1" 200 2350 "https://startupclm.ncdesarrollos.com/" "Mozilla/5.0 (Windows NT 10.0; Win64; x64) AppleWebKit/537.36 (KHTML, like Gecko) Chrome/117.0.5938.132 Safari/537.36"
205.169.39.21 - - [18/Oct/2024:12:25:05 +0200] "GET /wp-content/plugins/woocommerce/assets/css/woocommerce.css?ver=9.3.3 HTTP/1.1" 200 10998 "https://startupclm.ncdesarrollos.com/" "Mozilla/5.0 (Windows NT 10.0; Win64; x64) AppleWebKit/537.36 (KHTML, like Gecko) Chrome/117.0.5938.132 Safari/537.36"
205.169.39.21 - - [18/Oct/2024:12:25:05 +0200] "GET /wp-includes/js/jquery/jquery-migrate.min.js?ver=3.4.1 HTTP/1.1" 200 5289 "https://startupclm.ncdesarrollos.com/" "Mozilla/5.0 (Windows NT 10.0; Win64; x64) AppleWebKit/537.36 (KHTML, like Gecko) Chrome/117.0.5938.132 Safari/537.36"
205.169.39.21 - - [18/Oct/2024:12:25:05 +0200] "GET /wp-content/plugins/woocommerce/assets/js/sourcebuster/sourcebuster.min.js?ver=9.3.3 HTTP/1.1" 200 5224 "https://startupclm.ncdesarrollos.com/" "Mozilla/5.0 (Windows NT 10.0; Win64; x64) AppleWebKit/537.36 (KHTML, like Gecko) Chrome/117.0.5938.132 Safari/537.36"
205.169.39.21 - - [18/Oct/2024:12:25:05 +0200] "GET /wp-includes/js/jquery/jquery.min.js?ver=3.7.1 HTTP/1.1" 200 30853 "https://startupclm.ncdesarrollos.com/" "Mozilla/5.0 (Windows NT 10.0; Win64; x64) AppleWebKit/537.36 (KHTML, like Gecko) Chrome/117.0.5938.132 Safari/537.36"
205.169.39.21 - - [18/Oct/2024:12:25:05 +0200] "GET /wp-content/plugins/woocommerce/assets/js/frontend/order-attribution.min.js?ver=9.3.3 HTTP/1.1" 200 1509 "https://startupclm.ncdesarrollos.com/" "Mozilla/5.0 (Windows NT 10.0; Win64; x64) AppleWebKit/537.36 (KHTML, like Gecko) Chrome/117.0.5938.132 Safari/537.36"
205.169.39.21 - - [18/Oct/2024:12:25:05 +0200] "GET /wp-content/plugins/woocommerce/assets/js/jquery-blockui/jquery.blockUI.min.js?ver=2.7.0-wc.9.3.3 HTTP/1.1" 200 3954 "https://startupclm.ncdesarrollos.com/" "Mozilla/5.0 (Windows NT 10.0; Win64; x64) AppleWebKit/537.36 (KHTML, like Gecko) Chrome/117.0.5938.132 Safari/537.36"
205.169.39.21 - - [18/Oct/2024:12:25:05 +0200] "GET /wp-content/plugins/woocommerce/assets/js/frontend/add-to-cart.min.js?ver=9.3.3 HTTP/1.1" 200 1721 "https://startupclm.ncdesarrollos.com/" "Mozilla/5.0 (Windows NT 10.0; Win64; x64) AppleWebKit/537.36 (KHTML, like Gecko) Chrome/117.0.5938.132 Safari/537.36"
205.169.39.21 - - [18/Oct/2024:12:25:06 +0200] "GET /wp-content/plugins/woocommerce/assets/js/js-cookie/js.cookie.min.js?ver=2.1.4-wc.9.3.3 HTTP/1.1" 200 1204 "https://startupclm.ncdesarrollos.com/" "Mozilla/5.0 (Windows NT 10.0; Win64; x64) AppleWebKit/537.36 (KHTML, like Gecko) Chrome/117.0.5938.132 Safari/537.36"
205.169.39.21 - - [18/Oct/2024:12:25:06 +0200] "GET /wp-content/plugins/woocommerce/assets/js/frontend/woocommerce.min.js?ver=9.3.3 HTTP/1.1" 200 1500 "https://startupclm.ncdesarrollos.com/" "Mozilla/5.0 (Windows NT 10.0; Win64; x64) AppleWebKit/537.36 (KHTML, like Gecko) Chrome/117.0.5938.132 Safari/537.36"
205.169.39.21 - - [18/Oct/2024:12:25:06 +0200] "GET /wp-content/plugins/woocommerce/assets/css/woocommerce-smallscreen.css?ver=9.3.3 HTTP/1.1" 200 1540 "https://startupclm.ncdesarrollos.com/" "Mozilla/5.0 (Windows NT 10.0; Win64; x64) AppleWebKit/537.36 (KHTML, like Gecko) Chrome/117.0.5938.132 Safari/537.36"
205.169.39.21 - - [18/Oct/2024:12:25:06 +0200] "GET /wp-includes/js/wp-emoji-release.min.js?ver=6.6.2 HTTP/1.1" 200 5479 "https://startupclm.ncdesarrollos.com/" "Mozilla/5.0 (Windows NT 10.0; Win64; x64) AppleWebKit/537.36 (KHTML, like Gecko) Chrome/117.0.5938.132 Safari/537.36"
163.172.105.12 - - [18/Oct/2024:12:31:13 +0200] "POST /wp-cron.php?doing_wp_cron=1729247473.3159360885620117187500 HTTP/1.1" 200 4078 "-" "WordPress/6.6.2; https://startupclm.ncdesarrollos.com"
34.248.137.227 - - [18/Oct/2024:12:31:12 +0200] "GET / HTTP/1.1" 200 16729 "-" "Mozilla/5.0 (X11; Linux x86_64; rv:83.0) Gecko/20100101 Firefox/83.0"
34.248.137.227 - - [18/Oct/2024:12:31:13 +0200] "GET / HTTP/1.1" 200 16729 "-" "Mozilla/5.0 (X11; Linux x86_64) AppleWebKit/537.36 (KHTML, like Gecko) Chrome/126.0.0.0 Safari/537.36"
34.248.137.227 - - [18/Oct/2024:12:31:14 +0200] "GET /wp-includes/blocks/cover/style.min.css?ver=6.6.2 HTTP/1.1" 200 1989 "https://startupclm.ncdesarrollos.com/" "Mozilla/5.0 (X11; Linux x86_64) AppleWebKit/537.36 (KHTML, like Gecko) Chrome/126.0.0.0 Safari/537.36"
34.248.137.227 - - [18/Oct/2024:12:31:14 +0200] "GET /wp-content/plugins/woocommerce/assets/client/blocks/wc-blocks.css?ver=wc-9.3.3 HTTP/1.1" 200 6757 "https://startupclm.ncdesarrollos.com/" "Mozilla/5.0 (X11; Linux x86_64) AppleWebKit/537.36 (KHTML, like Gecko) Chrome/126.0.0.0 Safari/537.36"
34.248.137.227 - - [18/Oct/2024:12:31:14 +0200] "GET /wp-content/plugins/woocommerce/assets/client/blocks/coming-soon.css?ver=wc-9.3.3 HTTP/1.1" 200 1575 "https://startupclm.ncdesarrollos.com/" "Mozilla/5.0 (X11; Linux x86_64) AppleWebKit/537.36 (KHTML, like Gecko) Chrome/126.0.0.0 Safari/537.36"
34.248.137.227 - - [18/Oct/2024:12:31:14 +0200] "GET /wp-content/plugins/woocommerce/assets/css/woocommerce-layout.css?ver=9.3.3 HTTP/1.1" 200 2976 "https://startupclm.ncdesarrollos.com/" "Mozilla/5.0 (X11; Linux x86_64) AppleWebKit/537.36 (KHTML, like Gecko) Chrome/126.0.0.0 Safari/537.36"
34.248.137.227 - - [18/Oct/2024:12:31:14 +0200] "GET /wp-content/plugins/woocommerce/assets/css/woocommerce.css?ver=9.3.3 HTTP/1.1" 200 10418 "https://startupclm.ncdesarrollos.com/" "Mozilla/5.0 (X11; Linux x86_64) AppleWebKit/537.36 (KHTML, like Gecko) Chrome/126.0.0.0 Safari/537.36"
34.248.137.227 - - [18/Oct/2024:12:31:14 +0200] "GET /wp-content/plugins/woocommerce/assets/css/woocommerce-blocktheme.css?ver=9.3.3 HTTP/1.1" 200 2930 "https://startupclm.ncdesarrollos.com/" "Mozilla/5.0 (X11; Linux x86_64) AppleWebKit/537.36 (KHTML, like Gecko) Chrome/126.0.0.0 Safari/537.36"
34.248.137.227 - - [18/Oct/2024:12:31:14 +0200] "GET /wp-includes/js/jquery/jquery.min.js?ver=3.7.1 HTTP/1.1" 200 30853 "https://startupclm.ncdesarrollos.com/" "Mozilla/5.0 (X11; Linux x86_64) AppleWebKit/537.36 (KHTML, like Gecko) Chrome/126.0.0.0 Safari/537.36"
34.248.137.227 - - [18/Oct/2024:12:31:14 +0200] "GET /wp-includes/js/jquery/jquery-migrate.min.js?ver=3.4.1 HTTP/1.1" 200 5289 "https://startupclm.ncdesarrollos.com/" "Mozilla/5.0 (X11; Linux x86_64) AppleWebKit/537.36 (KHTML, like Gecko) Chrome/126.0.0.0 Safari/537.36"
34.248.137.227 - - [18/Oct/2024:12:31:14 +0200] "GET /wp-content/plugins/woocommerce/assets/js/sourcebuster/sourcebuster.min.js?ver=9.3.3 HTTP/1.1" 200 5224 "https://startupclm.ncdesarrollos.com/" "Mozilla/5.0 (X11; Linux x86_64) AppleWebKit/537.36 (KHTML, like Gecko) Chrome/126.0.0.0 Safari/537.36"
34.248.137.227 - - [18/Oct/2024:12:31:14 +0200] "GET /wp-content/plugins/woocommerce/assets/js/frontend/order-attribution.min.js?ver=9.3.3 HTTP/1.1" 200 1509 "https://startupclm.ncdesarrollos.com/" "Mozilla/5.0 (X11; Linux x86_64) AppleWebKit/537.36 (KHTML, like Gecko) Chrome/126.0.0.0 Safari/537.36"
34.248.137.227 - - [18/Oct/2024:12:31:14 +0200] "GET /wp-content/plugins/woocommerce/assets/js/jquery-blockui/jquery.blockUI.min.js?ver=2.7.0-wc.9.3.3 HTTP/1.1" 200 3954 "https://startupclm.ncdesarrollos.com/" "Mozilla/5.0 (X11; Linux x86_64) AppleWebKit/537.36 (KHTML, like Gecko) Chrome/126.0.0.0 Safari/537.36"
34.248.137.227 - - [18/Oct/2024:12:31:14 +0200] "GET /wp-content/plugins/woocommerce/assets/js/frontend/add-to-cart.min.js?ver=9.3.3 HTTP/1.1" 200 1721 "https://startupclm.ncdesarrollos.com/" "Mozilla/5.0 (X11; Linux x86_64) AppleWebKit/537.36 (KHTML, like Gecko) Chrome/126.0.0.0 Safari/537.36"
34.248.137.227 - - [18/Oct/2024:12:31:14 +0200] "GET /wp-content/plugins/woocommerce/assets/js/js-cookie/js.cookie.min.js?ver=2.1.4-wc.9.3.3 HTTP/1.1" 200 1204 "https://startupclm.ncdesarrollos.com/" "Mozilla/5.0 (X11; Linux x86_64) AppleWebKit/537.36 (KHTML, like Gecko) Chrome/126.0.0.0 Safari/537.36"
34.248.137.227 - - [18/Oct/2024:12:31:14 +0200] "GET /wp-content/plugins/woocommerce/assets/js/frontend/woocommerce.min.js?ver=9.3.3 HTTP/1.1" 200 1500 "https://startupclm.ncdesarrollos.com/" "Mozilla/5.0 (X11; Linux x86_64) AppleWebKit/537.36 (KHTML, like Gecko) Chrome/126.0.0.0 Safari/537.36"
34.248.137.227 - - [18/Oct/2024:12:31:14 +0200] "GET /wp-content/plugins/woocommerce/assets/css/woocommerce-smallscreen.css?ver=9.3.3 HTTP/1.1" 200 1540 "https://startupclm.ncdesarrollos.com/" "Mozilla/5.0 (X11; Linux x86_64) AppleWebKit/537.36 (KHTML, like Gecko) Chrome/126.0.0.0 Safari/537.36"
34.248.137.227 - - [18/Oct/2024:12:31:14 +0200] "GET /favicon.ico HTTP/1.1" 404 529 "https://startupclm.ncdesarrollos.com/" "Mozilla/5.0 (X11; Linux x86_64) AppleWebKit/537.36 (KHTML, like Gecko) Chrome/126.0.0.0 Safari/537.36"
34.248.137.227 - - [18/Oct/2024:12:31:15 +0200] "GET / HTTP/1.1" 200 16729 "-" "Mozilla/5.0 (Macintosh; Intel Mac OS X 10_9_2) AppleWebKit/537.36 (KHTML, like Gecko) Chrome/33.0.1750.152 Safari/537.36"
34.248.137.227 - - [18/Oct/2024:12:31:16 +0200] "HEAD /favicon.ico HTTP/1.1" 404 4015 "-" "Mozilla/5.0 (Macintosh; Intel Mac OS X 10_9_2) AppleWebKit/537.36 (KHTML, like Gecko) Chrome/33.0.1750.152 Safari/537.36"
192.175.111.254 - - [18/Oct/2024:13:21:27 +0200] "GET / HTTP/1.1" 301 557 "-" "Mozilla/5.0 (Windows NT 10.0; Win64; x64) AppleWebKit/537.36 (KHTML, like Gecko) Chrome/129.0.0.0 Safari/537.36"
163.172.105.12 - - [18/Oct/2024:13:21:28 +0200] "POST /wp-cron.php?doing_wp_cron=1729250488.2135748863220214843750 HTTP/1.1" 200 4078 "-" "WordPress/6.6.2; https://startupclm.ncdesarrollos.com"
192.175.111.245 - - [18/Oct/2024:13:21:27 +0200] "GET / HTTP/1.1" 200 63894 "-" "Mozilla/5.0 (Windows NT 10.0; Win64; x64) AppleWebKit/537.36 (KHTML, like Gecko) Chrome/129.0.0.0 Safari/537.36"
192.175.111.246 - - [18/Oct/2024:13:21:30 +0200] "GET / HTTP/1.1" 301 557 "-" "Mozilla/5.0 (Windows NT 10.0; Win64; x64) AppleWebKit/537.36 (KHTML, like Gecko) Chrome/129.0.0.0 Safari/537.36"
192.175.111.239 - - [18/Oct/2024:13:21:31 +0200] "GET / HTTP/1.1" 200 63894 "-" "Mozilla/5.0 (Windows NT 10.0; Win64; x64) AppleWebKit/537.36 (KHTML, like Gecko) Chrome/129.0.0.0 Safari/537.36"
192.175.111.243 - - [18/Oct/2024:13:21:32 +0200] "GET /favicon.ico HTTP/1.1" 301 579 "-" "Mozilla/5.0 (Windows NT 10.0; Win64; x64) AppleWebKit/537.36 (KHTML, like Gecko) Chrome/129.0.0.0 Safari/537.36"
64.15.129.125 - - [18/Oct/2024:13:21:32 +0200] "GET /favicon.ico HTTP/1.1" 404 4271 "-" "Mozilla/5.0 (Windows NT 10.0; Win64; x64) AppleWebKit/537.36 (KHTML, like Gecko) Chrome/129.0.0.0 Safari/537.36"
192.175.111.229 - - [18/Oct/2024:13:21:33 +0200] "GET / HTTP/1.1" 301 557 "-" "Mozilla/5.0 (Windows NT 10.0; Win64; x64) AppleWebKit/537.36 (KHTML, like Gecko) Chrome/129.0.0.0 Safari/537.36"
64.15.129.119 - - [18/Oct/2024:13:21:34 +0200] "GET / HTTP/1.1" 200 63894 "-" "Mozilla/5.0 (Windows NT 10.0; Win64; x64) AppleWebKit/537.36 (KHTML, like Gecko) Chrome/129.0.0.0 Safari/537.36"
64.15.129.114 - - [18/Oct/2024:13:21:35 +0200] "GET / HTTP/1.1" 301 557 "-" "Mozilla/5.0 (Windows NT 10.0; Win64; x64) AppleWebKit/537.36 (KHTML, like Gecko) Chrome/129.0.0.0 Safari/537.36"
192.175.111.254 - - [18/Oct/2024:13:21:35 +0200] "GET / HTTP/1.1" 200 63894 "-" "Mozilla/5.0 (Windows NT 10.0; Win64; x64) AppleWebKit/537.36 (KHTML, like Gecko) Chrome/129.0.0.0 Safari/537.36"
163.172.105.12 - - [18/Oct/2024:14:06:20 +0200] "POST /wp-cron.php?doing_wp_cron=1729253180.7093720436096191406250 HTTP/1.1" 200 4078 "-" "WordPress/6.6.2; https://startupclm.ncdesarrollos.com"
133.242.174.119 - - [18/Oct/2024:14:06:20 +0200] "GET / HTTP/1.1" 200 16626 "-" "Mozilla/5.0 (Linux; Android 10; K) AppleWebKit/537.36 (KHTML, like Gecko) Chrome/122.0.0.0 Mobile Safari/537.36"
163.172.105.12 - - [18/Oct/2024:14:56:25 +0200] "POST /wp-cron.php?doing_wp_cron=1729256185.5119020938873291015625 HTTP/1.1" 200 4078 "-" "WordPress/6.6.2; https://startupclm.ncdesarrollos.com"
95.173.222.57 - - [18/Oct/2024:14:56:24 +0200] "GET / HTTP/1.1" 200 16729 "-" "Mozilla/5.0 (Windows NT 10.0; Win64; x64) AppleWebKit/537.36 (KHTML, like Gecko) Chrome/110.0.0.0 Safari/537.36"
95.173.222.57 - - [18/Oct/2024:14:56:25 +0200] "GET /favicon.ico HTTP/1.1" 404 529 "-" "Mozilla/5.0 (Windows NT 10.0; Win64; x64) AppleWebKit/537.36 (KHTML, like Gecko) Chrome/110.0.0.0 Safari/537.36"
163.172.105.12 - - [18/Oct/2024:16:23:25 +0200] "POST /wp-cron.php?doing_wp_cron=1729261405.0017869472503662109375 HTTP/1.1" 200 4078 "-" "WordPress/6.6.2; https://startupclm.ncdesarrollos.com"
104.166.80.28 - - [18/Oct/2024:16:23:24 +0200] "GET / HTTP/1.1" 200 16729 "-" "Mozilla/5.0 (X11; Linux i686; rv:109.0) Gecko/20100101 Firefox/120.0"
167.94.145.102 - - [18/Oct/2024:18:10:48 +0200] "GET / HTTP/1.1" 301 557 "-" "Mozilla/5.0 (compatible; CensysInspect/1.1; +https://about.censys.io/)"
163.172.105.12 - - [18/Oct/2024:18:10:53 +0200] "POST /wp-cron.php?doing_wp_cron=1729267853.1607019901275634765625 HTTP/1.1" 200 4078 "-" "WordPress/6.6.2; https://startupclm.ncdesarrollos.com"
167.94.145.102 - - [18/Oct/2024:18:10:52 +0200] "GET / HTTP/1.1" 200 16626 "-" "Mozilla/5.0 (compatible; CensysInspect/1.1; +https://about.censys.io/)"
167.94.145.102 - - [18/Oct/2024:18:10:53 +0200] "GET /favicon.ico HTTP/1.1" 404 4243 "-" "Mozilla/5.0 (compatible; CensysInspect/1.1; +https://about.censys.io/)"
163.172.105.12 - - [18/Oct/2024:18:49:20 +0200] "POST /wp-cron.php?doing_wp_cron=1729270159.9594869613647460937500 HTTP/1.1" 200 4078 "-" "WordPress/6.6.2; https://startupclm.ncdesarrollos.com"
206.168.34.202 - - [18/Oct/2024:18:49:19 +0200] "GET / HTTP/1.1" 200 16626 "-" "Mozilla/5.0 (compatible; CensysInspect/1.1; +https://about.censys.io/)"
206.168.34.202 - - [18/Oct/2024:18:49:21 +0200] "GET /favicon.ico HTTP/1.1" 404 4243 "-" "Mozilla/5.0 (compatible; CensysInspect/1.1; +https://about.censys.io/)"
54.36.226.161 - - [18/Oct/2024:20:13:20 +0200] "GET /.env HTTP/1.1" 301 621 "-" "Mozilla/5.0 (Macintosh; Intel Mac OS X 10_10_1) AppleWebKit/537.36 (KHTML, like Gecko) Chrome/39.0.2171.95 Safari/537.36"
54.36.226.161 - - [18/Oct/2024:20:13:20 +0200] "GET /.env HTTP/1.1" 404 4327 "-" "Mozilla/5.0 (Macintosh; Intel Mac OS X 10_10_1) AppleWebKit/537.36 (KHTML, like Gecko) Chrome/39.0.2171.95 Safari/537.36"
54.36.226.161 - - [18/Oct/2024:20:13:32 +0200] "GET /.env HTTP/1.1" 301 621 "-" "Mozilla/5.0 (Macintosh; Intel Mac OS X 10_10_1) AppleWebKit/537.36 (KHTML, like Gecko) Chrome/39.0.2171.95 Safari/537.36"
54.36.226.161 - - [18/Oct/2024:20:13:32 +0200] "GET /.env HTTP/1.1" 404 4327 "-" "Mozilla/5.0 (Macintosh; Intel Mac OS X 10_10_1) AppleWebKit/537.36 (KHTML, like Gecko) Chrome/39.0.2171.95 Safari/537.36"
54.36.226.161 - - [18/Oct/2024:20:24:17 +0200] "GET /.env HTTP/1.1" 301 621 "-" "Mozilla/5.0 (Macintosh; Intel Mac OS X 10_10_1) AppleWebKit/537.36 (KHTML, like Gecko) Chrome/39.0.2171.95 Safari/537.36"
54.36.226.161 - - [18/Oct/2024:20:24:17 +0200] "GET /.env HTTP/1.1" 404 4327 "-" "Mozilla/5.0 (Macintosh; Intel Mac OS X 10_10_1) AppleWebKit/537.36 (KHTML, like Gecko) Chrome/39.0.2171.95 Safari/537.36"
45.148.10.172 - - [18/Oct/2024:22:50:39 +0200] "GET /.env HTTP/1.1" 404 4243 "-" "Mozilla/5.0 (Linux; Android 9; SM-A705GM) AppleWebKit/537.36 (KHTML, like Gecko) Chrome/75.0.3770.143 Mobile Safari/537.36"
163.172.105.12 - - [18/Oct/2024:23:02:23 +0200] "POST /wp-cron.php?doing_wp_cron=1729285343.6864531040191650390625 HTTP/1.1" 200 4078 "-" "WordPress/6.6.2; https://startupclm.ncdesarrollos.com"
171.244.43.14 - - [18/Oct/2024:23:02:23 +0200] "GET / HTTP/1.1" 200 16626 "-" "Mozilla/5.0 (Linux; Android 10; K) AppleWebKit/537.36 (KHTML, like Gecko) Chrome/122.0.0.0 Mobile Safari/537.36"
163.172.105.12 - - [18/Oct/2024:23:33:59 +0200] "POST /wp-cron.php?doing_wp_cron=1729287239.8262479305267333984375 HTTP/1.1" 200 4078 "-" "WordPress/6.6.2; https://startupclm.ncdesarrollos.com"
92.222.212.16 - - [18/Oct/2024:23:33:59 +0200] "GET / HTTP/1.1" 200 16729 "-" "Mozilla/5.0 (X11; Linux x86_64) AppleWebKit/537.36 (KHTML, like Gecko) Chrome/129.0.0.0 Safari/537.36"
92.222.212.16 - - [18/Oct/2024:23:33:59 +0200] "GET /wp-includes/blocks/cover/style.min.css?ver=6.6.2 HTTP/1.1" 200 1989 "https://startupclm.ncdesarrollos.com/" "Mozilla/5.0 (X11; Linux x86_64) AppleWebKit/537.36 (KHTML, like Gecko) Chrome/129.0.0.0 Safari/537.36"
92.222.212.16 - - [18/Oct/2024:23:34:00 +0200] "GET /wp-content/plugins/woocommerce/assets/client/blocks/wc-blocks.css?ver=wc-9.3.3 HTTP/1.1" 200 2959 "https://startupclm.ncdesarrollos.com/" "Mozilla/5.0 (X11; Linux x86_64) AppleWebKit/537.36 (KHTML, like Gecko) Chrome/129.0.0.0 Safari/537.36"
92.222.212.16 - - [18/Oct/2024:23:34:00 +0200] "GET /wp-content/plugins/woocommerce/assets/client/blocks/coming-soon.css?ver=wc-9.3.3 HTTP/1.1" 200 5373 "https://startupclm.ncdesarrollos.com/" "Mozilla/5.0 (X11; Linux x86_64) AppleWebKit/537.36 (KHTML, like Gecko) Chrome/129.0.0.0 Safari/537.36"
92.222.212.16 - - [18/Oct/2024:23:34:00 +0200] "GET /wp-content/plugins/woocommerce/assets/css/woocommerce-layout.css?ver=9.3.3 HTTP/1.1" 200 6774 "https://startupclm.ncdesarrollos.com/" "Mozilla/5.0 (X11; Linux x86_64) AppleWebKit/537.36 (KHTML, like Gecko) Chrome/129.0.0.0 Safari/537.36"
92.222.212.16 - - [18/Oct/2024:23:34:00 +0200] "GET /wp-content/plugins/woocommerce/assets/css/woocommerce.css?ver=9.3.3 HTTP/1.1" 200 14216 "https://startupclm.ncdesarrollos.com/" "Mozilla/5.0 (X11; Linux x86_64) AppleWebKit/537.36 (KHTML, like Gecko) Chrome/129.0.0.0 Safari/537.36"
92.222.212.16 - - [18/Oct/2024:23:34:00 +0200] "GET /wp-content/plugins/woocommerce/assets/css/woocommerce-blocktheme.css?ver=9.3.3 HTTP/1.1" 200 2350 "https://startupclm.ncdesarrollos.com/" "Mozilla/5.0 (X11; Linux x86_64) AppleWebKit/537.36 (KHTML, like Gecko) Chrome/129.0.0.0 Safari/537.36"
92.222.212.16 - - [18/Oct/2024:23:34:00 +0200] "GET /wp-includes/js/jquery/jquery-migrate.min.js?ver=3.4.1 HTTP/1.1" 200 5289 "https://startupclm.ncdesarrollos.com/" "Mozilla/5.0 (X11; Linux x86_64) AppleWebKit/537.36 (KHTML, like Gecko) Chrome/129.0.0.0 Safari/537.36"
92.222.212.16 - - [18/Oct/2024:23:34:00 +0200] "GET /wp-includes/js/jquery/jquery.min.js?ver=3.7.1 HTTP/1.1" 200 30853 "https://startupclm.ncdesarrollos.com/" "Mozilla/5.0 (X11; Linux x86_64) AppleWebKit/537.36 (KHTML, like Gecko) Chrome/129.0.0.0 Safari/537.36"
92.222.212.16 - - [18/Oct/2024:23:34:00 +0200] "GET /wp-content/plugins/woocommerce/assets/js/sourcebuster/sourcebuster.min.js?ver=9.3.3 HTTP/1.1" 200 5224 "https://startupclm.ncdesarrollos.com/" "Mozilla/5.0 (X11; Linux x86_64) AppleWebKit/537.36 (KHTML, like Gecko) Chrome/129.0.0.0 Safari/537.36"
92.222.212.16 - - [18/Oct/2024:23:34:00 +0200] "GET /wp-content/plugins/woocommerce/assets/js/frontend/order-attribution.min.js?ver=9.3.3 HTTP/1.1" 200 1509 "https://startupclm.ncdesarrollos.com/" "Mozilla/5.0 (X11; Linux x86_64) AppleWebKit/537.36 (KHTML, like Gecko) Chrome/129.0.0.0 Safari/537.36"
92.222.212.16 - - [18/Oct/2024:23:34:00 +0200] "GET /wp-content/plugins/woocommerce/assets/js/jquery-blockui/jquery.blockUI.min.js?ver=2.7.0-wc.9.3.3 HTTP/1.1" 200 3954 "https://startupclm.ncdesarrollos.com/" "Mozilla/5.0 (X11; Linux x86_64) AppleWebKit/537.36 (KHTML, like Gecko) Chrome/129.0.0.0 Safari/537.36"
92.222.212.16 - - [18/Oct/2024:23:34:00 +0200] "GET /wp-content/plugins/woocommerce/assets/js/js-cookie/js.cookie.min.js?ver=2.1.4-wc.9.3.3 HTTP/1.1" 200 1204 "https://startupclm.ncdesarrollos.com/" "Mozilla/5.0 (X11; Linux x86_64) AppleWebKit/537.36 (KHTML, like Gecko) Chrome/129.0.0.0 Safari/537.36"
92.222.212.16 - - [18/Oct/2024:23:34:00 +0200] "GET /wp-content/plugins/woocommerce/assets/js/frontend/add-to-cart.min.js?ver=9.3.3 HTTP/1.1" 200 1721 "https://startupclm.ncdesarrollos.com/" "Mozilla/5.0 (X11; Linux x86_64) AppleWebKit/537.36 (KHTML, like Gecko) Chrome/129.0.0.0 Safari/537.36"
92.222.212.16 - - [18/Oct/2024:23:34:00 +0200] "GET /wp-content/plugins/woocommerce/assets/js/frontend/woocommerce.min.js?ver=9.3.3 HTTP/1.1" 200 1500 "https://startupclm.ncdesarrollos.com/" "Mozilla/5.0 (X11; Linux x86_64) AppleWebKit/537.36 (KHTML, like Gecko) Chrome/129.0.0.0 Safari/537.36"
92.222.212.16 - - [18/Oct/2024:23:34:00 +0200] "GET /wp-content/plugins/woocommerce/assets/css/woocommerce-smallscreen.css?ver=9.3.3 HTTP/1.1" 200 1540 "https://startupclm.ncdesarrollos.com/" "Mozilla/5.0 (X11; Linux x86_64) AppleWebKit/537.36 (KHTML, like Gecko) Chrome/129.0.0.0 Safari/537.36"
92.222.212.16 - - [18/Oct/2024:23:34:00 +0200] "GET /wp-includes/js/wp-emoji-release.min.js?ver=6.6.2 HTTP/1.1" 200 5479 "https://startupclm.ncdesarrollos.com/" "Mozilla/5.0 (X11; Linux x86_64) AppleWebKit/537.36 (KHTML, like Gecko) Chrome/129.0.0.0 Safari/537.36"
92.222.212.16 - - [18/Oct/2024:23:34:00 +0200] "GET /favicon.ico HTTP/1.1" 404 529 "https://startupclm.ncdesarrollos.com/" "Mozilla/5.0 (X11; Linux x86_64) AppleWebKit/537.36 (KHTML, like Gecko) Chrome/129.0.0.0 Safari/537.36"
163.172.105.12 - - [18/Oct/2024:23:38:25 +0200] "POST /wp-cron.php?doing_wp_cron=1729287505.1093258857727050781250 HTTP/1.1" 200 4078 "-" "WordPress/6.6.2; https://startupclm.ncdesarrollos.com"
104.253.203.168 - - [18/Oct/2024:23:38:24 +0200] "GET / HTTP/1.1" 200 16729 "-" "Mozilla/5.0 (iPhone; CPU iPhone OS 16_1_1 like Mac OS X) AppleWebKit/605.1.15 (KHTML, like Gecko) Version/16.1 Mobile/15E148 Safari/604.1"
104.253.203.168 - - [18/Oct/2024:23:38:25 +0200] "GET /wp-includes/blocks/cover/style.min.css?ver=6.6.2 HTTP/1.1" 200 1989 "https://startupclm.ncdesarrollos.com/" "Mozilla/5.0 (iPhone; CPU iPhone OS 16_1_1 like Mac OS X) AppleWebKit/605.1.15 (KHTML, like Gecko) Version/16.1 Mobile/15E148 Safari/604.1"
104.253.203.168 - - [18/Oct/2024:23:38:26 +0200] "GET /wp-content/plugins/woocommerce/assets/client/blocks/wc-blocks.css?ver=wc-9.3.3 HTTP/1.1" 200 2959 "https://startupclm.ncdesarrollos.com/" "Mozilla/5.0 (iPhone; CPU iPhone OS 16_1_1 like Mac OS X) AppleWebKit/605.1.15 (KHTML, like Gecko) Version/16.1 Mobile/15E148 Safari/604.1"
104.253.203.168 - - [18/Oct/2024:23:38:26 +0200] "GET /wp-content/plugins/woocommerce/assets/client/blocks/coming-soon.css?ver=wc-9.3.3 HTTP/1.1" 200 1575 "https://startupclm.ncdesarrollos.com/" "Mozilla/5.0 (iPhone; CPU iPhone OS 16_1_1 like Mac OS X) AppleWebKit/605.1.15 (KHTML, like Gecko) Version/16.1 Mobile/15E148 Safari/604.1"
104.253.203.168 - - [18/Oct/2024:23:38:26 +0200] "GET /wp-content/plugins/woocommerce/assets/css/woocommerce-layout.css?ver=9.3.3 HTTP/1.1" 200 2976 "https://startupclm.ncdesarrollos.com/" "Mozilla/5.0 (iPhone; CPU iPhone OS 16_1_1 like Mac OS X) AppleWebKit/605.1.15 (KHTML, like Gecko) Version/16.1 Mobile/15E148 Safari/604.1"
104.253.203.168 - - [18/Oct/2024:23:38:27 +0200] "GET /wp-content/plugins/woocommerce/assets/css/woocommerce-smallscreen.css?ver=9.3.3 HTTP/1.1" 200 1540 "https://startupclm.ncdesarrollos.com/" "Mozilla/5.0 (iPhone; CPU iPhone OS 16_1_1 like Mac OS X) AppleWebKit/605.1.15 (KHTML, like Gecko) Version/16.1 Mobile/15E148 Safari/604.1"
107.173.151.5 - - [18/Oct/2024:23:38:27 +0200] "GET / HTTP/1.1" 301 613 "-" "Mozilla/5.0 (iPhone; CPU iPhone OS 16_1_1 like Mac OS X) AppleWebKit/605.1.15 (KHTML, like Gecko) Version/16.1 Mobile/15E148 Safari/604.1"
104.253.203.168 - - [18/Oct/2024:23:38:27 +0200] "GET /wp-content/plugins/woocommerce/assets/css/woocommerce.css?ver=9.3.3 HTTP/1.1" 200 10418 "https://startupclm.ncdesarrollos.com/" "Mozilla/5.0 (iPhone; CPU iPhone OS 16_1_1 like Mac OS X) AppleWebKit/605.1.15 (KHTML, like Gecko) Version/16.1 Mobile/15E148 Safari/604.1"
104.253.203.168 - - [18/Oct/2024:23:38:27 +0200] "GET /wp-content/plugins/woocommerce/assets/css/woocommerce-blocktheme.css?ver=9.3.3 HTTP/1.1" 200 2350 "https://startupclm.ncdesarrollos.com/" "Mozilla/5.0 (iPhone; CPU iPhone OS 16_1_1 like Mac OS X) AppleWebKit/605.1.15 (KHTML, like Gecko) Version/16.1 Mobile/15E148 Safari/604.1"
104.253.203.168 - - [18/Oct/2024:23:38:27 +0200] "GET /wp-includes/js/jquery/jquery.min.js?ver=3.7.1 HTTP/1.1" 200 30853 "https://startupclm.ncdesarrollos.com/" "Mozilla/5.0 (iPhone; CPU iPhone OS 16_1_1 like Mac OS X) AppleWebKit/605.1.15 (KHTML, like Gecko) Version/16.1 Mobile/15E148 Safari/604.1"
104.253.203.168 - - [18/Oct/2024:23:38:28 +0200] "GET /wp-includes/js/jquery/jquery-migrate.min.js?ver=3.4.1 HTTP/1.1" 200 5289 "https://startupclm.ncdesarrollos.com/" "Mozilla/5.0 (iPhone; CPU iPhone OS 16_1_1 like Mac OS X) AppleWebKit/605.1.15 (KHTML, like Gecko) Version/16.1 Mobile/15E148 Safari/604.1"
107.173.151.5 - - [18/Oct/2024:23:38:27 +0200] "GET / HTTP/1.1" 200 16729 "-" "Mozilla/5.0 (iPhone; CPU iPhone OS 16_1_1 like Mac OS X) AppleWebKit/605.1.15 (KHTML, like Gecko) Version/16.1 Mobile/15E148 Safari/604.1"
104.253.203.168 - - [18/Oct/2024:23:38:28 +0200] "GET /wp-content/plugins/woocommerce/assets/js/sourcebuster/sourcebuster.min.js?ver=9.3.3 HTTP/1.1" 200 5224 "https://startupclm.ncdesarrollos.com/" "Mozilla/5.0 (iPhone; CPU iPhone OS 16_1_1 like Mac OS X) AppleWebKit/605.1.15 (KHTML, like Gecko) Version/16.1 Mobile/15E148 Safari/604.1"
107.173.151.5 - - [18/Oct/2024:23:38:28 +0200] "GET /wp-includes/blocks/cover/style.min.css?ver=6.6.2 HTTP/1.1" 200 1989 "https://startupclm.ncdesarrollos.com/" "Mozilla/5.0 (iPhone; CPU iPhone OS 16_1_1 like Mac OS X) AppleWebKit/605.1.15 (KHTML, like Gecko) Version/16.1 Mobile/15E148 Safari/604.1"
104.253.203.168 - - [18/Oct/2024:23:38:28 +0200] "GET /wp-content/plugins/woocommerce/assets/js/frontend/order-attribution.min.js?ver=9.3.3 HTTP/1.1" 200 1509 "https://startupclm.ncdesarrollos.com/" "Mozilla/5.0 (iPhone; CPU iPhone OS 16_1_1 like Mac OS X) AppleWebKit/605.1.15 (KHTML, like Gecko) Version/16.1 Mobile/15E148 Safari/604.1"
107.173.151.5 - - [18/Oct/2024:23:38:29 +0200] "GET /wp-content/plugins/woocommerce/assets/client/blocks/wc-blocks.css?ver=wc-9.3.3 HTTP/1.1" 200 2959 "https://startupclm.ncdesarrollos.com/" "Mozilla/5.0 (iPhone; CPU iPhone OS 16_1_1 like Mac OS X) AppleWebKit/605.1.15 (KHTML, like Gecko) Version/16.1 Mobile/15E148 Safari/604.1"
107.173.151.5 - - [18/Oct/2024:23:38:29 +0200] "GET /wp-content/plugins/woocommerce/assets/client/blocks/coming-soon.css?ver=wc-9.3.3 HTTP/1.1" 200 2155 "https://startupclm.ncdesarrollos.com/" "Mozilla/5.0 (iPhone; CPU iPhone OS 16_1_1 like Mac OS X) AppleWebKit/605.1.15 (KHTML, like Gecko) Version/16.1 Mobile/15E148 Safari/604.1"
107.173.151.5 - - [18/Oct/2024:23:38:29 +0200] "GET /wp-content/plugins/woocommerce/assets/css/woocommerce-layout.css?ver=9.3.3 HTTP/1.1" 200 6774 "https://startupclm.ncdesarrollos.com/" "Mozilla/5.0 (iPhone; CPU iPhone OS 16_1_1 like Mac OS X) AppleWebKit/605.1.15 (KHTML, like Gecko) Version/16.1 Mobile/15E148 Safari/604.1"
104.253.203.168 - - [18/Oct/2024:23:38:29 +0200] "GET /wp-content/plugins/woocommerce/assets/js/jquery-blockui/jquery.blockUI.min.js?ver=2.7.0-wc.9.3.3 HTTP/1.1" 200 3954 "https://startupclm.ncdesarrollos.com/" "Mozilla/5.0 (iPhone; CPU iPhone OS 16_1_1 like Mac OS X) AppleWebKit/605.1.15 (KHTML, like Gecko) Version/16.1 Mobile/15E148 Safari/604.1"
107.173.151.5 - - [18/Oct/2024:23:38:29 +0200] "GET /wp-content/plugins/woocommerce/assets/css/woocommerce.css?ver=9.3.3 HTTP/1.1" 200 10418 "https://startupclm.ncdesarrollos.com/" "Mozilla/5.0 (iPhone; CPU iPhone OS 16_1_1 like Mac OS X) AppleWebKit/605.1.15 (KHTML, like Gecko) Version/16.1 Mobile/15E148 Safari/604.1"
107.173.151.5 - - [18/Oct/2024:23:38:29 +0200] "GET /wp-content/plugins/woocommerce/assets/css/woocommerce-blocktheme.css?ver=9.3.3 HTTP/1.1" 200 2350 "https://startupclm.ncdesarrollos.com/" "Mozilla/5.0 (iPhone; CPU iPhone OS 16_1_1 like Mac OS X) AppleWebKit/605.1.15 (KHTML, like Gecko) Version/16.1 Mobile/15E148 Safari/604.1"
104.253.203.168 - - [18/Oct/2024:23:38:29 +0200] "GET /wp-content/plugins/woocommerce/assets/js/frontend/add-to-cart.min.js?ver=9.3.3 HTTP/1.1" 200 1721 "https://startupclm.ncdesarrollos.com/" "Mozilla/5.0 (iPhone; CPU iPhone OS 16_1_1 like Mac OS X) AppleWebKit/605.1.15 (KHTML, like Gecko) Version/16.1 Mobile/15E148 Safari/604.1"
107.173.151.5 - - [18/Oct/2024:23:38:29 +0200] "GET /wp-includes/js/jquery/jquery.min.js?ver=3.7.1 HTTP/1.1" 200 30853 "https://startupclm.ncdesarrollos.com/" "Mozilla/5.0 (iPhone; CPU iPhone OS 16_1_1 like Mac OS X) AppleWebKit/605.1.15 (KHTML, like Gecko) Version/16.1 Mobile/15E148 Safari/604.1"
107.173.151.5 - - [18/Oct/2024:23:38:29 +0200] "GET /wp-includes/js/jquery/jquery-migrate.min.js?ver=3.4.1 HTTP/1.1" 200 5289 "https://startupclm.ncdesarrollos.com/" "Mozilla/5.0 (iPhone; CPU iPhone OS 16_1_1 like Mac OS X) AppleWebKit/605.1.15 (KHTML, like Gecko) Version/16.1 Mobile/15E148 Safari/604.1"
107.173.151.5 - - [18/Oct/2024:23:38:29 +0200] "GET /wp-content/plugins/woocommerce/assets/js/sourcebuster/sourcebuster.min.js?ver=9.3.3 HTTP/1.1" 200 5804 "https://startupclm.ncdesarrollos.com/" "Mozilla/5.0 (iPhone; CPU iPhone OS 16_1_1 like Mac OS X) AppleWebKit/605.1.15 (KHTML, like Gecko) Version/16.1 Mobile/15E148 Safari/604.1"
104.253.203.168 - - [18/Oct/2024:23:38:29 +0200] "GET /wp-content/plugins/woocommerce/assets/js/js-cookie/js.cookie.min.js?ver=2.1.4-wc.9.3.3 HTTP/1.1" 200 1204 "https://startupclm.ncdesarrollos.com/" "Mozilla/5.0 (iPhone; CPU iPhone OS 16_1_1 like Mac OS X) AppleWebKit/605.1.15 (KHTML, like Gecko) Version/16.1 Mobile/15E148 Safari/604.1"
107.173.151.5 - - [18/Oct/2024:23:38:30 +0200] "GET /wp-content/plugins/woocommerce/assets/js/frontend/order-attribution.min.js?ver=9.3.3 HTTP/1.1" 200 1509 "https://startupclm.ncdesarrollos.com/" "Mozilla/5.0 (iPhone; CPU iPhone OS 16_1_1 like Mac OS X) AppleWebKit/605.1.15 (KHTML, like Gecko) Version/16.1 Mobile/15E148 Safari/604.1"
107.173.151.5 - - [18/Oct/2024:23:38:30 +0200] "GET /wp-content/plugins/woocommerce/assets/css/woocommerce-smallscreen.css?ver=9.3.3 HTTP/1.1" 200 1540 "https://startupclm.ncdesarrollos.com/" "Mozilla/5.0 (iPhone; CPU iPhone OS 16_1_1 like Mac OS X) AppleWebKit/605.1.15 (KHTML, like Gecko) Version/16.1 Mobile/15E148 Safari/604.1"
104.253.203.168 - - [18/Oct/2024:23:38:30 +0200] "GET /wp-content/plugins/woocommerce/assets/js/frontend/woocommerce.min.js?ver=9.3.3 HTTP/1.1" 200 1500 "https://startupclm.ncdesarrollos.com/" "Mozilla/5.0 (iPhone; CPU iPhone OS 16_1_1 like Mac OS X) AppleWebKit/605.1.15 (KHTML, like Gecko) Version/16.1 Mobile/15E148 Safari/604.1"
107.173.151.5 - - [18/Oct/2024:23:38:30 +0200] "GET /wp-content/plugins/woocommerce/assets/js/jquery-blockui/jquery.blockUI.min.js?ver=2.7.0-wc.9.3.3 HTTP/1.1" 200 3954 "https://startupclm.ncdesarrollos.com/" "Mozilla/5.0 (iPhone; CPU iPhone OS 16_1_1 like Mac OS X) AppleWebKit/605.1.15 (KHTML, like Gecko) Version/16.1 Mobile/15E148 Safari/604.1"
107.173.151.5 - - [18/Oct/2024:23:38:30 +0200] "GET /wp-content/plugins/woocommerce/assets/js/js-cookie/js.cookie.min.js?ver=2.1.4-wc.9.3.3 HTTP/1.1" 200 1204 "https://startupclm.ncdesarrollos.com/" "Mozilla/5.0 (iPhone; CPU iPhone OS 16_1_1 like Mac OS X) AppleWebKit/605.1.15 (KHTML, like Gecko) Version/16.1 Mobile/15E148 Safari/604.1"
107.173.151.5 - - [18/Oct/2024:23:38:30 +0200] "GET /wp-content/plugins/woocommerce/assets/js/frontend/woocommerce.min.js?ver=9.3.3 HTTP/1.1" 200 2080 "https://startupclm.ncdesarrollos.com/" "Mozilla/5.0 (iPhone; CPU iPhone OS 16_1_1 like Mac OS X) AppleWebKit/605.1.15 (KHTML, like Gecko) Version/16.1 Mobile/15E148 Safari/604.1"
107.173.151.5 - - [18/Oct/2024:23:38:30 +0200] "GET /wp-content/plugins/woocommerce/assets/js/frontend/add-to-cart.min.js?ver=9.3.3 HTTP/1.1" 200 1721 "https://startupclm.ncdesarrollos.com/" "Mozilla/5.0 (iPhone; CPU iPhone OS 16_1_1 like Mac OS X) AppleWebKit/605.1.15 (KHTML, like Gecko) Version/16.1 Mobile/15E148 Safari/604.1"
104.253.203.168 - - [18/Oct/2024:23:38:30 +0200] "GET /favicon.ico HTTP/1.1" 404 529 "https://startupclm.ncdesarrollos.com/" "Mozilla/5.0 (iPhone; CPU iPhone OS 16_1_1 like Mac OS X) AppleWebKit/605.1.15 (KHTML, like Gecko) Version/16.1 Mobile/15E148 Safari/604.1"
107.173.151.5 - - [18/Oct/2024:23:38:31 +0200] "GET /favicon.ico HTTP/1.1" 404 529 "https://startupclm.ncdesarrollos.com/" "Mozilla/5.0 (iPhone; CPU iPhone OS 16_1_1 like Mac OS X) AppleWebKit/605.1.15 (KHTML, like Gecko) Version/16.1 Mobile/15E148 Safari/604.1"
88.99.26.177 - - [19/Oct/2024:01:15:22 +0200] "GET / HTTP/1.1" 301 613 "-" "Mozilla/5.0 (Linux; Android 14) AppleWebKit/537.36 (KHTML, like Gecko) Chrome/118.0.5993.80 Mobile Safari/537.36"
163.172.105.12 - - [19/Oct/2024:01:15:24 +0200] "POST /wp-cron.php?doing_wp_cron=1729293323.9677119255065917968750 HTTP/1.1" 200 4078 "-" "WordPress/6.6.2; https://startupclm.ncdesarrollos.com"
88.99.26.177 - - [19/Oct/2024:01:15:23 +0200] "GET / HTTP/1.1" 200 16729 "-" "Mozilla/5.0 (Linux; Android 14) AppleWebKit/537.36 (KHTML, like Gecko) Chrome/118.0.5993.80 Mobile Safari/537.36"
133.242.140.127 - - [19/Oct/2024:01:29:08 +0200] "GET /robots.txt HTTP/1.1" 404 4327 "-" "Mozilla/5.0 (Linux; Android 10; K) AppleWebKit/537.36 (KHTML, like Gecko) Chrome/122.0.0.0 Mobile Safari/537.36"
163.172.105.12 - - [19/Oct/2024:01:29:09 +0200] "POST /wp-cron.php?doing_wp_cron=1729294149.6955780982971191406250 HTTP/1.1" 200 4078 "-" "WordPress/6.6.2; https://startupclm.ncdesarrollos.com"
133.242.140.127 - - [19/Oct/2024:01:29:09 +0200] "GET / HTTP/1.1" 200 12931 "-" "Mozilla/5.0 (Linux; Android 10; K) AppleWebKit/537.36 (KHTML, like Gecko) Chrome/122.0.0.0 Mobile Safari/537.36"
163.172.105.12 - - [19/Oct/2024:04:38:49 +0200] "POST /wp-cron.php?doing_wp_cron=1729305529.0439579486846923828125 HTTP/1.1" 200 4078 "-" "WordPress/6.6.2; https://startupclm.ncdesarrollos.com"
171.244.43.14 - - [19/Oct/2024:04:38:47 +0200] "GET / HTTP/1.1" 200 16626 "-" "Mozilla/5.0 (Linux; Android 10; K) AppleWebKit/537.36 (KHTML, like Gecko) Chrome/122.0.0.0 Mobile Safari/537.36"
163.172.105.12 - - [19/Oct/2024:11:02:26 +0200] "POST /wp-cron.php?doing_wp_cron=1729328546.6202158927917480468750 HTTP/1.1" 200 4078 "-" "WordPress/6.6.2; https://startupclm.ncdesarrollos.com"
45.137.198.155 - - [19/Oct/2024:11:02:25 +0200] "GET / HTTP/1.1" 200 16645 "-" "Mozilla/5.0 (Macintosh; Intel Mac OS X 10_14_6) AppleWebKit/537.36 (KHTML, like Gecko) Chrome/76.0.3809.110 Safari/537.36 Vivaldi/2.7.1628.30"
45.137.198.155 - - [19/Oct/2024:11:03:08 +0200] "GET //startupclm.ncdesarrollos.com/wp-content/plugins/woocommerce/assets/js/frontend/add-to-cart.min.js HTTP/1.1" 404 4243 "-" "Mozilla/5.0 (Windows NT 10.0; WOW64) AppleWebKit/537.36 (KHTML, like Gecko) Chrome/78.0.3879.0 Safari/537.36"
45.137.198.155 - - [19/Oct/2024:11:03:08 +0200] "GET //startupclm.ncdesarrollos.com/wp-content/plugins/woocommerce/assets/js/sourcebuster/sourcebuster.min.js HTTP/1.1" 404 4243 "-" "Mozilla/5.0 (Linux; Android 6.0; HTC 2PXH3) AppleWebKit/537.36 (KHTML, like Gecko) Chrome/74.0.3729.157 Mobile Safari/537.36"
45.137.198.155 - - [19/Oct/2024:11:03:08 +0200] "GET //startupclm.ncdesarrollos.com/wp-content/plugins/woocommerce/assets/js/frontend/woocommerce.min.js HTTP/1.1" 404 4243 "-" "Mozilla/5.0 (Windows NT 10.0; WOW64) AppleWebKit/537.36 (KHTML, like Gecko) Chrome/57.0.2987.133 AOL/11.0 AOLBUILD/11.0.1305 Safari/537.36"
45.137.198.155 - - [19/Oct/2024:11:03:08 +0200] "GET //startupclm.ncdesarrollos.com/wp-includes/js/jquery/jquery.min.js HTTP/1.1" 404 4243 "-" "Mozilla/5.0 (Linux; Android 8.0.0; SM-G935F) AppleWebKit/537.36 (KHTML, like Gecko) Chrome/76.0.3809.111 Mobile Safari/537.36"
45.137.198.155 - - [19/Oct/2024:11:03:08 +0200] "GET //startupclm.ncdesarrollos.com/wp-content/plugins/woocommerce/assets/js/jquery-blockui/jquery.blockUI.min.js HTTP/1.1" 404 4243 "-" "Mozilla/5.0 (Linux; Android 9; Pixel) AppleWebKit/537.36 (KHTML, like Gecko) Chrome/76.0.3809.89 Mobile Safari/537.36"
45.137.198.155 - - [19/Oct/2024:11:03:08 +0200] "GET //startupclm.ncdesarrollos.com/wp-includes/js/jquery/jquery-migrate.min.js HTTP/1.1" 404 4243 "-" "Mozilla/5.0 (Macintosh; Intel Mac OS X 10_14_4) AppleWebKit/537.36 (KHTML, like Gecko) Chrome/76.0.3809.80 Safari/537.36"
45.137.198.155 - - [19/Oct/2024:11:03:08 +0200] "GET //startupclm.ncdesarrollos.com/wp-content/plugins/woocommerce/assets/js/js-cookie/js.cookie.min.js HTTP/1.1" 404 4243 "-" "Mozilla/5.0 (iPhone; U; CPU iPhone OS 2_0 like Mac OS X; en-us) AppleWebKit/525.18.1 (KHTML, like Gecko) Version/3.1.1 Mobile/5A347 Safari/525.200"
45.137.198.155 - - [19/Oct/2024:11:03:08 +0200] "GET //startupclm.ncdesarrollos.com/wp-content/plugins/woocommerce/assets/js/frontend/order-attribution.min.js HTTP/1.1" 404 4243 "-" "Mozilla/5.0 (X11; U; Linux i686; en-US) AppleWebKit/534.15 (KHTML, like Gecko) Ubuntu/10.10 Chromium/10.0.613.0 Chrome/10.0.613.0 Safari/534.15"
45.137.198.155 - - [19/Oct/2024:11:03:08 +0200] "GET /wp-emoji-release.min.js HTTP/1.1" 404 4243 "-" "Mozilla/5.0 (Windows; U; Windows NT 5.2; en-US) AppleWebKit/533.17.8 (KHTML, like Gecko) Version/5.0.1 Safari/533.17.8"
199.247.28.198 - - [19/Oct/2024:11:07:32 +0200] "GET /.env HTTP/1.1" 404 4327 "-" "Mozilla/5.0 (X11; Linux x86_64) AppleWebKit/537.36 (KHTML, like Gecko) Chrome/81.0.4044.129 Safari/537.36"
163.172.105.12 - - [19/Oct/2024:11:07:33 +0200] "POST /wp-cron.php?doing_wp_cron=1729328853.0825779438018798828125 HTTP/1.1" 200 4078 "-" "WordPress/6.6.2; https://startupclm.ncdesarrollos.com"
199.247.28.198 - - [19/Oct/2024:11:07:32 +0200] "POST / HTTP/1.1" 200 16729 "-" "Mozilla/5.0 (X11; Linux x86_64) AppleWebKit/537.36 (KHTML, like Gecko) Chrome/81.0.4044.129 Safari/537.36"
163.172.105.12 - - [19/Oct/2024:11:24:48 +0200] "POST /wp-cron.php?doing_wp_cron=1729329888.2093191146850585937500 HTTP/1.1" 200 4078 "-" "WordPress/6.6.2; https://startupclm.ncdesarrollos.com"
154.28.229.135 - - [19/Oct/2024:11:24:47 +0200] "GET / HTTP/1.1" 200 16729 "-" "Mozilla/5.0 (X11; Linux x86_64) AppleWebKit/537.36 (KHTML, like Gecko) Chrome/116.0.0.0 Safari/537.36"
154.28.229.135 - - [19/Oct/2024:11:24:48 +0200] "GET /index.php/feed/ HTTP/1.1" 200 1220 "-" "Mozilla/5.0 (X11; Linux x86_64) AppleWebKit/537.36 (KHTML, like Gecko) Chrome/116.0.0.0 Safari/537.36"
163.172.105.12 - - [19/Oct/2024:11:44:36 +0200] "POST /wp-cron.php?doing_wp_cron=1729331076.4633688926696777343750 HTTP/1.1" 200 4078 "-" "WordPress/6.6.2; https://startupclm.ncdesarrollos.com"
54.88.179.33 - - [19/Oct/2024:11:44:35 +0200] "GET / HTTP/1.1" 200 63894 "-" "Mozilla/5.0 \\(Windows NT 10.0\\; Win64\\; x64\\) AppleWebKit/537.36 \\(KHTML, like Gecko\\) Chrome/100.0.4896.60 Safari/537.36"
54.88.179.33 - - [19/Oct/2024:11:44:37 +0200] "GET / HTTP/1.1" 301 557 "-" "Mozilla/5.0 \\(Windows NT 10.0\\; Win64\\; x64\\) AppleWebKit/537.36 \\(KHTML, like Gecko\\) Chrome/100.0.4896.60 Safari/537.36"
54.88.179.33 - - [19/Oct/2024:11:44:37 +0200] "GET / HTTP/1.1" 200 60097 "-" "Mozilla/5.0 \\(Windows NT 10.0\\; Win64\\; x64\\) AppleWebKit/537.36 \\(KHTML, like Gecko\\) Chrome/100.0.4896.60 Safari/537.36"
163.172.105.12 - - [19/Oct/2024:11:44:38 +0200] "POST /wp-cron.php HTTP/1.1" 200 4078 "-" "WordPress/6.6.2; https://startupclm.ncdesarrollos.com"
163.172.105.12 - - [19/Oct/2024:11:44:38 +0200] "GET / HTTP/1.1" 200 16692 "-" "WordPress/6.6.2; https://startupclm.ncdesarrollos.com"
163.172.105.12 - - [19/Oct/2024:11:44:38 +0200] "GET / HTTP/1.1" 200 16692 "-" "WordPress/6.6.2; https://startupclm.ncdesarrollos.com"
163.172.105.12 - - [19/Oct/2024:11:44:39 +0200] "GET / HTTP/1.1" 200 16692 "-" "WordPress/6.6.2; https://startupclm.ncdesarrollos.com"
163.172.105.12 - - [19/Oct/2024:11:44:40 +0200] "GET / HTTP/1.1" 200 16692 "-" "WordPress/6.6.2; https://startupclm.ncdesarrollos.com"
163.172.105.12 - - [19/Oct/2024:11:44:42 +0200] "POST /wp-admin/admin-ajax.php?action=wp_1_wc_privacy_cleanup&nonce=7f1ddafe61 HTTP/1.1" 200 4213 "-" "WordPress/6.6.2; https://startupclm.ncdesarrollos.com"
18.216.163.211 - - [19/Oct/2024:13:10:04 +0200] "GET / HTTP/1.1" 301 613 "-" "Mozilla/5.0 (Macintosh; Intel Mac OS X 10_15_7) AppleWebKit/537.36 (KHTML, like Gecko) Chrome/122.0.0.0 Safari/537.36"
163.172.105.12 - - [19/Oct/2024:13:10:05 +0200] "POST /wp-cron.php?doing_wp_cron=1729336205.1342198848724365234375 HTTP/1.1" 200 4078 "-" "WordPress/6.6.2; https://startupclm.ncdesarrollos.com"
18.216.163.211 - - [19/Oct/2024:13:10:04 +0200] "GET / HTTP/1.1" 200 16729 "-" "Mozilla/5.0 (Macintosh; Intel Mac OS X 10_15_7) AppleWebKit/537.36 (KHTML, like Gecko) Chrome/122.0.0.0 Safari/537.36"
87.236.176.91 - - [19/Oct/2024:15:00:23 +0200] "GET / HTTP/1.1" 301 576 "-" "Mozilla/5.0 (compatible; InternetMeasurement/1.0; +https://internet-measurement.com/)"
