163.172.105.12 - - [12/Feb/2025:03:16:34 +0100] "POST /wp-cron.php?doing_wp_cron=1739326591.5733420848846435546875 HTTP/1.1" 200 4081 "-" "WordPress/6.6.2; https://startupclm.ncdesarrollos.com"
188.166.108.93 - - [12/Feb/2025:03:15:34 +0100] "GET / HTTP/1.1" 200 3753 "-" "-"
188.166.108.93 - - [12/Feb/2025:03:15:35 +0100] "GET / HTTP/1.1" 200 3753 "-" "Mozilla/5.0 (Linux; Android 6.0; HTC One M9 Build/MRA988726) AppleWebKit/537.36 (KHTML, like Gecko) Chrome/52.0.2745.98 Mobile Safari/537.3"
163.172.105.12 - - [14/Feb/2025:03:25:08 +0100] "POST /wp-cron.php?doing_wp_cron=1739499907.4486680030822753906250 HTTP/1.1" 200 4081 "-" "WordPress/6.6.2; https://startupclm.ncdesarrollos.com"
163.172.105.12 - - [14/Feb/2025:03:25:08 +0100] "POST /wp-cron.php?doing_wp_cron=1739499907.4486699104309082031250 HTTP/1.1" 200 4081 "-" "WordPress/6.6.2; https://startupclm.ncdesarrollos.com"
142.93.129.190 - - [14/Feb/2025:03:24:37 +0100] "GET / HTTP/1.1" 200 3753 "-" "-"
142.93.129.190 - - [14/Feb/2025:03:24:38 +0100] "GET / HTTP/1.1" 200 3753 "-" "Mozilla/5.0 (Linux; Android 6.0; HTC One M9 Build/MRA988726) AppleWebKit/537.36 (KHTML, like Gecko) Chrome/52.0.2745.98 Mobile Safari/537.3"
163.172.105.12 - - [14/Feb/2025:03:26:45 +0100] "POST /wp-cron.php?doing_wp_cron=1739500004.7376089096069335937500 HTTP/1.1" 200 4081 "-" "WordPress/6.6.2; https://startupclm.ncdesarrollos.com"
163.172.105.12 - - [14/Feb/2025:03:26:43 +0100] "POST /wp-admin/admin-ajax.php?action=wp_1_wc_privacy_cleanup&nonce=dab1c208d4 HTTP/1.1" 200 4216 "-" "WordPress/6.6.2; https://startupclm.ncdesarrollos.com"
163.172.105.12 - - [14/Feb/2025:07:47:28 +0100] "POST /wp-cron.php?doing_wp_cron=1739515648.6896719932556152343750 HTTP/1.1" 200 4081 "-" "WordPress/6.6.2; https://startupclm.ncdesarrollos.com"
198.235.24.166 - - [14/Feb/2025:07:47:27 +0100] "GET / HTTP/1.1" 200 63850 "-" "Expanse, a Palo Alto Networks company, searches across the global IPv4 space multiple times per day to identify customers' presences on the Internet. If you would like to be excluded from our scans, please send IP addresses/domains to: scaninfo@paloaltonetworks.com"
163.172.105.12 - - [15/Feb/2025:00:19:13 +0100] "POST /wp-cron.php?doing_wp_cron=1739575153.4138638973236083984375 HTTP/1.1" 200 4081 "-" "WordPress/6.6.2; https://startupclm.ncdesarrollos.com"
87.236.176.42 - - [15/Feb/2025:00:19:13 +0100] "GET / HTTP/1.1" 200 16648 "-" "Mozilla/5.0 (compatible; InternetMeasurement/1.0; +https://internet-measurement.com/)"
163.172.105.12 - - [15/Feb/2025:00:19:15 +0100] "POST /wp-admin/admin-ajax.php?action=wp_1_wc_privacy_cleanup&nonce=83cb12b912 HTTP/1.1" 200 4216 "-" "WordPress/6.6.2; https://startupclm.ncdesarrollos.com"
87.236.176.59 - - [15/Feb/2025:03:41:29 +0100] "GET / HTTP/1.1" 301 576 "-" "Mozilla/5.0 (compatible; InternetMeasurement/1.0; +https://internet-measurement.com/)"
163.172.105.12 - - [15/Feb/2025:03:41:58 +0100] "POST /wp-cron.php?doing_wp_cron=1739587318.0803129673004150390625 HTTP/1.1" 200 4081 "-" "WordPress/6.6.2; https://startupclm.ncdesarrollos.com"
87.236.176.59 - - [15/Feb/2025:03:41:29 +0100] "GET / HTTP/1.1" 200 16648 "http://startupclm.ncdesarrollos.com" "Mozilla/5.0 (compatible; InternetMeasurement/1.0; +https://internet-measurement.com/)"
198.235.24.167 - - [15/Feb/2025:11:53:32 +0100] "GET / HTTP/1.1" 301 557 "-" "Expanse, a Palo Alto Networks company, searches across the global IPv4 space multiple times per day to identify customers' presences on the Internet. If you would like to be excluded from our scans, please send IP addresses/domains to: scaninfo@paloaltonetworks.com"
163.172.105.12 - - [16/Feb/2025:01:24:51 +0100] "POST /wp-cron.php?doing_wp_cron=1739665491.6742699146270751953125 HTTP/1.1" 200 4081 "-" "WordPress/6.6.2; https://startupclm.ncdesarrollos.com"
209.97.180.8 - - [16/Feb/2025:01:24:50 +0100] "GET / HTTP/1.1" 200 58266 "-" "-"
209.97.180.8 - - [16/Feb/2025:01:24:52 +0100] "GET / HTTP/1.1" 200 63869 "-" "Mozilla/5.0 (Linux; Android 6.0; HTC One M9 Build/MRA988726) AppleWebKit/537.36 (KHTML, like Gecko) Chrome/52.0.2745.98 Mobile Safari/537.3"
209.97.180.8 - - [16/Feb/2025:01:24:52 +0100] "GET /actuator/env HTTP/1.1" 404 4246 "-" "Go-http-client/1.1"
209.97.180.8 - - [16/Feb/2025:01:24:52 +0100] "GET /server HTTP/1.1" 404 1041 "-" "Go-http-client/1.1"
209.97.180.8 - - [16/Feb/2025:01:24:52 +0100] "GET /.vscode/sftp.json HTTP/1.1" 404 1041 "-" "Go-http-client/1.1"
209.97.180.8 - - [16/Feb/2025:01:24:52 +0100] "GET /about HTTP/1.1" 404 1041 "-" "Go-http-client/1.1"
209.97.180.8 - - [16/Feb/2025:01:24:52 +0100] "GET /debug/default/view?panel=config HTTP/1.1" 404 1041 "-" "Go-http-client/1.1"
209.97.180.8 - - [16/Feb/2025:01:24:52 +0100] "GET /v2/_catalog HTTP/1.1" 404 1041 "-" "Go-http-client/1.1"
209.97.180.8 - - [16/Feb/2025:01:24:53 +0100] "GET /ecp/Current/exporttool/microsoft.exchange.ediscovery.exporttool.application HTTP/1.1" 404 1041 "-" "Go-http-client/1.1"
209.97.180.8 - - [16/Feb/2025:01:24:53 +0100] "GET /server-status HTTP/1.1" 403 1044 "-" "Go-http-client/1.1"
209.97.180.8 - - [16/Feb/2025:01:24:53 +0100] "GET /login.action HTTP/1.1" 404 1041 "-" "Go-http-client/1.1"
209.97.180.8 - - [16/Feb/2025:01:24:53 +0100] "GET /_all_dbs HTTP/1.1" 404 1041 "-" "Mozilla/5.0 (l9scan/2.0.2313e2530313e2237313e2336313; +https://leakix.net)"
209.97.180.8 - - [16/Feb/2025:01:24:53 +0100] "GET /.DS_Store HTTP/1.1" 404 1041 "-" "Go-http-client/1.1"
209.97.180.8 - - [16/Feb/2025:01:24:53 +0100] "GET /.env HTTP/1.1" 404 1041 "-" "Go-http-client/1.1"
209.97.180.8 - - [16/Feb/2025:01:24:53 +0100] "GET /.git/config HTTP/1.1" 404 1041 "-" "Go-http-client/1.1"
209.97.180.8 - - [16/Feb/2025:01:24:54 +0100] "GET /s/2313e2530313e2237313e2336313/_/;/META-INF/maven/com.atlassian.jira/jira-webapp-dist/pom.properties HTTP/1.1" 404 1041 "-" "Go-http-client/1.1"
163.172.105.12 - - [16/Feb/2025:01:24:54 +0100] "POST /wp-cron.php HTTP/1.1" 200 4081 "-" "WordPress/6.6.2; https://startupclm.ncdesarrollos.com"
209.97.180.8 - - [16/Feb/2025:01:24:54 +0100] "GET /config.json HTTP/1.1" 404 1041 "-" "Go-http-client/1.1"
209.97.180.8 - - [16/Feb/2025:01:24:54 +0100] "GET /telescope/requests HTTP/1.1" 404 1041 "-" "Go-http-client/1.1"
209.97.180.8 - - [16/Feb/2025:01:24:54 +0100] "GET /info.php HTTP/1.1" 404 779 "-" "Go-http-client/1.1"
163.172.105.12 - - [16/Feb/2025:01:24:54 +0100] "GET / HTTP/1.1" 200 16695 "-" "WordPress/6.6.2; https://startupclm.ncdesarrollos.com"
163.172.105.12 - - [16/Feb/2025:01:24:55 +0100] "GET / HTTP/1.1" 200 16695 "-" "WordPress/6.6.2; https://startupclm.ncdesarrollos.com"
209.97.180.8 - - [16/Feb/2025:01:24:55 +0100] "GET /?rest_route=/wp/v2/users/ HTTP/1.1" 200 2598 "-" "Go-http-client/1.1"
163.172.105.12 - - [16/Feb/2025:01:24:55 +0100] "GET / HTTP/1.1" 200 16695 "-" "WordPress/6.6.2; https://startupclm.ncdesarrollos.com"
163.172.105.12 - - [16/Feb/2025:01:24:55 +0100] "GET / HTTP/1.1" 200 16695 "-" "WordPress/6.6.2; https://startupclm.ncdesarrollos.com"
163.172.105.12 - - [16/Feb/2025:01:25:00 +0100] "POST /wp-admin/admin-ajax.php?action=wp_1_wc_privacy_cleanup&nonce=3510a755d1 HTTP/1.1" 200 4216 "-" "WordPress/6.6.2; https://startupclm.ncdesarrollos.com"
23.178.112.210 - - [16/Feb/2025:11:49:41 +0100] "GET /.well-known/acme-challenge/dwzyuZr7Vf1IkHTVMxccMeVZZFN-CNDwBwQhOqi-AKQ HTTP/1.1" 200 308 "-" "Mozilla/5.0 (compatible; Let's Encrypt validation server; +https://www.letsencrypt.org)"
13.53.60.206 - - [16/Feb/2025:11:49:41 +0100] "GET /.well-known/acme-challenge/dwzyuZr7Vf1IkHTVMxccMeVZZFN-CNDwBwQhOqi-AKQ HTTP/1.1" 200 308 "-" "Mozilla/5.0 (compatible; Let's Encrypt validation server; +https://www.letsencrypt.org)"
3.15.2.66 - - [16/Feb/2025:11:49:41 +0100] "GET /.well-known/acme-challenge/dwzyuZr7Vf1IkHTVMxccMeVZZFN-CNDwBwQhOqi-AKQ HTTP/1.1" 200 308 "-" "Mozilla/5.0 (compatible; Let's Encrypt validation server; +https://www.letsencrypt.org)"
34.220.61.72 - - [16/Feb/2025:11:49:41 +0100] "GET /.well-known/acme-challenge/dwzyuZr7Vf1IkHTVMxccMeVZZFN-CNDwBwQhOqi-AKQ HTTP/1.1" 200 308 "-" "Mozilla/5.0 (compatible; Let's Encrypt validation server; +https://www.letsencrypt.org)"
54.169.201.0 - - [16/Feb/2025:11:49:41 +0100] "GET /.well-known/acme-challenge/dwzyuZr7Vf1IkHTVMxccMeVZZFN-CNDwBwQhOqi-AKQ HTTP/1.1" 200 308 "-" "Mozilla/5.0 (compatible; Let's Encrypt validation server; +https://www.letsencrypt.org)"
34.123.170.104 - - [16/Feb/2025:11:50:55 +0100] "GET / HTTP/1.1" 301 613 "-" "Mozilla/5.0 (X11; Linux x86_64) AppleWebKit/537.36 (KHTML, like Gecko) HeadlessChrome/125.0.6422.60 Safari/537.36"
163.172.105.12 - - [16/Feb/2025:11:50:57 +0100] "POST /wp-cron.php?doing_wp_cron=1739703057.7458209991455078125000 HTTP/1.1" 200 4083 "-" "WordPress/6.6.2; https://startupclm.ncdesarrollos.com"
104.197.69.115 - - [16/Feb/2025:11:50:56 +0100] "GET / HTTP/1.1" 200 16734 "-" "Mozilla/5.0 (X11; Linux x86_64) AppleWebKit/537.36 (KHTML, like Gecko) HeadlessChrome/125.0.6422.60 Safari/537.36"
104.197.69.115 - - [16/Feb/2025:11:50:58 +0100] "GET /wp-includes/blocks/cover/style.min.css?ver=6.6.2 HTTP/1.1" 200 1989 "https://startupclm.ncdesarrollos.com/" "Mozilla/5.0 (X11; Linux x86_64) AppleWebKit/537.36 (KHTML, like Gecko) HeadlessChrome/125.0.6422.60 Safari/537.36"
104.197.69.115 - - [16/Feb/2025:11:50:58 +0100] "GET /wp-content/plugins/woocommerce/assets/client/blocks/wc-blocks.css?ver=wc-9.3.3 HTTP/1.1" 200 2959 "https://startupclm.ncdesarrollos.com/" "Mozilla/5.0 (X11; Linux x86_64) AppleWebKit/537.36 (KHTML, like Gecko) HeadlessChrome/125.0.6422.60 Safari/537.36"
34.123.170.104 - - [16/Feb/2025:11:50:58 +0100] "GET /wp-content/plugins/woocommerce/assets/client/blocks/coming-soon.css?ver=wc-9.3.3 HTTP/1.1" 200 2155 "https://startupclm.ncdesarrollos.com/" "Mozilla/5.0 (X11; Linux x86_64) AppleWebKit/537.36 (KHTML, like Gecko) HeadlessChrome/125.0.6422.60 Safari/537.36"
34.123.170.104 - - [16/Feb/2025:11:50:58 +0100] "GET /wp-content/plugins/woocommerce/assets/css/woocommerce-layout.css?ver=9.3.3 HTTP/1.1" 200 3556 "https://startupclm.ncdesarrollos.com/" "Mozilla/5.0 (X11; Linux x86_64) AppleWebKit/537.36 (KHTML, like Gecko) HeadlessChrome/125.0.6422.60 Safari/537.36"
104.197.69.115 - - [16/Feb/2025:11:50:58 +0100] "GET /wp-content/plugins/woocommerce/assets/css/woocommerce.css?ver=9.3.3 HTTP/1.1" 200 10418 "https://startupclm.ncdesarrollos.com/" "Mozilla/5.0 (X11; Linux x86_64) AppleWebKit/537.36 (KHTML, like Gecko) HeadlessChrome/125.0.6422.60 Safari/537.36"
104.197.69.115 - - [16/Feb/2025:11:50:58 +0100] "GET /wp-content/plugins/woocommerce/assets/css/woocommerce-blocktheme.css?ver=9.3.3 HTTP/1.1" 200 6153 "https://startupclm.ncdesarrollos.com/" "Mozilla/5.0 (X11; Linux x86_64) AppleWebKit/537.36 (KHTML, like Gecko) HeadlessChrome/125.0.6422.60 Safari/537.36"
34.123.170.104 - - [16/Feb/2025:11:50:58 +0100] "GET /wp-includes/js/jquery/jquery-migrate.min.js?ver=3.4.1 HTTP/1.1" 200 5289 "https://startupclm.ncdesarrollos.com/" "Mozilla/5.0 (X11; Linux x86_64) AppleWebKit/537.36 (KHTML, like Gecko) HeadlessChrome/125.0.6422.60 Safari/537.36"
104.197.69.115 - - [16/Feb/2025:11:50:58 +0100] "GET /wp-content/plugins/woocommerce/assets/js/sourcebuster/sourcebuster.min.js?ver=9.3.3 HTTP/1.1" 200 5224 "https://startupclm.ncdesarrollos.com/" "Mozilla/5.0 (X11; Linux x86_64) AppleWebKit/537.36 (KHTML, like Gecko) HeadlessChrome/125.0.6422.60 Safari/537.36"
34.123.170.104 - - [16/Feb/2025:11:50:58 +0100] "GET /wp-includes/js/jquery/jquery.min.js?ver=3.7.1 HTTP/1.1" 200 30853 "https://startupclm.ncdesarrollos.com/" "Mozilla/5.0 (X11; Linux x86_64) AppleWebKit/537.36 (KHTML, like Gecko) HeadlessChrome/125.0.6422.60 Safari/537.36"
104.197.69.115 - - [16/Feb/2025:11:50:58 +0100] "GET /wp-content/plugins/woocommerce/assets/js/frontend/order-attribution.min.js?ver=9.3.3 HTTP/1.1" 200 1509 "https://startupclm.ncdesarrollos.com/" "Mozilla/5.0 (X11; Linux x86_64) AppleWebKit/537.36 (KHTML, like Gecko) HeadlessChrome/125.0.6422.60 Safari/537.36"
34.123.170.104 - - [16/Feb/2025:11:50:58 +0100] "GET /wp-content/plugins/woocommerce/assets/js/jquery-blockui/jquery.blockUI.min.js?ver=2.7.0-wc.9.3.3 HTTP/1.1" 200 3954 "https://startupclm.ncdesarrollos.com/" "Mozilla/5.0 (X11; Linux x86_64) AppleWebKit/537.36 (KHTML, like Gecko) HeadlessChrome/125.0.6422.60 Safari/537.36"
104.197.69.115 - - [16/Feb/2025:11:50:58 +0100] "GET /wp-content/plugins/woocommerce/assets/js/frontend/add-to-cart.min.js?ver=9.3.3 HTTP/1.1" 200 1721 "https://startupclm.ncdesarrollos.com/" "Mozilla/5.0 (X11; Linux x86_64) AppleWebKit/537.36 (KHTML, like Gecko) HeadlessChrome/125.0.6422.60 Safari/537.36"
34.123.170.104 - - [16/Feb/2025:11:50:58 +0100] "GET /wp-content/plugins/woocommerce/assets/js/frontend/woocommerce.min.js?ver=9.3.3 HTTP/1.1" 200 1500 "https://startupclm.ncdesarrollos.com/" "Mozilla/5.0 (X11; Linux x86_64) AppleWebKit/537.36 (KHTML, like Gecko) HeadlessChrome/125.0.6422.60 Safari/537.36"
104.197.69.115 - - [16/Feb/2025:11:50:58 +0100] "GET /wp-content/plugins/woocommerce/assets/js/js-cookie/js.cookie.min.js?ver=2.1.4-wc.9.3.3 HTTP/1.1" 200 1204 "https://startupclm.ncdesarrollos.com/" "Mozilla/5.0 (X11; Linux x86_64) AppleWebKit/537.36 (KHTML, like Gecko) HeadlessChrome/125.0.6422.60 Safari/537.36"
34.123.170.104 - - [16/Feb/2025:11:50:58 +0100] "GET /wp-content/plugins/woocommerce/assets/css/woocommerce-smallscreen.css?ver=9.3.3 HTTP/1.1" 200 1540 "https://startupclm.ncdesarrollos.com/" "Mozilla/5.0 (X11; Linux x86_64) AppleWebKit/537.36 (KHTML, like Gecko) HeadlessChrome/125.0.6422.60 Safari/537.36"
104.197.69.115 - - [16/Feb/2025:11:50:58 +0100] "GET /wp-includes/js/wp-emoji-release.min.js?ver=6.6.2 HTTP/1.1" 200 5479 "https://startupclm.ncdesarrollos.com/" "Mozilla/5.0 (X11; Linux x86_64) AppleWebKit/537.36 (KHTML, like Gecko) HeadlessChrome/125.0.6422.60 Safari/537.36"
205.169.39.4 - - [16/Feb/2025:11:51:01 +0100] "GET / HTTP/1.1" 301 613 "-" "Mozilla/5.0 (Windows NT 10.0; Win64; x64) AppleWebKit/537.36 (KHTML, like Gecko) Chrome/117.0.5938.132 Safari/537.36"
209.38.248.17 - - [16/Feb/2025:11:51:03 +0100] "GET / HTTP/1.1" 301 576 "-" "-"
209.38.248.17 - - [16/Feb/2025:11:51:03 +0100] "GET / HTTP/1.1" 301 576 "-" "Mozilla/5.0 (Linux; Android 6.0; HTC One M9 Build/MRA988726) AppleWebKit/537.36 (KHTML, like Gecko) Chrome/52.0.2745.98 Mobile Safari/537.3"
209.38.248.17 - - [16/Feb/2025:11:51:03 +0100] "GET /actuator/env HTTP/1.1" 301 600 "-" "Go-http-client/1.1"
209.38.248.17 - - [16/Feb/2025:11:51:03 +0100] "GET /server HTTP/1.1" 301 588 "-" "Go-http-client/1.1"
159.65.18.197 - - [16/Feb/2025:11:51:03 +0100] "GET / HTTP/1.1" 200 63871 "-" "-"
209.38.248.17 - - [16/Feb/2025:11:51:04 +0100] "GET /.vscode/sftp.json HTTP/1.1" 301 610 "-" "Go-http-client/1.1"
209.38.248.17 - - [16/Feb/2025:11:51:04 +0100] "GET /about HTTP/1.1" 301 586 "-" "Go-http-client/1.1"
209.38.248.17 - - [16/Feb/2025:11:51:04 +0100] "GET /debug/default/view?panel=config HTTP/1.1" 301 638 "-" "Go-http-client/1.1"
209.38.248.17 - - [16/Feb/2025:11:51:04 +0100] "GET /v2/_catalog HTTP/1.1" 301 598 "-" "Go-http-client/1.1"
209.38.248.17 - - [16/Feb/2025:11:51:04 +0100] "GET /ecp/Current/exporttool/microsoft.exchange.ediscovery.exporttool.application HTTP/1.1" 301 726 "-" "Go-http-client/1.1"
209.38.248.17 - - [16/Feb/2025:11:51:05 +0100] "GET /server-status HTTP/1.1" 301 602 "-" "Go-http-client/1.1"
209.38.248.17 - - [16/Feb/2025:11:51:05 +0100] "GET /login.action HTTP/1.1" 301 600 "-" "Go-http-client/1.1"
205.169.39.90 - - [16/Feb/2025:11:51:05 +0100] "GET / HTTP/1.1" 301 613 "-" "Mozilla/5.0 (Windows NT 6.1; Win64; x64) AppleWebKit/537.36 (KHTML, like Gecko) Chrome/83.0.4103.61 Safari/537.36"
209.38.248.17 - - [16/Feb/2025:11:51:05 +0100] "GET /_all_dbs HTTP/1.1" 301 592 "-" "Mozilla/5.0 (l9scan/2.0.2313e2530313e2237313e2336313; +https://leakix.net)"
209.38.248.17 - - [16/Feb/2025:11:51:05 +0100] "GET /.DS_Store HTTP/1.1" 301 594 "-" "Go-http-client/1.1"
209.38.248.17 - - [16/Feb/2025:11:51:06 +0100] "GET /.env HTTP/1.1" 301 584 "-" "Go-http-client/1.1"
209.38.248.17 - - [16/Feb/2025:11:51:06 +0100] "GET /.git/config HTTP/1.1" 301 598 "-" "Go-http-client/1.1"
209.38.248.17 - - [16/Feb/2025:11:51:06 +0100] "GET /s/2313e2530313e2237313e2336313/_/;/META-INF/maven/com.atlassian.jira/jira-webapp-dist/pom.properties HTTP/1.1" 301 776 "-" "Go-http-client/1.1"
159.65.18.197 - - [16/Feb/2025:11:51:05 +0100] "GET / HTTP/1.1" 200 63871 "-" "Mozilla/5.0 (Linux; Android 6.0; HTC One M9 Build/MRA988726) AppleWebKit/537.36 (KHTML, like Gecko) Chrome/52.0.2745.98 Mobile Safari/537.3"
159.65.18.197 - - [16/Feb/2025:11:51:06 +0100] "GET /actuator/env HTTP/1.1" 404 4248 "-" "Go-http-client/1.1"
159.65.18.197 - - [16/Feb/2025:11:51:06 +0100] "GET /server HTTP/1.1" 404 1041 "-" "Go-http-client/1.1"
159.65.18.197 - - [16/Feb/2025:11:51:06 +0100] "GET /.vscode/sftp.json HTTP/1.1" 404 1041 "-" "Go-http-client/1.1"
209.38.248.17 - - [16/Feb/2025:11:51:06 +0100] "GET /config.json HTTP/1.1" 301 598 "-" "Go-http-client/1.1"
159.65.18.197 - - [16/Feb/2025:11:51:06 +0100] "GET /about HTTP/1.1" 404 1041 "-" "Go-http-client/1.1"
209.38.248.17 - - [16/Feb/2025:11:51:07 +0100] "GET /telescope/requests HTTP/1.1" 301 612 "-" "Go-http-client/1.1"
159.65.18.197 - - [16/Feb/2025:11:51:07 +0100] "GET /debug/default/view?panel=config HTTP/1.1" 404 1041 "-" "Go-http-client/1.1"
209.38.248.17 - - [16/Feb/2025:11:51:07 +0100] "GET /info.php HTTP/1.1" 301 592 "-" "Go-http-client/1.1"
159.65.18.197 - - [16/Feb/2025:11:51:07 +0100] "GET /v2/_catalog HTTP/1.1" 404 1041 "-" "Go-http-client/1.1"
209.38.248.17 - - [16/Feb/2025:11:51:07 +0100] "GET /?rest_route=/wp/v2/users/ HTTP/1.1" 301 626 "-" "Go-http-client/1.1"
159.65.18.197 - - [16/Feb/2025:11:51:07 +0100] "GET /ecp/Current/exporttool/microsoft.exchange.ediscovery.exporttool.application HTTP/1.1" 404 1041 "-" "Go-http-client/1.1"
159.65.18.197 - - [16/Feb/2025:11:51:07 +0100] "GET /server-status HTTP/1.1" 403 1044 "-" "Go-http-client/1.1"
205.169.39.4 - - [16/Feb/2025:11:51:07 +0100] "GET / HTTP/1.1" 200 16734 "-" "Mozilla/5.0 (Windows NT 10.0; Win64; x64) AppleWebKit/537.36 (KHTML, like Gecko) Chrome/117.0.5938.132 Safari/537.36"
159.65.18.197 - - [16/Feb/2025:11:51:08 +0100] "GET /login.action HTTP/1.1" 404 1041 "-" "Go-http-client/1.1"
205.169.39.4 - - [16/Feb/2025:11:51:08 +0100] "GET /wp-includes/blocks/cover/style.min.css?ver=6.6.2 HTTP/1.1" 200 1989 "https://startupclm.ncdesarrollos.com/" "Mozilla/5.0 (Windows NT 10.0; Win64; x64) AppleWebKit/537.36 (KHTML, like Gecko) Chrome/117.0.5938.132 Safari/537.36"
159.65.18.197 - - [16/Feb/2025:11:51:08 +0100] "GET /_all_dbs HTTP/1.1" 404 1041 "-" "Mozilla/5.0 (l9scan/2.0.2313e2530313e2237313e2336313; +https://leakix.net)"
159.65.18.197 - - [16/Feb/2025:11:51:08 +0100] "GET /.DS_Store HTTP/1.1" 404 1041 "-" "Go-http-client/1.1"
205.169.39.4 - - [16/Feb/2025:11:51:08 +0100] "GET /wp-content/plugins/woocommerce/assets/client/blocks/wc-blocks.css?ver=wc-9.3.3 HTTP/1.1" 200 2959 "https://startupclm.ncdesarrollos.com/" "Mozilla/5.0 (Windows NT 10.0; Win64; x64) AppleWebKit/537.36 (KHTML, like Gecko) Chrome/117.0.5938.132 Safari/537.36"
159.65.18.197 - - [16/Feb/2025:11:51:08 +0100] "GET /.env HTTP/1.1" 404 1041 "-" "Go-http-client/1.1"
159.65.18.197 - - [16/Feb/2025:11:51:08 +0100] "GET /.git/config HTTP/1.1" 404 1041 "-" "Go-http-client/1.1"
205.169.39.4 - - [16/Feb/2025:11:51:08 +0100] "GET /wp-content/plugins/woocommerce/assets/client/blocks/coming-soon.css?ver=wc-9.3.3 HTTP/1.1" 200 2155 "https://startupclm.ncdesarrollos.com/" "Mozilla/5.0 (Windows NT 10.0; Win64; x64) AppleWebKit/537.36 (KHTML, like Gecko) Chrome/117.0.5938.132 Safari/537.36"
205.169.39.4 - - [16/Feb/2025:11:51:08 +0100] "GET /wp-content/plugins/woocommerce/assets/css/woocommerce-layout.css?ver=9.3.3 HTTP/1.1" 200 6779 "https://startupclm.ncdesarrollos.com/" "Mozilla/5.0 (Windows NT 10.0; Win64; x64) AppleWebKit/537.36 (KHTML, like Gecko) Chrome/117.0.5938.132 Safari/537.36"
205.169.39.4 - - [16/Feb/2025:11:51:08 +0100] "GET /wp-content/plugins/woocommerce/assets/css/woocommerce-blocktheme.css?ver=9.3.3 HTTP/1.1" 200 6153 "https://startupclm.ncdesarrollos.com/" "Mozilla/5.0 (Windows NT 10.0; Win64; x64) AppleWebKit/537.36 (KHTML, like Gecko) Chrome/117.0.5938.132 Safari/537.36"
205.169.39.4 - - [16/Feb/2025:11:51:08 +0100] "GET /wp-content/plugins/woocommerce/assets/css/woocommerce.css?ver=9.3.3 HTTP/1.1" 200 10418 "https://startupclm.ncdesarrollos.com/" "Mozilla/5.0 (Windows NT 10.0; Win64; x64) AppleWebKit/537.36 (KHTML, like Gecko) Chrome/117.0.5938.132 Safari/537.36"
159.65.18.197 - - [16/Feb/2025:11:51:08 +0100] "GET /s/2313e2530313e2237313e2336313/_/;/META-INF/maven/com.atlassian.jira/jira-webapp-dist/pom.properties HTTP/1.1" 404 1041 "-" "Go-http-client/1.1"
205.169.39.4 - - [16/Feb/2025:11:51:08 +0100] "GET /wp-includes/js/jquery/jquery.min.js?ver=3.7.1 HTTP/1.1" 200 30853 "https://startupclm.ncdesarrollos.com/" "Mozilla/5.0 (Windows NT 10.0; Win64; x64) AppleWebKit/537.36 (KHTML, like Gecko) Chrome/117.0.5938.132 Safari/537.36"
205.169.39.4 - - [16/Feb/2025:11:51:08 +0100] "GET /wp-includes/js/jquery/jquery-migrate.min.js?ver=3.4.1 HTTP/1.1" 200 5289 "https://startupclm.ncdesarrollos.com/" "Mozilla/5.0 (Windows NT 10.0; Win64; x64) AppleWebKit/537.36 (KHTML, like Gecko) Chrome/117.0.5938.132 Safari/537.36"
205.169.39.4 - - [16/Feb/2025:11:51:08 +0100] "GET /wp-content/plugins/woocommerce/assets/js/sourcebuster/sourcebuster.min.js?ver=9.3.3 HTTP/1.1" 200 5224 "https://startupclm.ncdesarrollos.com/" "Mozilla/5.0 (Windows NT 10.0; Win64; x64) AppleWebKit/537.36 (KHTML, like Gecko) Chrome/117.0.5938.132 Safari/537.36"
205.169.39.4 - - [16/Feb/2025:11:51:08 +0100] "GET /wp-content/plugins/woocommerce/assets/js/frontend/order-attribution.min.js?ver=9.3.3 HTTP/1.1" 200 1509 "https://startupclm.ncdesarrollos.com/" "Mozilla/5.0 (Windows NT 10.0; Win64; x64) AppleWebKit/537.36 (KHTML, like Gecko) Chrome/117.0.5938.132 Safari/537.36"
159.65.18.197 - - [16/Feb/2025:11:51:08 +0100] "GET /config.json HTTP/1.1" 404 1041 "-" "Go-http-client/1.1"
159.65.18.197 - - [16/Feb/2025:11:51:08 +0100] "GET /telescope/requests HTTP/1.1" 404 1041 "-" "Go-http-client/1.1"
205.169.39.4 - - [16/Feb/2025:11:51:08 +0100] "GET /wp-content/plugins/woocommerce/assets/js/jquery-blockui/jquery.blockUI.min.js?ver=2.7.0-wc.9.3.3 HTTP/1.1" 200 3954 "https://startupclm.ncdesarrollos.com/" "Mozilla/5.0 (Windows NT 10.0; Win64; x64) AppleWebKit/537.36 (KHTML, like Gecko) Chrome/117.0.5938.132 Safari/537.36"
159.65.18.197 - - [16/Feb/2025:11:51:08 +0100] "GET /info.php HTTP/1.1" 404 779 "-" "Go-http-client/1.1"
205.169.39.4 - - [16/Feb/2025:11:51:08 +0100] "GET /wp-content/plugins/woocommerce/assets/js/frontend/add-to-cart.min.js?ver=9.3.3 HTTP/1.1" 200 1721 "https://startupclm.ncdesarrollos.com/" "Mozilla/5.0 (Windows NT 10.0; Win64; x64) AppleWebKit/537.36 (KHTML, like Gecko) Chrome/117.0.5938.132 Safari/537.36"
205.169.39.4 - - [16/Feb/2025:11:51:08 +0100] "GET /wp-content/plugins/woocommerce/assets/js/js-cookie/js.cookie.min.js?ver=2.1.4-wc.9.3.3 HTTP/1.1" 200 1204 "https://startupclm.ncdesarrollos.com/" "Mozilla/5.0 (Windows NT 10.0; Win64; x64) AppleWebKit/537.36 (KHTML, like Gecko) Chrome/117.0.5938.132 Safari/537.36"
205.169.39.4 - - [16/Feb/2025:11:51:08 +0100] "GET /wp-content/plugins/woocommerce/assets/js/frontend/woocommerce.min.js?ver=9.3.3 HTTP/1.1" 200 1500 "https://startupclm.ncdesarrollos.com/" "Mozilla/5.0 (Windows NT 10.0; Win64; x64) AppleWebKit/537.36 (KHTML, like Gecko) Chrome/117.0.5938.132 Safari/537.36"
205.169.39.4 - - [16/Feb/2025:11:51:08 +0100] "GET /wp-content/plugins/woocommerce/assets/css/woocommerce-smallscreen.css?ver=9.3.3 HTTP/1.1" 200 1540 "https://startupclm.ncdesarrollos.com/" "Mozilla/5.0 (Windows NT 10.0; Win64; x64) AppleWebKit/537.36 (KHTML, like Gecko) Chrome/117.0.5938.132 Safari/537.36"
205.169.39.4 - - [16/Feb/2025:11:51:09 +0100] "GET /wp-includes/js/wp-emoji-release.min.js?ver=6.6.2 HTTP/1.1" 200 5479 "https://startupclm.ncdesarrollos.com/" "Mozilla/5.0 (Windows NT 10.0; Win64; x64) AppleWebKit/537.36 (KHTML, like Gecko) Chrome/117.0.5938.132 Safari/537.36"
159.65.18.197 - - [16/Feb/2025:11:51:08 +0100] "GET /?rest_route=/wp/v2/users/ HTTP/1.1" 200 2598 "-" "Go-http-client/1.1"
205.169.39.90 - - [16/Feb/2025:11:51:09 +0100] "GET / HTTP/1.1" 200 16736 "-" "Mozilla/5.0 (Windows NT 6.1; Win64; x64) AppleWebKit/537.36 (KHTML, like Gecko) Chrome/83.0.4103.61 Safari/537.36"
205.169.39.90 - - [16/Feb/2025:11:51:10 +0100] "GET /wp-includes/js/jquery/jquery.min.js?ver=3.7.1 HTTP/1.1" 200 30853 "https://startupclm.ncdesarrollos.com/" "Mozilla/5.0 (Windows NT 6.1; Win64; x64) AppleWebKit/537.36 (KHTML, like Gecko) Chrome/83.0.4103.61 Safari/537.36"
205.169.39.90 - - [16/Feb/2025:11:51:10 +0100] "GET /wp-includes/js/jquery/jquery-migrate.min.js?ver=3.4.1 HTTP/1.1" 200 5289 "https://startupclm.ncdesarrollos.com/" "Mozilla/5.0 (Windows NT 6.1; Win64; x64) AppleWebKit/537.36 (KHTML, like Gecko) Chrome/83.0.4103.61 Safari/537.36"
205.169.39.90 - - [16/Feb/2025:11:51:11 +0100] "GET /wp-content/plugins/woocommerce/assets/js/jquery-blockui/jquery.blockUI.min.js?ver=2.7.0-wc.9.3.3 HTTP/1.1" 200 3954 "https://startupclm.ncdesarrollos.com/" "Mozilla/5.0 (Windows NT 6.1; Win64; x64) AppleWebKit/537.36 (KHTML, like Gecko) Chrome/83.0.4103.61 Safari/537.36"
205.169.39.90 - - [16/Feb/2025:11:51:11 +0100] "GET /wp-content/plugins/woocommerce/assets/js/frontend/add-to-cart.min.js?ver=9.3.3 HTTP/1.1" 200 1721 "https://startupclm.ncdesarrollos.com/" "Mozilla/5.0 (Windows NT 6.1; Win64; x64) AppleWebKit/537.36 (KHTML, like Gecko) Chrome/83.0.4103.61 Safari/537.36"
205.169.39.90 - - [16/Feb/2025:11:51:11 +0100] "GET /wp-content/plugins/woocommerce/assets/js/js-cookie/js.cookie.min.js?ver=2.1.4-wc.9.3.3 HTTP/1.1" 200 1204 "https://startupclm.ncdesarrollos.com/" "Mozilla/5.0 (Windows NT 6.1; Win64; x64) AppleWebKit/537.36 (KHTML, like Gecko) Chrome/83.0.4103.61 Safari/537.36"
205.169.39.90 - - [16/Feb/2025:11:51:11 +0100] "GET /wp-content/plugins/woocommerce/assets/js/frontend/woocommerce.min.js?ver=9.3.3 HTTP/1.1" 200 1500 "https://startupclm.ncdesarrollos.com/" "Mozilla/5.0 (Windows NT 6.1; Win64; x64) AppleWebKit/537.36 (KHTML, like Gecko) Chrome/83.0.4103.61 Safari/537.36"
205.169.39.90 - - [16/Feb/2025:11:51:11 +0100] "GET /wp-content/plugins/woocommerce/assets/js/sourcebuster/sourcebuster.min.js?ver=9.3.3 HTTP/1.1" 200 5224 "https://startupclm.ncdesarrollos.com/" "Mozilla/5.0 (Windows NT 6.1; Win64; x64) AppleWebKit/537.36 (KHTML, like Gecko) Chrome/83.0.4103.61 Safari/537.36"
205.169.39.90 - - [16/Feb/2025:11:51:11 +0100] "GET /wp-content/plugins/woocommerce/assets/js/frontend/order-attribution.min.js?ver=9.3.3 HTTP/1.1" 200 1509 "https://startupclm.ncdesarrollos.com/" "Mozilla/5.0 (Windows NT 6.1; Win64; x64) AppleWebKit/537.36 (KHTML, like Gecko) Chrome/83.0.4103.61 Safari/537.36"
205.169.39.90 - - [16/Feb/2025:11:51:15 +0100] "GET / HTTP/1.1" 301 613 "-" "Mozilla/5.0 (Windows NT 10.0; Win64; x64) AppleWebKit/537.36 (KHTML, like Gecko) Chrome/79.0.3945.79 Safari/537.36"
205.169.39.90 - - [16/Feb/2025:11:51:16 +0100] "GET / HTTP/1.1" 200 16734 "-" "Mozilla/5.0 (Windows NT 10.0; Win64; x64) AppleWebKit/537.36 (KHTML, like Gecko) Chrome/79.0.3945.79 Safari/537.36"
205.169.39.90 - - [16/Feb/2025:11:51:16 +0100] "GET /wp-includes/blocks/cover/style.min.css?ver=6.6.2 HTTP/1.1" 200 1989 "https://startupclm.ncdesarrollos.com/" "Mozilla/5.0 (Windows NT 10.0; Win64; x64) AppleWebKit/537.36 (KHTML, like Gecko) Chrome/79.0.3945.79 Safari/537.36"
205.169.39.90 - - [16/Feb/2025:11:51:16 +0100] "GET /wp-content/plugins/woocommerce/assets/client/blocks/wc-blocks.css?ver=wc-9.3.3 HTTP/1.1" 200 2959 "https://startupclm.ncdesarrollos.com/" "Mozilla/5.0 (Windows NT 10.0; Win64; x64) AppleWebKit/537.36 (KHTML, like Gecko) Chrome/79.0.3945.79 Safari/537.36"
205.169.39.90 - - [16/Feb/2025:11:51:16 +0100] "GET /wp-content/plugins/woocommerce/assets/client/blocks/coming-soon.css?ver=wc-9.3.3 HTTP/1.1" 200 1575 "https://startupclm.ncdesarrollos.com/" "Mozilla/5.0 (Windows NT 10.0; Win64; x64) AppleWebKit/537.36 (KHTML, like Gecko) Chrome/79.0.3945.79 Safari/537.36"
205.169.39.90 - - [16/Feb/2025:11:51:16 +0100] "GET /wp-content/plugins/woocommerce/assets/css/woocommerce-layout.css?ver=9.3.3 HTTP/1.1" 200 3556 "https://startupclm.ncdesarrollos.com/" "Mozilla/5.0 (Windows NT 10.0; Win64; x64) AppleWebKit/537.36 (KHTML, like Gecko) Chrome/79.0.3945.79 Safari/537.36"
205.169.39.90 - - [16/Feb/2025:11:51:16 +0100] "GET /wp-content/plugins/woocommerce/assets/css/woocommerce.css?ver=9.3.3 HTTP/1.1" 200 10998 "https://startupclm.ncdesarrollos.com/" "Mozilla/5.0 (Windows NT 10.0; Win64; x64) AppleWebKit/537.36 (KHTML, like Gecko) Chrome/79.0.3945.79 Safari/537.36"
205.169.39.90 - - [16/Feb/2025:11:51:16 +0100] "GET /wp-content/plugins/woocommerce/assets/css/woocommerce-blocktheme.css?ver=9.3.3 HTTP/1.1" 200 6153 "https://startupclm.ncdesarrollos.com/" "Mozilla/5.0 (Windows NT 10.0; Win64; x64) AppleWebKit/537.36 (KHTML, like Gecko) Chrome/79.0.3945.79 Safari/537.36"
205.169.39.90 - - [16/Feb/2025:11:51:16 +0100] "GET /wp-includes/js/jquery/jquery-migrate.min.js?ver=3.4.1 HTTP/1.1" 200 9092 "https://startupclm.ncdesarrollos.com/" "Mozilla/5.0 (Windows NT 10.0; Win64; x64) AppleWebKit/537.36 (KHTML, like Gecko) Chrome/79.0.3945.79 Safari/537.36"
205.169.39.90 - - [16/Feb/2025:11:51:16 +0100] "GET /wp-includes/js/jquery/jquery.min.js?ver=3.7.1 HTTP/1.1" 200 34656 "https://startupclm.ncdesarrollos.com/" "Mozilla/5.0 (Windows NT 10.0; Win64; x64) AppleWebKit/537.36 (KHTML, like Gecko) Chrome/79.0.3945.79 Safari/537.36"
195.211.77.140 - - [16/Feb/2025:11:51:16 +0100] "HEAD / HTTP/1.1" 200 4099 "-" "Mozilla/5.0 (Windows NT 10.0; Win64; x64) AppleWebKit/537.36 (KHTML, like Gecko) Chrome/108.0.0.0 Safari/537.36"
205.169.39.90 - - [16/Feb/2025:11:51:16 +0100] "GET /wp-content/plugins/woocommerce/assets/js/sourcebuster/sourcebuster.min.js?ver=9.3.3 HTTP/1.1" 200 5224 "https://startupclm.ncdesarrollos.com/" "Mozilla/5.0 (Windows NT 10.0; Win64; x64) AppleWebKit/537.36 (KHTML, like Gecko) Chrome/79.0.3945.79 Safari/537.36"
205.169.39.90 - - [16/Feb/2025:11:51:16 +0100] "GET /wp-content/plugins/woocommerce/assets/js/frontend/order-attribution.min.js?ver=9.3.3 HTTP/1.1" 200 1509 "https://startupclm.ncdesarrollos.com/" "Mozilla/5.0 (Windows NT 10.0; Win64; x64) AppleWebKit/537.36 (KHTML, like Gecko) Chrome/79.0.3945.79 Safari/537.36"
205.169.39.90 - - [16/Feb/2025:11:51:17 +0100] "GET /wp-content/plugins/woocommerce/assets/js/jquery-blockui/jquery.blockUI.min.js?ver=2.7.0-wc.9.3.3 HTTP/1.1" 200 3954 "https://startupclm.ncdesarrollos.com/" "Mozilla/5.0 (Windows NT 10.0; Win64; x64) AppleWebKit/537.36 (KHTML, like Gecko) Chrome/79.0.3945.79 Safari/537.36"
205.169.39.90 - - [16/Feb/2025:11:51:17 +0100] "GET /wp-content/plugins/woocommerce/assets/js/frontend/add-to-cart.min.js?ver=9.3.3 HTTP/1.1" 200 1721 "https://startupclm.ncdesarrollos.com/" "Mozilla/5.0 (Windows NT 10.0; Win64; x64) AppleWebKit/537.36 (KHTML, like Gecko) Chrome/79.0.3945.79 Safari/537.36"
205.169.39.90 - - [16/Feb/2025:11:51:17 +0100] "GET /wp-content/plugins/woocommerce/assets/js/js-cookie/js.cookie.min.js?ver=2.1.4-wc.9.3.3 HTTP/1.1" 200 1204 "https://startupclm.ncdesarrollos.com/" "Mozilla/5.0 (Windows NT 10.0; Win64; x64) AppleWebKit/537.36 (KHTML, like Gecko) Chrome/79.0.3945.79 Safari/537.36"
205.169.39.90 - - [16/Feb/2025:11:51:17 +0100] "GET /wp-content/plugins/woocommerce/assets/js/frontend/woocommerce.min.js?ver=9.3.3 HTTP/1.1" 200 1500 "https://startupclm.ncdesarrollos.com/" "Mozilla/5.0 (Windows NT 10.0; Win64; x64) AppleWebKit/537.36 (KHTML, like Gecko) Chrome/79.0.3945.79 Safari/537.36"
205.169.39.90 - - [16/Feb/2025:11:51:17 +0100] "GET /wp-content/plugins/woocommerce/assets/css/woocommerce-smallscreen.css?ver=9.3.3 HTTP/1.1" 200 1540 "https://startupclm.ncdesarrollos.com/" "Mozilla/5.0 (Windows NT 10.0; Win64; x64) AppleWebKit/537.36 (KHTML, like Gecko) Chrome/79.0.3945.79 Safari/537.36"
205.169.39.90 - - [16/Feb/2025:11:51:17 +0100] "GET /wp-includes/js/wp-emoji-release.min.js?ver=6.6.2 HTTP/1.1" 200 5479 "https://startupclm.ncdesarrollos.com/" "Mozilla/5.0 (Windows NT 10.0; Win64; x64) AppleWebKit/537.36 (KHTML, like Gecko) Chrome/79.0.3945.79 Safari/537.36"
195.211.77.142 - - [16/Feb/2025:11:51:35 +0100] "GET / HTTP/1.1" 200 16734 "-" "Mozilla/5.0 (Windows NT 10.0; Win64; x64) AppleWebKit/537.36 (KHTML, like Gecko) Chrome/108.0.0.0 Safari/537.36"
163.172.105.12 - - [16/Feb/2025:11:56:02 +0100] "POST /wp-cron.php?doing_wp_cron=1739703362.7182459831237792968750 HTTP/1.1" 200 4083 "-" "WordPress/6.6.2; https://startupclm.ncdesarrollos.com"
104.164.173.38 - - [16/Feb/2025:11:56:02 +0100] "GET / HTTP/1.1" 200 16734 "-" "Mozilla/5.0 (Windows NT 10.0; Win64; x64) AppleWebKit/537.36 (KHTML, like Gecko) Chrome/117.0.0.0 Safari/537.36"
104.164.173.38 - - [16/Feb/2025:11:56:03 +0100] "GET /https%3A/startupclm.ncdesarrollos.com/index.php/feed/ HTTP/1.1" 404 529 "-" "Mozilla/5.0 (Windows NT 10.0; Win64; x64) AppleWebKit/537.36 (KHTML, like Gecko) Chrome/117.0.0.0 Safari/537.36"
163.172.105.12 - - [16/Feb/2025:11:56:04 +0100] "POST /wp-admin/admin-ajax.php?action=wp_1_wc_privacy_cleanup&nonce=3510a755d1 HTTP/1.1" 200 4218 "-" "WordPress/6.6.2; https://startupclm.ncdesarrollos.com"
163.172.105.12 - - [16/Feb/2025:12:49:02 +0100] "POST /wp-cron.php?doing_wp_cron=1739706542.6038548946380615234375 HTTP/1.1" 200 4083 "-" "WordPress/6.6.2; https://startupclm.ncdesarrollos.com"
104.164.173.150 - - [16/Feb/2025:12:49:01 +0100] "GET / HTTP/1.1" 200 16734 "-" "Mozilla/5.0 (Macintosh; Intel Mac OS X 10_15_7) AppleWebKit/537.36 (KHTML, like Gecko) Chrome/117.0.0.0 Safari/537.36"
154.28.229.38 - - [16/Feb/2025:12:49:16 +0100] "GET / HTTP/1.1" 200 16734 "-" "Mozilla/5.0 (Macintosh; Intel Mac OS X 10_15_7) AppleWebKit/537.36 (KHTML, like Gecko) Chrome/117.0.0.0 Safari/537.36"
163.172.105.12 - - [16/Feb/2025:18:18:03 +0100] "POST /wp-cron.php?doing_wp_cron=1739726283.4220449924468994140625 HTTP/1.1" 200 4083 "-" "WordPress/6.6.2; https://startupclm.ncdesarrollos.com"
104.164.173.211 - - [16/Feb/2025:18:18:02 +0100] "GET / HTTP/1.1" 200 16734 "-" "Mozilla/5.0 (X11; Linux x86_64) AppleWebKit/537.36 (KHTML, like Gecko) Chrome/116.0.0.0 Safari/537.36"
163.172.105.12 - - [16/Feb/2025:18:18:03 +0100] "POST /wp-cron.php?doing_wp_cron=1739726283.4286019802093505859375 HTTP/1.1" 200 4083 "-" "WordPress/6.6.2; https://startupclm.ncdesarrollos.com"
104.164.173.154 - - [16/Feb/2025:18:18:02 +0100] "GET / HTTP/1.1" 200 16734 "-" "Mozilla/5.0 (Macintosh; Intel Mac OS X 10_15_7) AppleWebKit/537.36 (KHTML, like Gecko) Chrome/117.0.0.0 Safari/537.36"
213.232.87.228 - - [16/Feb/2025:18:31:42 +0100] "GET /user_secrets.yml HTTP/1.1" 404 4248 "-" "Go-http-client/1.1"
213.232.87.228 - - [16/Feb/2025:18:31:42 +0100] "GET /server.key HTTP/1.1" 404 4248 "-" "Go-http-client/1.1"
213.232.87.228 - - [16/Feb/2025:18:31:42 +0100] "GET /cloud-config.yml HTTP/1.1" 404 4248 "-" "Go-http-client/1.1"
213.232.87.228 - - [16/Feb/2025:18:31:42 +0100] "GET /.svn/wc.db HTTP/1.1" 404 4248 "-" "Go-http-client/1.1"
213.232.87.228 - - [16/Feb/2025:18:31:42 +0100] "GET /config.yml HTTP/1.1" 404 4248 "-" "Go-http-client/1.1"
213.232.87.228 - - [16/Feb/2025:18:31:42 +0100] "GET /feed HTTP/1.1" 404 4248 "-" "Go-http-client/1.1"
213.232.87.228 - - [16/Feb/2025:18:31:42 +0100] "GET /_vti_pvt/authors.pwd HTTP/1.1" 404 4248 "-" "Go-http-client/1.1"
213.232.87.228 - - [16/Feb/2025:18:31:42 +0100] "GET /config.xml HTTP/1.1" 404 4248 "-" "Go-http-client/1.1"
213.232.87.228 - - [16/Feb/2025:18:31:42 +0100] "GET /backup.sql HTTP/1.1" 404 4248 "-" "Go-http-client/1.1"
213.232.87.228 - - [16/Feb/2025:18:31:42 +0100] "GET /.ssh/id_rsa HTTP/1.1" 404 4248 "-" "Go-http-client/1.1"
213.232.87.228 - - [16/Feb/2025:18:31:43 +0100] "GET /.env HTTP/1.1" 404 4248 "-" "Go-http-client/1.1"
213.232.87.228 - - [16/Feb/2025:18:31:43 +0100] "GET /config/database.php HTTP/1.1" 404 4248 "-" "Go-http-client/1.1"
213.232.87.228 - - [16/Feb/2025:18:31:43 +0100] "GET /.aws/credentials HTTP/1.1" 404 4248 "-" "Go-http-client/1.1"
213.232.87.228 - - [16/Feb/2025:18:31:43 +0100] "GET /docker-compose.yml HTTP/1.1" 404 4248 "-" "Go-http-client/1.1"
213.232.87.228 - - [16/Feb/2025:18:31:43 +0100] "GET /config/production.json HTTP/1.1" 404 4248 "-" "Go-http-client/1.1"
213.232.87.228 - - [16/Feb/2025:18:31:43 +0100] "GET /.git/HEAD HTTP/1.1" 404 4248 "-" "Go-http-client/1.1"
213.232.87.228 - - [16/Feb/2025:18:31:43 +0100] "GET /.ssh/id_ed25519 HTTP/1.1" 404 4248 "-" "Go-http-client/1.1"
213.232.87.228 - - [16/Feb/2025:18:31:43 +0100] "GET /.env.production HTTP/1.1" 404 4248 "-" "Go-http-client/1.1"
213.232.87.228 - - [16/Feb/2025:18:31:43 +0100] "GET /web.config HTTP/1.1" 404 4248 "-" "Go-http-client/1.1"
213.232.87.228 - - [16/Feb/2025:18:31:43 +0100] "GET /database.sql HTTP/1.1" 404 4248 "-" "Go-http-client/1.1"
213.232.87.228 - - [16/Feb/2025:18:31:43 +0100] "GET /config.php HTTP/1.1" 404 3986 "-" "Go-http-client/1.1"
213.232.87.228 - - [16/Feb/2025:18:31:43 +0100] "GET /_vti_pvt/administrators.pwd HTTP/1.1" 404 4248 "-" "Go-http-client/1.1"
213.232.87.228 - - [16/Feb/2025:18:31:43 +0100] "GET /.kube/config HTTP/1.1" 404 4248 "-" "Go-http-client/1.1"
213.232.87.228 - - [16/Feb/2025:18:31:43 +0100] "GET /.vscode/sftp.json HTTP/1.1" 404 4248 "-" "Go-http-client/1.1"
213.232.87.228 - - [16/Feb/2025:18:31:43 +0100] "GET /wp-admin/setup-config.php HTTP/1.1" 409 6782 "-" "Go-http-client/1.1"
163.172.105.12 - - [16/Feb/2025:18:31:44 +0100] "POST /wp-cron.php?doing_wp_cron=1739727104.0533890724182128906250 HTTP/1.1" 200 4083 "-" "WordPress/6.6.2; https://startupclm.ncdesarrollos.com"
213.232.87.228 - - [16/Feb/2025:18:31:43 +0100] "GET /wp-config.php HTTP/1.1" 200 3943 "-" "Go-http-client/1.1"
213.232.87.228 - - [16/Feb/2025:18:31:43 +0100] "GET / HTTP/1.1" 200 16650 "-" "Go-http-client/1.1"
213.232.87.228 - - [16/Feb/2025:18:31:45 +0100] "GET /config.json HTTP/1.1" 404 4248 "-" "Go-http-client/1.1"
213.232.87.228 - - [16/Feb/2025:18:31:45 +0100] "GET /etc/shadow HTTP/1.1" 404 4248 "-" "Go-http-client/1.1"
213.232.87.228 - - [16/Feb/2025:18:31:46 +0100] "GET /server-status HTTP/1.1" 403 4251 "-" "Go-http-client/1.1"
171.244.43.14 - - [17/Feb/2025:02:17:32 +0100] "GET /robots.txt HTTP/1.1" 404 4229 "-" "Mozilla/5.0 (Linux; Android 10; K) AppleWebKit/537.36 (KHTML, like Gecko) Chrome/131.0.0.0 Mobile Safari/537.36"
163.172.105.12 - - [17/Feb/2025:02:17:33 +0100] "POST /wp-cron.php?doing_wp_cron=1739755053.7475819587707519531250 HTTP/1.1" 200 4083 "-" "WordPress/6.6.2; https://startupclm.ncdesarrollos.com"
171.244.43.14 - - [17/Feb/2025:02:17:33 +0100] "GET / HTTP/1.1" 200 12876 "-" "Mozilla/5.0 (Linux; Android 10; K) AppleWebKit/537.36 (KHTML, like Gecko) Chrome/131.0.0.0 Mobile Safari/537.36"
163.172.105.12 - - [17/Feb/2025:05:16:28 +0100] "POST /wp-cron.php?doing_wp_cron=1739765787.5945589542388916015625 HTTP/1.1" 200 4083 "-" "WordPress/6.6.2; https://startupclm.ncdesarrollos.com"
163.172.105.12 - - [17/Feb/2025:05:16:28 +0100] "POST /wp-cron.php?doing_wp_cron=1739765787.5946679115295410156250 HTTP/1.1" 200 4083 "-" "WordPress/6.6.2; https://startupclm.ncdesarrollos.com"
146.70.196.240 - - [17/Feb/2025:05:16:07 +0100] "GET / HTTP/1.1" 200 16734 "-" "Mozilla/5.0 (Windows NT 10.0; Win64; x64) AppleWebKit/537.36 (KHTML, like Gecko) Chrome/110.0.0.0 Safari/537.36"
146.70.196.240 - - [17/Feb/2025:05:15:56 +0100] "GET / HTTP/1.1" 200 16734 "-" "Mozilla/5.0 (Windows NT 10.0; Win64; x64) AppleWebKit/537.36 (KHTML, like Gecko) Chrome/110.0.0.0 Safari/537.36"
104.248.155.204 - - [17/Feb/2025:06:26:45 +0100] "GET /wp-admin/setup-config.php?step=1 HTTP/1.1" 301 621 "-" "Mozilla/5.0 (Linux; Android 5.1.1; SM-J111F) AppleWebKit/537.36 (KHTML, like Gecko) Chrome/73.0.3683.90 Mobile Safari/537.36"
104.248.155.204 - - [17/Feb/2025:06:26:46 +0100] "GET /wp-admin/setup-config.php?step=1 HTTP/1.1" 409 6810 "http://startupclm.ncdesarrollos.com/wp-admin/setup-config.php?step=1" "Mozilla/5.0 (Linux; Android 5.1.1; SM-J111F) AppleWebKit/537.36 (KHTML, like Gecko) Chrome/73.0.3683.90 Mobile Safari/537.36"
104.248.155.204 - - [17/Feb/2025:06:26:47 +0100] "GET /wordpress/wp-admin/setup-config.php?step=1 HTTP/1.1" 301 641 "-" "Mozilla/5.0 (Linux; Android 5.1.1; SM-J111F) AppleWebKit/537.36 (KHTML, like Gecko) Chrome/73.0.3683.90 Mobile Safari/537.36"
104.248.155.204 - - [17/Feb/2025:06:26:47 +0100] "GET /wordpress/wp-admin/setup-config.php?step=1 HTTP/1.1" 404 474 "http://startupclm.ncdesarrollos.com/wordpress/wp-admin/setup-config.php?step=1" "Mozilla/5.0 (Linux; Android 5.1.1; SM-J111F) AppleWebKit/537.36 (KHTML, like Gecko) Chrome/73.0.3683.90 Mobile Safari/537.36"
163.172.105.12 - - [17/Feb/2025:13:19:34 +0100] "POST /wp-cron.php?doing_wp_cron=1739794774.7732300758361816406250 HTTP/1.1" 200 4083 "-" "WordPress/6.6.2; https://startupclm.ncdesarrollos.com"
82.197.68.199 - - [17/Feb/2025:13:19:34 +0100] "GET / HTTP/1.1" 200 16650 "-" "Mozilla/5.0 (Windows NT 6.1; WOW64; rv:12.0) Gecko/20120422 Firefox/12.0 SeaMonkey/2.9"
163.172.105.12 - - [17/Feb/2025:13:19:37 +0100] "POST /wp-admin/admin-ajax.php?action=wp_1_wc_privacy_cleanup&nonce=14ab249633 HTTP/1.1" 200 4218 "-" "WordPress/6.6.2; https://startupclm.ncdesarrollos.com"
82.197.68.199 - - [17/Feb/2025:13:20:13 +0100] "GET //startupclm.ncdesarrollos.com/wp-includes/js/jquery/jquery.min.js HTTP/1.1" 404 4248 "-" "Mozilla/5.0 (Linux; Android 9; SAMSUNG SM-N950F Build/PPR1.180610.011) AppleWebKit/537.36 (KHTML, like Gecko) SamsungBrowser/9.4 Chrome/67.0.3396.87 Mobile Safari/537.36"
82.197.68.199 - - [17/Feb/2025:13:20:14 +0100] "GET //startupclm.ncdesarrollos.com/wp-content/plugins/woocommerce/assets/js/jquery-blockui/jquery.blockUI.min.js HTTP/1.1" 404 4248 "-" "Mozilla/5.0 (X11; Linux x86_64) AppleWebKit/537.21 (KHTML, like Gecko) konqueror/4.14.10 Safari/537.21"
82.197.68.199 - - [17/Feb/2025:13:20:18 +0100] "GET //startupclm.ncdesarrollos.com/wp-content/plugins/woocommerce/assets/js/frontend/add-to-cart.min.js HTTP/1.1" 404 4248 "-" "Mozilla/5.0 (OS/2; U; OS/2; en-US) AppleWebKit/533.3 (KHTML, like Gecko) QupZilla/1.3.1 Safari/533.3"
82.197.68.199 - - [17/Feb/2025:13:20:18 +0100] "GET //startupclm.ncdesarrollos.com/wp-content/plugins/woocommerce/assets/js/frontend/woocommerce.min.js HTTP/1.1" 404 4248 "-" "Mozilla/5.0 (Linux; Android 9; GM1910) AppleWebKit/537.36 (KHTML, like Gecko) Chrome/76.0.3809.111 Mobile Safari/537.36"
82.197.68.199 - - [17/Feb/2025:13:20:19 +0100] "GET //startupclm.ncdesarrollos.com/wp-content/plugins/woocommerce/assets/js/frontend/order-attribution.min.js HTTP/1.1" 301 782 "-" "Mozilla/5.0 (Windows NT 10.0; Win64; x64) AppleWebKit/537.36 (KHTML, like Gecko) Chrome/77.0.3835.0 Safari/537.36"
82.197.68.199 - - [17/Feb/2025:13:20:19 +0100] "GET //startupclm.ncdesarrollos.com/wp-content/plugins/woocommerce/assets/js/js-cookie/js.cookie.min.js HTTP/1.1" 301 768 "-" "Mozilla/5.0 (Windows NT 6.1; Win64; x64) AppleWebKit/537.36 (KHTML, like Gecko) Chrome/76.0.3809.100 Safari/537.36"
82.197.68.199 - - [17/Feb/2025:13:20:22 +0100] "GET //startupclm.ncdesarrollos.com/wp-content/plugins/woocommerce/assets/js/frontend/add-to-cart.min.js HTTP/1.1" 301 770 "-" "Mozilla/5.0 (iPhone; CPU iPhone OS 12_2 like Mac OS X) AppleWebKit/605.1.15 (KHTML, like Gecko) Mobile/15E148 MicroMessenger/7.0.5(0x17000523) NetType/WIFI Language/zh_CN"
82.197.68.199 - - [17/Feb/2025:13:20:22 +0100] "GET /wp-emoji-release.min.js HTTP/1.1" 301 622 "-" "Mozilla/5.0 (iPhone; CPU iPhone OS 12_4 like Mac OS X) AppleWebKit/605.1.15 (KHTML, like Gecko) Version/12.1.2 Mobile/15E148 Safari/604.1"
82.197.68.199 - - [17/Feb/2025:13:20:22 +0100] "GET //startupclm.ncdesarrollos.com/wp-includes/js/jquery/jquery-migrate.min.js HTTP/1.1" 301 720 "-" "Mozilla/5.0 (Linux; Android 9; SM-A730F) AppleWebKit/537.36 (KHTML, like Gecko) Chrome/75.0.3770.143 Mobile Safari/537.36"
82.197.68.199 - - [17/Feb/2025:13:21:13 +0100] "GET //startupclm.ncdesarrollos.com/wp-content/plugins/woocommerce/assets/js/js-cookie/js.cookie.min.js HTTP/1.1" 404 4248 "-" "Mozilla/5.0 (Macintosh; Intel Mac OS X 10_10_4) AppleWebKit/537.36 (KHTML, like Gecko) Chrome/76.0.3809.100 Safari/537.36"
82.197.68.199 - - [17/Feb/2025:13:21:13 +0100] "GET //startupclm.ncdesarrollos.com/wp-content/plugins/woocommerce/assets/js/frontend/woocommerce.min.js HTTP/1.1" 404 4248 "-" "Mozilla/5.0 (Linux; Android 9; ASUS_X01BDA) AppleWebKit/537.36 (KHTML, like Gecko) Chrome/76.0.3809.111 Mobile Safari/537.36"
82.197.68.199 - - [17/Feb/2025:13:21:13 +0100] "GET //startupclm.ncdesarrollos.com/wp-content/plugins/woocommerce/assets/js/frontend/order-attribution.min.js HTTP/1.1" 404 4248 "-" "Mozilla/5.0 (X11; Linux x86_64) AppleWebKit/537.36 (KHTML, like Gecko) snap Chromium/76.0.3809.87 Chrome/76.0.3809.87 Safari/537.36"
82.197.68.199 - - [17/Feb/2025:13:21:13 +0100] "GET //startupclm.ncdesarrollos.com/wp-includes/js/jquery/jquery-migrate.min.js HTTP/1.1" 404 4248 "-" "Mozilla/5.0 (iPhone; CPU iPhone OS 8_3 like Mac OS X) AppleWebKit/600.1.4 (KHTML, like Gecko) Version/8.0 Mobile/12F70 Safari/600.1.4"
82.197.68.199 - - [17/Feb/2025:13:21:14 +0100] "GET //startupclm.ncdesarrollos.com/wp-content/plugins/woocommerce/assets/js/sourcebuster/sourcebuster.min.js HTTP/1.1" 404 4248 "-" "Mozilla/5.0 (Linux; Android 9; H8314) AppleWebKit/537.36 (KHTML, like Gecko) Chrome/76.0.3809.111 Mobile Safari/537.36"
82.197.68.199 - - [17/Feb/2025:13:21:14 +0100] "GET //startupclm.ncdesarrollos.com/wp-content/plugins/woocommerce/assets/js/jquery-blockui/jquery.blockUI.min.js HTTP/1.1" 404 4248 "-" "Mozilla/5.0 (Linux; Android 7.1.1; 1713-A01) AppleWebKit/537.36 (KHTML, like Gecko) Chrome/71.0.3578.99 Mobile Safari/537.36"
82.197.68.199 - - [17/Feb/2025:13:21:16 +0100] "GET //startupclm.ncdesarrollos.com/wp-content/plugins/woocommerce/assets/js/frontend/add-to-cart.min.js HTTP/1.1" 404 4248 "-" "Mozilla/5.0 (Windows NT 10.0; Win64; x64) AppleWebKit/537.36 (KHTML, like Gecko) Chrome/62.0.3191.0 Safari/537.36"
82.197.68.199 - - [17/Feb/2025:13:21:17 +0100] "GET //startupclm.ncdesarrollos.com/wp-content/plugins/woocommerce/assets/js/frontend/add-to-cart.min.js HTTP/1.1" 301 770 "-" "Mozilla/5.0 (Macintosh; Intel Mac OS X 10_12_6) AppleWebKit/537.36 (KHTML, like Gecko) Chrome/65.0.3312.0 Safari/537.36"
82.197.68.199 - - [17/Feb/2025:13:21:21 +0100] "GET /wp-emoji-release.min.js HTTP/1.1" 301 622 "-" "Mozilla/5.0 (Macintosh; Intel Mac OS X 10_13_3) AppleWebKit/537.36 (KHTML, like Gecko) Chrome/75.0.3770.142 Safari/537.36"
82.197.68.199 - - [17/Feb/2025:13:21:21 +0100] "GET //startupclm.ncdesarrollos.com/wp-content/plugins/woocommerce/assets/js/sourcebuster/sourcebuster.min.js HTTP/1.1" 301 780 "-" "Mozilla/5.0 (iPhone; CPU iPhone OS 12_2 like Mac OS X) AppleWebKit/605.1.15 (KHTML, like Gecko) Mobile/15E148 MicroMessenger/7.0.5(0x17000523) NetType/WIFI Language/zh_CN"
82.197.68.199 - - [17/Feb/2025:13:21:21 +0100] "GET //startupclm.ncdesarrollos.com/wp-includes/js/jquery/jquery.min.js HTTP/1.1" 301 704 "-" "Opera/9.80 (Windows NT 5.2; U; en) Presto/2.2.15 Version/10.10"
163.172.105.12 - - [17/Feb/2025:16:42:45 +0100] "POST /wp-cron.php?doing_wp_cron=1739806965.8248620033264160156250 HTTP/1.1" 200 4083 "-" "WordPress/6.6.2; https://startupclm.ncdesarrollos.com"
196.251.83.148 - - [17/Feb/2025:16:42:45 +0100] "GET / HTTP/1.1" 200 16650 "-" "Mozilla/5.0 (Linux; Android 6.0; ALE-L21 Build/HuaweiALE-L21) AppleWebKit/537.36 (KHTML, like Gecko) Chrome/50.0.2661.89 Mobile Safari/537.36"
196.251.83.148 - - [17/Feb/2025:16:43:19 +0100] "GET //startupclm.ncdesarrollos.com/wp-content/plugins/woocommerce/assets/js/jquery-blockui/jquery.blockUI.min.js HTTP/1.1" 404 4248 "-" "Mozilla/5.0 (Linux; Android 8.0.0; SAMSUNG-SM-G891A) AppleWebKit/537.36 (KHTML, like Gecko) Chrome/76.0.3809.111 Mobile Safari/537.36"
196.251.83.148 - - [17/Feb/2025:16:43:19 +0100] "GET //startupclm.ncdesarrollos.com/wp-includes/js/jquery/jquery-migrate.min.js HTTP/1.1" 404 4248 "-" "Mozilla/5.0 (Windows NT 6.1; Win64; x64; rv:35.0) Gecko/20100101 Firefox/35.0"
196.251.83.148 - - [17/Feb/2025:16:43:19 +0100] "GET //startupclm.ncdesarrollos.com/wp-content/plugins/woocommerce/assets/js/frontend/add-to-cart.min.js HTTP/1.1" 404 4248 "-" "Mozilla/5.0 (X11; Ubuntu; Linux x86_64) AppleWebKit/605.1.15 (KHTML, like Gecko) Version/11.0 Safari/605.1.15 Epiphany/605.1.15"
196.251.83.148 - - [17/Feb/2025:16:43:19 +0100] "GET //startupclm.ncdesarrollos.com/wp-content/plugins/woocommerce/assets/js/js-cookie/js.cookie.min.js HTTP/1.1" 404 4248 "-" "Mozilla/5.0 (Windows NT 6.1; WOW64) AppleWebKit/534.27 (KHTML, like Gecko) Chrome/12.0.712.0 Safari/534.27"
196.251.83.148 - - [17/Feb/2025:16:43:19 +0100] "GET //startupclm.ncdesarrollos.com/wp-includes/js/jquery/jquery.min.js HTTP/1.1" 404 4248 "-" "Mozilla/5.0 (X11; Linux x86_64) AppleWebKit/537.36 (KHTML, like Gecko) Chrome/41.0.2227.0 Safari/537.36"
196.251.83.148 - - [17/Feb/2025:16:43:19 +0100] "GET /wp-emoji-release.min.js HTTP/1.1" 404 4248 "-" "Mozilla/5.0 (iPhone; CPU iPhone OS 12_4 like Mac OS X) AppleWebKit/605.1.15 (KHTML, like Gecko) CriOS/76.0.3809.81 Mobile/15E148 Safari/605.1"
196.251.83.148 - - [17/Feb/2025:16:43:20 +0100] "GET //startupclm.ncdesarrollos.com/wp-content/plugins/woocommerce/assets/js/sourcebuster/sourcebuster.min.js HTTP/1.1" 404 4248 "-" "Mozilla/5.0 (compatible; Konqueror/4.3; Linux) KHTML/4.3.1 (like Gecko) Fedora/4.3.1-3.fc11"
196.251.83.148 - - [17/Feb/2025:16:43:20 +0100] "GET //startupclm.ncdesarrollos.com/wp-content/plugins/woocommerce/assets/js/frontend/woocommerce.min.js HTTP/1.1" 404 4248 "-" "Opera/9.80 (J2ME/MIDP; Opera Mini/5.0.16823/1428; U; en) Presto/2.2.0"
196.251.83.148 - - [17/Feb/2025:16:43:20 +0100] "GET //startupclm.ncdesarrollos.com/wp-content/plugins/woocommerce/assets/js/frontend/order-attribution.min.js HTTP/1.1" 404 4248 "-" "Mozilla/5.0 (Macintosh; Intel Mac OS X 10_14_6) AppleWebKit/537.36 (KHTML, like Gecko) Chrome/75.0.3770.100 Safari/537.36"
