35.89.178.248 - - [26/Oct/2024:08:47:49 +0200] "GET //startupclm.ncdesarrollos.com/wp-includes/js/jquery/jquery.min.js HTTP/1.1" 404 4243 "-" "Mozilla/5.0 (Macintosh; Intel Mac OS X 10_6_8) AppleWebKit/535.7 (KHTML, like Gecko) Chrome/16.0.912.36 Safari/535.7"
35.89.178.248 - - [26/Oct/2024:08:47:50 +0200] "GET //startupclm.ncdesarrollos.com/wp-content/plugins/woocommerce/assets/js/jquery-blockui/jquery.blockUI.min.js HTTP/1.1" 404 4243 "-" "Mozilla/5.0 (X11; Linux x86_64) AppleWebKit/537.36 (KHTML, like Gecko) Chrome/99.0.4844.82 Safari/537.36"
35.89.178.248 - - [26/Oct/2024:08:47:52 +0200] "GET //startupclm.ncdesarrollos.com/wp-content/plugins/woocommerce/assets/js/js-cookie/js.cookie.min.js HTTP/1.1" 404 4243 "-" "Mozilla/5.0 (compatible; MSIE 9.0; Windows NT 6.2; WOW64; Trident/5.0)"
35.89.178.248 - - [26/Oct/2024:08:47:52 +0200] "GET //startupclm.ncdesarrollos.com/wp-content/plugins/woocommerce/assets/js/frontend/woocommerce.min.js HTTP/1.1" 404 4243 "-" "Mozilla/5.0 (Windows NT 10.0; Win64; x64) AppleWebKit/537.36 (KHTML, like Gecko) Chrome/93.0.4577.82 Safari/537.36"
35.89.178.248 - - [26/Oct/2024:08:49:07 +0200] "GET //startupclm.ncdesarrollos.com/wp-includes/js/jquery/jquery-migrate.min.js HTTP/1.1" 404 4243 "-" "Mozilla/5.0 (Linux; U; Android 4.0.3; de-ch; HTC Sensation Build/IML74K) AppleWebKit/534.30 (KHTML, like Gecko) Version/4.0 Mobile Safari/534.30"
35.89.178.248 - - [26/Oct/2024:08:49:07 +0200] "GET //startupclm.ncdesarrollos.com/wp-content/plugins/woocommerce/assets/js/frontend/woocommerce.min.js HTTP/1.1" 404 4243 "-" "Mozilla/5.0 (Windows NT 6.1) AppleWebKit/537.36 (KHTML, like Gecko) Chrome/41.0.2228.0 Safari/537.36"
35.89.178.248 - - [26/Oct/2024:08:49:07 +0200] "GET /wp-emoji-release.min.js HTTP/1.1" 404 4243 "-" "Mozilla/5.0 (X11; CrOS i686 2268.111.0) AppleWebKit/536.11 (KHTML, like Gecko) Chrome/20.0.1132.57 Safari/536.11"
35.89.178.248 - - [26/Oct/2024:08:49:07 +0200] "GET //startupclm.ncdesarrollos.com/wp-includes/js/jquery/jquery.min.js HTTP/1.1" 404 4243 "-" "Mozilla/5.0 (Linux; Android 7.1.2; Nexus 6P Build/N2G48C) AppleWebKit/537.36 (KHTML, like Gecko) Chrome/60.0.3112.107 Mobile Safari/537.36"
35.89.178.248 - - [26/Oct/2024:08:49:07 +0200] "GET //startupclm.ncdesarrollos.com/wp-content/plugins/woocommerce/assets/js/frontend/order-attribution.min.js HTTP/1.1" 404 4243 "-" "Mozilla/5.0 (Linux; U; Android 2.3.4; en-us; BNTV250 Build/GINGERBREAD) AppleWebKit/533.1 (KHTML, like Gecko) Version/4.0 Safari/533.1"
35.89.178.248 - - [26/Oct/2024:08:49:07 +0200] "GET //startupclm.ncdesarrollos.com/wp-content/plugins/woocommerce/assets/js/js-cookie/js.cookie.min.js HTTP/1.1" 404 4243 "-" "Mozilla/5.0 (Linux; Android 4.4; Nexus 5 Build/BuildID) AppleWebKit/537.36 (KHTML, like Gecko) Version/4.0 Chrome/30.0.0.0 Mobile Safari/537.36"
35.89.178.248 - - [26/Oct/2024:08:49:07 +0200] "GET //startupclm.ncdesarrollos.com/wp-content/plugins/woocommerce/assets/js/jquery-blockui/jquery.blockUI.min.js HTTP/1.1" 404 4243 "-" "Mozilla/5.0 (Windows NT 6.0) AppleWebKit/537.36 (KHTML, like Gecko) Chrome/45.0.2454.93 Safari/537.36"
35.89.178.248 - - [26/Oct/2024:08:49:07 +0200] "GET //startupclm.ncdesarrollos.com/wp-content/plugins/woocommerce/assets/js/sourcebuster/sourcebuster.min.js HTTP/1.1" 404 4243 "-" "Offline Explorer/2.5"
35.89.178.248 - - [26/Oct/2024:08:49:07 +0200] "GET //startupclm.ncdesarrollos.com/wp-content/plugins/woocommerce/assets/js/frontend/add-to-cart.min.js HTTP/1.1" 404 4243 "-" "Mozilla/5.0 (X11; Linux i686; rv:2.0.1) Gecko/20100101 Firefox/4.0.1"
35.89.178.248 - - [26/Oct/2024:08:49:58 +0200] "GET //startupclm.ncdesarrollos.com/wp-content/plugins/woocommerce/assets/js/frontend/woocommerce.min.js HTTP/1.1" 404 4243 "-" "Mozilla/5.0 (Windows NT 6.1; WOW64) AppleWebKit/537.36 (KHTML, like Gecko) Brave Chrome/89.0.4389.105 Safari/537.36"
35.89.178.248 - - [26/Oct/2024:08:49:58 +0200] "GET //startupclm.ncdesarrollos.com/wp-content/plugins/woocommerce/assets/js/frontend/order-attribution.min.js HTTP/1.1" 404 4243 "-" "Mozilla/5.0 (Windows NT 10.0; Win64; x64) AppleWebKit/537.36 (KHTML, like Gecko) Chrome/100.0.4896.143 Safari/537.36 Edg/100.0.1185.57"
35.89.178.248 - - [26/Oct/2024:08:49:59 +0200] "GET //startupclm.ncdesarrollos.com/wp-content/plugins/woocommerce/assets/js/frontend/add-to-cart.min.js HTTP/1.1" 404 4243 "-" "Opera/9.25 (Windows NT 6.0; U; en)"
35.89.178.248 - - [26/Oct/2024:08:49:59 +0200] "GET //startupclm.ncdesarrollos.com/wp-includes/js/jquery/jquery.min.js HTTP/1.1" 404 4243 "-" "Mozilla/5.0 (Windows NT 10.0; WOW64) AppleWebKit/537.36 (KHTML, like Gecko) Chrome/92.0.4515.145 Safari/537.36"
35.89.178.248 - - [26/Oct/2024:08:49:59 +0200] "GET /wp-emoji-release.min.js HTTP/1.1" 404 4243 "-" "Mozilla/5.0 (X11; Linux i686; rv:43.0) Gecko/20100101 Firefox/43.0"
35.89.178.248 - - [26/Oct/2024:08:49:59 +0200] "GET //startupclm.ncdesarrollos.com/wp-content/plugins/woocommerce/assets/js/jquery-blockui/jquery.blockUI.min.js HTTP/1.1" 404 4243 "-" "Mozilla/5.0 (compatible; archive.org_bot +http://www.archive.org/details/archive.org_bot)"
35.89.178.248 - - [26/Oct/2024:08:49:59 +0200] "GET //startupclm.ncdesarrollos.com/wp-content/plugins/woocommerce/assets/js/js-cookie/js.cookie.min.js HTTP/1.1" 404 4243 "-" "Mozilla/5.0 (Windows NT 6.1; WOW64; Trident/7.0; rv:11.0) like Gecko"
35.89.178.248 - - [26/Oct/2024:08:49:59 +0200] "GET //startupclm.ncdesarrollos.com/wp-includes/js/jquery/jquery-migrate.min.js HTTP/1.1" 404 4243 "-" "Java/1.6.0_13"
35.89.178.248 - - [26/Oct/2024:08:49:59 +0200] "GET //startupclm.ncdesarrollos.com/wp-content/plugins/woocommerce/assets/js/sourcebuster/sourcebuster.min.js HTTP/1.1" 404 4243 "-" "Mozilla/5.0 (Linux; U; Android 4.0.3; de-ch; HTC Sensation Build/IML74K) AppleWebKit/534.30 (KHTML, like Gecko) Version/4.0 Mobile Safari/534.30"
163.172.105.12 - - [26/Oct/2024:21:10:50 +0200] "POST /wp-cron.php?doing_wp_cron=1729969850.4946510791778564453125 HTTP/1.1" 200 4078 "-" "WordPress/6.6.2; https://startupclm.ncdesarrollos.com"
104.166.80.166 - - [26/Oct/2024:21:10:49 +0200] "GET / HTTP/1.1" 200 16729 "-" "Mozilla/5.0 (X11; Linux i686; rv:109.0) Gecko/20100101 Firefox/120.0"
163.172.105.12 - - [26/Oct/2024:21:10:52 +0200] "POST /wp-cron.php HTTP/1.1" 200 4078 "-" "WordPress/6.6.2; https://startupclm.ncdesarrollos.com"
163.172.105.12 - - [26/Oct/2024:21:10:52 +0200] "GET / HTTP/1.1" 200 16692 "-" "WordPress/6.6.2; https://startupclm.ncdesarrollos.com"
163.172.105.12 - - [26/Oct/2024:21:10:53 +0200] "GET / HTTP/1.1" 200 16692 "-" "WordPress/6.6.2; https://startupclm.ncdesarrollos.com"
163.172.105.12 - - [26/Oct/2024:21:10:54 +0200] "GET / HTTP/1.1" 200 16692 "-" "WordPress/6.6.2; https://startupclm.ncdesarrollos.com"
163.172.105.12 - - [26/Oct/2024:21:10:54 +0200] "GET / HTTP/1.1" 200 16692 "-" "WordPress/6.6.2; https://startupclm.ncdesarrollos.com"
163.172.105.12 - - [26/Oct/2024:21:10:57 +0200] "POST /wp-admin/admin-ajax.php?action=wp_1_wc_privacy_cleanup&nonce=1ac0771214 HTTP/1.1" 200 4213 "-" "WordPress/6.6.2; https://startupclm.ncdesarrollos.com"
198.235.24.40 - - [26/Oct/2024:22:48:52 +0200] "GET / HTTP/1.1" 301 557 "-" "-"
163.172.105.12 - - [26/Oct/2024:22:48:54 +0200] "POST /wp-cron.php?doing_wp_cron=1729975734.1539120674133300781250 HTTP/1.1" 200 4078 "-" "WordPress/6.6.2; https://startupclm.ncdesarrollos.com"
198.235.24.40 - - [26/Oct/2024:22:48:53 +0200] "GET / HTTP/1.1" 200 63847 "http://163.172.105.12:80/" "-"
45.148.10.206 - - [27/Oct/2024:01:06:42 +0200] "GET /.env HTTP/1.1" 404 4243 "-" "Mozilla/5.0 (Windows; U; Windows NT 6.1; en-US) AppleWebKit/533.19.4 (KHTML, like Gecko) Version/5.0.2 Safari/533.18.5"
45.148.10.122 - - [27/Oct/2024:21:29:57 +0100] "GET /.git/config HTTP/1.1" 404 4243 "-" "Mozilla/5.0 (Macintosh; Intel Mac OS X 10_15_7) AppleWebKit/605.1.15 (KHTML, like Gecko) LoiLoNote/19.0.0 Version/17.2 Safari/605.1.15"
45.148.10.172 - - [28/Oct/2024:01:23:37 +0100] "GET /.env HTTP/1.1" 404 4243 "-" "Mozilla/5.0 (Macintosh; Intel Mac OS X 10_14_0) AppleWebKit/537.36 (KHTML, like Gecko) Chrome/75.0.3770.80 Safari/537.36"
45.148.10.122 - - [28/Oct/2024:02:32:48 +0100] "GET /.git/config HTTP/1.1" 404 4243 "-" "Mozilla/5.0 (Macintosh; Intel Mac OS X 10_15_7) AppleWebKit/605.1.15 (KHTML, like Gecko) Version/17.4.1 Safari/605.1.24"
163.172.105.12 - - [28/Oct/2024:12:36:24 +0100] "POST /wp-cron.php?doing_wp_cron=1730115384.4747231006622314453125 HTTP/1.1" 200 4078 "-" "WordPress/6.6.2; https://startupclm.ncdesarrollos.com"
205.210.31.53 - - [28/Oct/2024:12:36:23 +0100] "GET / HTTP/1.1" 200 63847 "-" "-"
163.172.105.12 - - [28/Oct/2024:12:36:29 +0100] "POST /wp-admin/admin-ajax.php?action=wp_1_wc_privacy_cleanup&nonce=de4e18ec1d HTTP/1.1" 200 4213 "-" "WordPress/6.6.2; https://startupclm.ncdesarrollos.com"
163.172.105.12 - - [28/Oct/2024:17:18:25 +0100] "POST /wp-cron.php?doing_wp_cron=1730132305.5756170749664306640625 HTTP/1.1" 200 4078 "-" "WordPress/6.6.2; https://startupclm.ncdesarrollos.com"
104.166.80.224 - - [28/Oct/2024:17:18:24 +0100] "GET / HTTP/1.1" 200 16729 "-" "Mozilla/5.0 (X11; Linux i686; rv:109.0) Gecko/20100101 Firefox/120.0"
45.148.10.59 - - [28/Oct/2024:17:52:10 +0100] "GET /.env HTTP/1.1" 404 4327 "-" "Mozilla/5.0 (X11; Linux x86_64) AppleWebKit/537.36 (KHTML, like Gecko) Chrome/81.0.4044.129 Safari/537.36"
45.148.10.59 - - [28/Oct/2024:17:52:10 +0100] "GET /api/.env HTTP/1.1" 404 4327 "-" "Mozilla/5.0 (X11; Linux x86_64) AppleWebKit/537.36 (KHTML, like Gecko) Chrome/81.0.4044.129 Safari/537.36"
163.172.105.12 - - [28/Oct/2024:17:52:11 +0100] "POST /wp-cron.php?doing_wp_cron=1730134331.4661099910736083984375 HTTP/1.1" 200 4078 "-" "WordPress/6.6.2; https://startupclm.ncdesarrollos.com"
45.148.10.59 - - [28/Oct/2024:17:52:10 +0100] "POST / HTTP/1.1" 200 16729 "-" "Mozilla/5.0 (X11; Linux x86_64) AppleWebKit/537.36 (KHTML, like Gecko) Chrome/81.0.4044.129 Safari/537.36"
45.148.10.123 - - [29/Oct/2024:02:26:16 +0100] "GET /.git/config HTTP/1.1" 404 4243 "-" "Mozilla/5.0 (SymbianOS/9.2; U; Series60/3.1 Nokia5700/3.27; Profile/MIDP-2.0 Configuration/CLDC-1.1) AppleWebKit/413 (KHTML, like Gecko) Safari/413"
163.172.105.12 - - [29/Oct/2024:08:16:19 +0100] "POST /wp-cron.php?doing_wp_cron=1730186179.0885469913482666015625 HTTP/1.1" 200 4078 "-" "WordPress/6.6.2; https://startupclm.ncdesarrollos.com"
205.210.31.156 - - [29/Oct/2024:08:16:18 +0100] "GET / HTTP/1.1" 200 63847 "-" "Expanse, a Palo Alto Networks company, searches across the global IPv4 space multiple times per day to identify customers' presences on the Internet. If you would like to be excluded from our scans, please send IP addresses/domains to: scaninfo@paloaltonetworks.com"
45.148.10.206 - - [29/Oct/2024:10:52:54 +0100] "GET /.git/config HTTP/1.1" 404 4243 "-" "Mozilla/5.0 (Macintosh; Intel Mac OS X 10_14_4) AppleWebKit/537.36 (KHTML, like Gecko) Chrome/74.0.3729.169 YaBrowser/19.6.0.1583 Yowser/2.5 Safari/537.36"
198.235.24.73 - - [29/Oct/2024:11:58:41 +0100] "GET / HTTP/1.1" 301 557 "-" "Expanse, a Palo Alto Networks company, searches across the global IPv4 space multiple times per day to identify customers' presences on the Internet. If you would like to be excluded from our scans, please send IP addresses/domains to: scaninfo@paloaltonetworks.com"
163.172.105.12 - - [29/Oct/2024:19:35:30 +0100] "POST /wp-cron.php?doing_wp_cron=1730226930.1720330715179443359375 HTTP/1.1" 200 4078 "-" "WordPress/6.6.2; https://startupclm.ncdesarrollos.com"
165.154.104.103 - - [29/Oct/2024:19:35:29 +0100] "GET / HTTP/1.1" 200 63847 "-" "Mozilla/5.0 (Macintosh; Intel Mac OS X 10_15_7) AppleWebKit/537.36 (KHTML, like Gecko) Chrome/120.0.0.0 Safari/537.36 Edg/120.0.0.0"
163.172.105.12 - - [29/Oct/2024:19:35:32 +0100] "POST /wp-admin/admin-ajax.php?action=wp_1_wc_privacy_cleanup&nonce=b243c7b505 HTTP/1.1" 200 4213 "-" "WordPress/6.6.2; https://startupclm.ncdesarrollos.com"
165.154.104.103 - - [29/Oct/2024:19:35:37 +0100] "GET /favicon.ico HTTP/1.1" 404 4224 "-" "Mozilla/5.0 (Macintosh; Intel Mac OS X 10_7_0) AppleWebKit/535.11 (KHTML, like Gecko) Chrome/17.0.963.56 Safari/535.11"
165.154.104.103 - - [29/Oct/2024:19:35:38 +0100] "GET /robots.txt HTTP/1.1" 404 4224 "-" "Mozilla/5.0 (Macintosh; Intel Mac OS X 10_7_0) AppleWebKit/535.11 (KHTML, like Gecko) Chrome/17.0.963.56 Safari/535.11"
165.154.104.103 - - [29/Oct/2024:19:35:39 +0100] "GET /sitemap.xml HTTP/1.1" 404 4224 "-" "Mozilla/5.0 (Macintosh; Intel Mac OS X 10_7_0) AppleWebKit/535.11 (KHTML, like Gecko) Chrome/17.0.963.56 Safari/535.11"
165.154.104.103 - - [29/Oct/2024:19:35:44 +0100] "GET /config.json HTTP/1.1" 404 4224 "-" "Mozilla/5.0 (Macintosh; Intel Mac OS X 10_7_0) AppleWebKit/535.11 (KHTML, like Gecko) Chrome/17.0.963.56 Safari/535.11"
165.154.104.103 - - [29/Oct/2024:19:35:47 +0100] "GET /wp-content/plugins/woocommerce/readme.txt HTTP/1.1" 200 10619 "-" "python-requests/2.31.0"
165.154.104.103 - - [29/Oct/2024:19:37:01 +0100] "GET / HTTP/1.1" 301 557 "-" "Mozilla/5.0 (Macintosh; Intel Mac OS X 10_15_7) AppleWebKit/537.36 (KHTML, like Gecko) Chrome/120.0.0.0 Safari/537.36 Edg/120.0.0.0"
163.172.105.12 - - [29/Oct/2024:19:37:08 +0100] "POST /wp-cron.php?doing_wp_cron=1730227028.1430900096893310546875 HTTP/1.1" 200 4078 "-" "WordPress/6.6.2; https://startupclm.ncdesarrollos.com"
165.154.104.103 - - [29/Oct/2024:19:37:07 +0100] "GET / HTTP/1.1" 200 16626 "http://startupclm.ncdesarrollos.com/" "Mozilla/5.0 (Macintosh; Intel Mac OS X 10_7_0) AppleWebKit/535.11 (KHTML, like Gecko) Chrome/17.0.963.56 Safari/535.11"
165.154.104.103 - - [29/Oct/2024:19:37:09 +0100] "GET /favicon.ico HTTP/1.1" 301 579 "-" "Mozilla/5.0 (Macintosh; Intel Mac OS X 10_7_0) AppleWebKit/535.11 (KHTML, like Gecko) Chrome/17.0.963.56 Safari/535.11"
165.154.104.103 - - [29/Oct/2024:19:37:10 +0100] "GET /favicon.ico HTTP/1.1" 404 4224 "http://startupclm.ncdesarrollos.com/favicon.ico" "Mozilla/5.0 (Macintosh; Intel Mac OS X 10_7_0) AppleWebKit/535.11 (KHTML, like Gecko) Chrome/17.0.963.56 Safari/535.11"
165.154.104.103 - - [29/Oct/2024:19:37:11 +0100] "GET /robots.txt HTTP/1.1" 301 577 "-" "Mozilla/5.0 (Macintosh; Intel Mac OS X 10_7_0) AppleWebKit/535.11 (KHTML, like Gecko) Chrome/17.0.963.56 Safari/535.11"
165.154.104.103 - - [29/Oct/2024:19:37:12 +0100] "GET /robots.txt HTTP/1.1" 404 4224 "http://startupclm.ncdesarrollos.com/robots.txt" "Mozilla/5.0 (Macintosh; Intel Mac OS X 10_7_0) AppleWebKit/535.11 (KHTML, like Gecko) Chrome/17.0.963.56 Safari/535.11"
165.154.104.103 - - [29/Oct/2024:19:37:12 +0100] "GET /sitemap.xml HTTP/1.1" 301 579 "-" "Mozilla/5.0 (Macintosh; Intel Mac OS X 10_7_0) AppleWebKit/535.11 (KHTML, like Gecko) Chrome/17.0.963.56 Safari/535.11"
165.154.104.103 - - [29/Oct/2024:19:37:13 +0100] "GET /sitemap.xml HTTP/1.1" 404 4224 "http://startupclm.ncdesarrollos.com/sitemap.xml" "Mozilla/5.0 (Macintosh; Intel Mac OS X 10_7_0) AppleWebKit/535.11 (KHTML, like Gecko) Chrome/17.0.963.56 Safari/535.11"
165.154.104.103 - - [29/Oct/2024:19:37:13 +0100] "GET /config.json HTTP/1.1" 301 579 "-" "Mozilla/5.0 (Macintosh; Intel Mac OS X 10_7_0) AppleWebKit/535.11 (KHTML, like Gecko) Chrome/17.0.963.56 Safari/535.11"
165.154.104.103 - - [29/Oct/2024:19:37:16 +0100] "GET /wp-content/plugins/woocommerce/readme.txt HTTP/1.1" 301 695 "-" "python-requests/2.31.0"
165.154.104.103 - - [29/Oct/2024:19:37:17 +0100] "GET /wp-content/plugins/woocommerce/readme.txt HTTP/1.1" 200 10619 "-" "python-requests/2.31.0"
163.172.105.12 - - [29/Oct/2024:19:43:30 +0100] "POST /wp-cron.php?doing_wp_cron=1730227410.5187380313873291015625 HTTP/1.1" 200 4078 "-" "WordPress/6.6.2; https://startupclm.ncdesarrollos.com"
128.1.33.49 - - [29/Oct/2024:19:43:29 +0100] "GET / HTTP/1.1" 200 63847 "-" "Mozilla/5.0 (Macintosh; Intel Mac OS X 10_15_7) AppleWebKit/537.36 (KHTML, like Gecko) Chrome/120.0.0.0 Safari/537.36 Edg/120.0.0.0"
128.1.33.49 - - [29/Oct/2024:19:43:37 +0100] "GET /favicon.ico HTTP/1.1" 404 4224 "-" "Mozilla/5.0 (Macintosh; Intel Mac OS X 10_7_0) AppleWebKit/535.11 (KHTML, like Gecko) Chrome/17.0.963.56 Safari/535.11"
128.1.33.49 - - [29/Oct/2024:19:43:38 +0100] "GET /robots.txt HTTP/1.1" 404 4224 "-" "Mozilla/5.0 (Macintosh; Intel Mac OS X 10_7_0) AppleWebKit/535.11 (KHTML, like Gecko) Chrome/17.0.963.56 Safari/535.11"
128.1.33.49 - - [29/Oct/2024:19:43:39 +0100] "GET /sitemap.xml HTTP/1.1" 404 4224 "-" "Mozilla/5.0 (Macintosh; Intel Mac OS X 10_7_0) AppleWebKit/535.11 (KHTML, like Gecko) Chrome/17.0.963.56 Safari/535.11"
128.1.33.49 - - [29/Oct/2024:19:43:44 +0100] "GET /config.json HTTP/1.1" 404 4224 "-" "Mozilla/5.0 (Macintosh; Intel Mac OS X 10_7_0) AppleWebKit/535.11 (KHTML, like Gecko) Chrome/17.0.963.56 Safari/535.11"
128.1.33.49 - - [29/Oct/2024:19:43:48 +0100] "GET /wp-content/plugins/woocommerce/readme.txt HTTP/1.1" 200 10619 "-" "python-requests/2.31.0"
128.1.33.49 - - [29/Oct/2024:19:44:28 +0100] "GET / HTTP/1.1" 301 557 "-" "Mozilla/5.0 (Macintosh; Intel Mac OS X 10_15_7) AppleWebKit/537.36 (KHTML, like Gecko) Chrome/120.0.0.0 Safari/537.36 Edg/120.0.0.0"
163.172.105.12 - - [29/Oct/2024:19:44:34 +0100] "POST /wp-cron.php?doing_wp_cron=1730227474.9698491096496582031250 HTTP/1.1" 200 4078 "-" "WordPress/6.6.2; https://startupclm.ncdesarrollos.com"
128.1.33.49 - - [29/Oct/2024:19:44:34 +0100] "GET / HTTP/1.1" 200 16626 "http://startupclm.ncdesarrollos.com/" "Mozilla/5.0 (Macintosh; Intel Mac OS X 10_7_0) AppleWebKit/535.11 (KHTML, like Gecko) Chrome/17.0.963.56 Safari/535.11"
128.1.33.49 - - [29/Oct/2024:19:44:35 +0100] "GET /favicon.ico HTTP/1.1" 301 579 "-" "Mozilla/5.0 (Macintosh; Intel Mac OS X 10_7_0) AppleWebKit/535.11 (KHTML, like Gecko) Chrome/17.0.963.56 Safari/535.11"
128.1.33.49 - - [29/Oct/2024:19:44:36 +0100] "GET /favicon.ico HTTP/1.1" 404 4224 "http://startupclm.ncdesarrollos.com/favicon.ico" "Mozilla/5.0 (Macintosh; Intel Mac OS X 10_7_0) AppleWebKit/535.11 (KHTML, like Gecko) Chrome/17.0.963.56 Safari/535.11"
128.1.33.49 - - [29/Oct/2024:19:44:37 +0100] "GET /robots.txt HTTP/1.1" 301 577 "-" "Mozilla/5.0 (Macintosh; Intel Mac OS X 10_7_0) AppleWebKit/535.11 (KHTML, like Gecko) Chrome/17.0.963.56 Safari/535.11"
128.1.33.49 - - [29/Oct/2024:19:44:38 +0100] "GET /robots.txt HTTP/1.1" 404 4224 "http://startupclm.ncdesarrollos.com/robots.txt" "Mozilla/5.0 (Macintosh; Intel Mac OS X 10_7_0) AppleWebKit/535.11 (KHTML, like Gecko) Chrome/17.0.963.56 Safari/535.11"
128.1.33.49 - - [29/Oct/2024:19:44:39 +0100] "GET /sitemap.xml HTTP/1.1" 301 579 "-" "Mozilla/5.0 (Macintosh; Intel Mac OS X 10_7_0) AppleWebKit/535.11 (KHTML, like Gecko) Chrome/17.0.963.56 Safari/535.11"
128.1.33.49 - - [29/Oct/2024:19:44:40 +0100] "GET /sitemap.xml HTTP/1.1" 404 4224 "http://startupclm.ncdesarrollos.com/sitemap.xml" "Mozilla/5.0 (Macintosh; Intel Mac OS X 10_7_0) AppleWebKit/535.11 (KHTML, like Gecko) Chrome/17.0.963.56 Safari/535.11"
128.1.33.49 - - [29/Oct/2024:19:44:40 +0100] "GET /config.json HTTP/1.1" 301 579 "-" "Mozilla/5.0 (Macintosh; Intel Mac OS X 10_7_0) AppleWebKit/535.11 (KHTML, like Gecko) Chrome/17.0.963.56 Safari/535.11"
128.1.33.49 - - [29/Oct/2024:19:44:41 +0100] "GET /wp-content/plugins/woocommerce/readme.txt HTTP/1.1" 301 695 "-" "python-requests/2.31.0"
128.1.33.49 - - [29/Oct/2024:19:44:42 +0100] "GET /wp-content/plugins/woocommerce/readme.txt HTTP/1.1" 200 10619 "-" "python-requests/2.31.0"
163.172.105.12 - - [29/Oct/2024:20:42:16 +0100] "POST /wp-cron.php?doing_wp_cron=1730230936.3172369003295898437500 HTTP/1.1" 200 4078 "-" "WordPress/6.6.2; https://startupclm.ncdesarrollos.com"
104.166.80.62 - - [29/Oct/2024:20:42:15 +0100] "GET / HTTP/1.1" 200 16729 "-" "Mozilla/5.0 (X11; Linux i686; rv:109.0) Gecko/20100101 Firefox/120.0"
45.148.10.206 - - [30/Oct/2024:17:02:43 +0100] "GET /.git/config HTTP/1.1" 404 4243 "-" "Mozilla/5.0 (X11; Linux x86_64) AppleWebKit/537.36 (KHTML, like Gecko) Chrome/76.0.3809.100 Safari/537.36"
163.172.105.12 - - [30/Oct/2024:21:45:58 +0100] "POST /wp-cron.php?doing_wp_cron=1730321158.7827239036560058593750 HTTP/1.1" 200 4078 "-" "WordPress/6.6.2; https://startupclm.ncdesarrollos.com"
167.94.146.54 - - [30/Oct/2024:21:45:58 +0100] "GET / HTTP/1.1" 200 16626 "-" "Mozilla/5.0 (compatible; CensysInspect/1.1; +https://about.censys.io/)"
167.94.146.54 - - [30/Oct/2024:21:45:59 +0100] "GET /favicon.ico HTTP/1.1" 404 4243 "-" "Mozilla/5.0 (compatible; CensysInspect/1.1; +https://about.censys.io/)"
163.172.105.12 - - [30/Oct/2024:21:46:05 +0100] "POST /wp-admin/admin-ajax.php?action=wp_1_wc_privacy_cleanup&nonce=a596146004 HTTP/1.1" 200 4213 "-" "WordPress/6.6.2; https://startupclm.ncdesarrollos.com"
206.168.34.213 - - [30/Oct/2024:23:04:56 +0100] "GET / HTTP/1.1" 301 557 "-" "Mozilla/5.0 (compatible; CensysInspect/1.1; +https://about.censys.io/)"
163.172.105.12 - - [30/Oct/2024:23:05:03 +0100] "POST /wp-cron.php?doing_wp_cron=1730325903.2707560062408447265625 HTTP/1.1" 200 4078 "-" "WordPress/6.6.2; https://startupclm.ncdesarrollos.com"
206.168.34.213 - - [30/Oct/2024:23:05:02 +0100] "GET / HTTP/1.1" 200 16626 "-" "Mozilla/5.0 (compatible; CensysInspect/1.1; +https://about.censys.io/)"
206.168.34.213 - - [30/Oct/2024:23:05:05 +0100] "GET /favicon.ico HTTP/1.1" 404 4243 "-" "Mozilla/5.0 (compatible; CensysInspect/1.1; +https://about.censys.io/)"
138.197.146.155 - - [31/Oct/2024:14:10:54 +0100] "GET / HTTP/1.1" 301 557 "-" "Mozilla/5.0 (X11; Linux x86_64) AppleWebKit/537.36 (KHTML, like Gecko) Chrome/129.0.0.0 Safari/537.36"
163.172.105.12 - - [31/Oct/2024:14:10:55 +0100] "POST /wp-cron.php?doing_wp_cron=1730380255.3786768913269042968750 HTTP/1.1" 200 4078 "-" "WordPress/6.6.2; https://startupclm.ncdesarrollos.com"
138.197.146.155 - - [31/Oct/2024:14:10:54 +0100] "GET / HTTP/1.1" 200 16626 "-" "Mozilla/5.0 (X11; Linux x86_64) AppleWebKit/537.36 (KHTML, like Gecko) Chrome/129.0.0.0 Safari/537.36"
138.197.146.155 - - [31/Oct/2024:14:10:58 +0100] "GET /favicon.ico HTTP/1.1" 404 4224 "https://startupclm.ncdesarrollos.com/" "Mozilla/5.0 (X11; Linux x86_64) AppleWebKit/537.36 (KHTML, like Gecko) Chrome/129.0.0.0 Safari/537.36"
163.172.105.12 - - [31/Oct/2024:14:11:00 +0100] "POST /wp-admin/admin-ajax.php?action=wp_1_wc_privacy_cleanup&nonce=12ba2f3f62 HTTP/1.1" 200 4213 "-" "WordPress/6.6.2; https://startupclm.ncdesarrollos.com"
163.172.105.12 - - [31/Oct/2024:20:20:11 +0100] "POST /wp-cron.php?doing_wp_cron=1730402411.3546240329742431640625 HTTP/1.1" 200 4078 "-" "WordPress/6.6.2; https://startupclm.ncdesarrollos.com"
54.71.179.42 - - [31/Oct/2024:20:20:10 +0100] "GET / HTTP/1.1" 200 16645 "-" "Mozilla/5.0 (Windows NT 6.1; WOW64) AppleWebKit/537.36 (KHTML, like Gecko) Chrome/32.0.1700.76 Safari/537.36 OPR/19.0.1326.56"
54.71.179.42 - - [31/Oct/2024:20:20:41 +0100] "GET //startupclm.ncdesarrollos.com/wp-includes/js/jquery/jquery.min.js HTTP/1.1" 404 4243 "-" "Mozilla/5.0 (Windows NT 10.0; Win64; x64) AppleWebKit/537.36 (KHTML, like Gecko) Chrome/100.0.4896.143 Safari/537.36"
54.71.179.42 - - [31/Oct/2024:20:20:41 +0100] "GET //startupclm.ncdesarrollos.com/wp-content/plugins/woocommerce/assets/js/frontend/order-attribution.min.js HTTP/1.1" 404 4243 "-" "Opera/9.80 (Linux i686; Opera Mobi/1040; U; en) Presto/2.5.24 Version/10.00"
54.71.179.42 - - [31/Oct/2024:20:20:41 +0100] "GET //startupclm.ncdesarrollos.com/wp-content/plugins/woocommerce/assets/js/js-cookie/js.cookie.min.js HTTP/1.1" 404 4243 "-" "Mozilla/5.0 (X11; Linux i686; rv:12.0) Gecko/20100101 Firefox/12.0"
54.71.179.42 - - [31/Oct/2024:20:20:41 +0100] "GET //startupclm.ncdesarrollos.com/wp-includes/js/jquery/jquery-migrate.min.js HTTP/1.1" 404 4243 "-" "Mozilla/5.0 (Macintosh; Intel Mac OS X 10_7_5) AppleWebKit/536.26.17 (KHTML like Gecko) Version/6.0.2 Safari/536.26.17"
54.71.179.42 - - [31/Oct/2024:20:20:42 +0100] "GET //startupclm.ncdesarrollos.com/wp-content/plugins/woocommerce/assets/js/frontend/add-to-cart.min.js HTTP/1.1" 404 4243 "-" "Mozilla/5.0 (Windows NT 10.0; WOW64) AppleWebKit/537.36 (KHTML, like Gecko) Chrome/87.0.4280.88 Safari/537.36"
54.71.179.42 - - [31/Oct/2024:20:20:42 +0100] "GET /wp-emoji-release.min.js HTTP/1.1" 404 4243 "-" "Mozilla/5.0 (Windows NT 6.1) AppleWebKit/535.2 (KHTML, like Gecko) Chrome/18.6.872.0 Safari/535.2 UNTRUSTED/1.0 3gpp-gba UNTRUSTED/1.0"
54.71.179.42 - - [31/Oct/2024:20:20:42 +0100] "GET //startupclm.ncdesarrollos.com/wp-content/plugins/woocommerce/assets/js/frontend/woocommerce.min.js HTTP/1.1" 404 4243 "-" "Mozilla/5.0 (Linux; Android 5.0.2; SAMSUNG SM-T530NU Build/LRX22G) AppleWebKit/537.36 (KHTML, like Gecko) SamsungBrowser/3.2 Chrome/38.0.2125.102 Safari/537.36"
54.71.179.42 - - [31/Oct/2024:20:20:42 +0100] "GET //startupclm.ncdesarrollos.com/wp-content/plugins/woocommerce/assets/js/jquery-blockui/jquery.blockUI.min.js HTTP/1.1" 404 4243 "-" "Mozilla/5.0 (X11; Linux i686; rv:6.0a2) Gecko/20110615 Firefox/6.0a2 Iceweasel/6.0a2"
54.71.179.42 - - [31/Oct/2024:20:20:42 +0100] "GET //startupclm.ncdesarrollos.com/wp-content/plugins/woocommerce/assets/js/sourcebuster/sourcebuster.min.js HTTP/1.1" 404 4243 "-" "Mozilla/5.0 (iPhone; CPU iPhone OS 9_2 like Mac OS X) AppleWebKit/601.1.46 (KHTML, like Gecko) Version/9.0 Mobile/13C75 Safari/601.1"
54.71.179.42 - - [31/Oct/2024:20:21:17 +0100] "GET //startupclm.ncdesarrollos.com/wp-content/plugins/woocommerce/assets/js/frontend/add-to-cart.min.js HTTP/1.1" 404 4243 "-" "Mozilla/5.0 (Linux; Android 5.0.1; SCH-R970 Build/LRX22C) AppleWebKit/537.36 (KHTML, like Gecko) Chrome/45.0.2454.84 Mobile Safari/537.36"
54.71.179.42 - - [31/Oct/2024:20:21:17 +0100] "GET //startupclm.ncdesarrollos.com/wp-includes/js/jquery/jquery-migrate.min.js HTTP/1.1" 404 4243 "-" "Mozilla/5.0 (Windows NT 6.1; rv:21.0) Gecko/20130401 Firefox/21.0"
54.71.179.42 - - [31/Oct/2024:20:21:17 +0100] "GET //startupclm.ncdesarrollos.com/wp-includes/js/jquery/jquery.min.js HTTP/1.1" 404 4243 "-" "Mozilla/5.0 (Linux; U; Android 4.1; en-us; sdk Build/MR1) AppleWebKit/534.30 (KHTML, like Gecko) Version/4.1 Safari/534.30"
54.71.179.42 - - [31/Oct/2024:20:21:17 +0100] "GET //startupclm.ncdesarrollos.com/wp-content/plugins/woocommerce/assets/js/frontend/order-attribution.min.js HTTP/1.1" 404 4243 "-" "Mozilla/5.0 (Windows NT 6.2; Win64; x64; rv:16.0) Gecko/16.0 Firefox/16.0"
54.71.179.42 - - [31/Oct/2024:20:21:17 +0100] "GET //startupclm.ncdesarrollos.com/wp-content/plugins/woocommerce/assets/js/sourcebuster/sourcebuster.min.js HTTP/1.1" 404 4243 "-" "Mozilla/5.0 (Windows NT 10.0; WOW64) AppleWebKit/537.36 (KHTML, like Gecko) Chrome/101.0.4951.54 Safari/537.36 Edg/101.0.1210.39"
54.71.179.42 - - [31/Oct/2024:20:21:17 +0100] "GET //startupclm.ncdesarrollos.com/wp-content/plugins/woocommerce/assets/js/jquery-blockui/jquery.blockUI.min.js HTTP/1.1" 404 4243 "-" "SEC-SGHE900/1.0 NetFront/3.2 Profile/MIDP-2.0 Configuration/CLDC-1.1 Opera/8.01 (J2ME/MIDP; Opera Mini/2.0.4509/1378; nl; U; ssr)"
54.71.179.42 - - [31/Oct/2024:20:21:17 +0100] "GET //startupclm.ncdesarrollos.com/wp-content/plugins/woocommerce/assets/js/frontend/woocommerce.min.js HTTP/1.1" 404 4243 "-" "Mozilla/5.0 (Linux; Android 12; SM-F926B) AppleWebKit/537.36 (KHTML, like Gecko) Chrome/101.0.4951.41 Mobile Safari/537.36"
54.71.179.42 - - [31/Oct/2024:20:21:19 +0100] "GET //startupclm.ncdesarrollos.com/wp-content/plugins/woocommerce/assets/js/js-cookie/js.cookie.min.js HTTP/1.1" 404 4243 "-" "Mozilla/5.0 (X11; CrOS x86_64 14526.89.1) AppleWebKit/537.36 (KHTML, like Gecko) Chrome/100.0.4896.133 Safari/537.36"
54.71.179.42 - - [31/Oct/2024:20:21:19 +0100] "GET /wp-emoji-release.min.js HTTP/1.1" 404 4243 "-" "w3m/0.5.1"
54.71.179.42 - - [31/Oct/2024:20:21:49 +0100] "GET //startupclm.ncdesarrollos.com/wp-content/plugins/woocommerce/assets/js/sourcebuster/sourcebuster.min.js HTTP/1.1" 404 4243 "-" "Mozilla/5.0 (Windows NT 10.0; WOW64) AppleWebKit/537.36 (KHTML, like Gecko) Chrome/100.0.4896.127 Safari/537.36"
54.71.179.42 - - [31/Oct/2024:20:21:49 +0100] "GET /wp-emoji-release.min.js HTTP/1.1" 404 4243 "-" "Mozilla/5.0 (X11; Linux i686) AppleWebKit/537.22 (KHTML like Gecko) Ubuntu Chromium/25.0.1364.160 Chrome/25.0.1364.160 Safari/537.22"
54.71.179.42 - - [31/Oct/2024:20:21:49 +0100] "GET //startupclm.ncdesarrollos.com/wp-content/plugins/woocommerce/assets/js/jquery-blockui/jquery.blockUI.min.js HTTP/1.1" 404 4243 "-" "Mozilla/5.0 (Macintosh; Intel Mac OS X 10_15_7) AppleWebKit/537.36 (KHTML, like Gecko) Chrome/99.0.4844.84 Safari/537.36"
54.71.179.42 - - [31/Oct/2024:20:21:49 +0100] "GET //startupclm.ncdesarrollos.com/wp-content/plugins/woocommerce/assets/js/frontend/add-to-cart.min.js HTTP/1.1" 404 4243 "-" "Mozilla/5.0 (Linux; Android 11; SM-A225F) AppleWebKit/537.36 (KHTML, like Gecko) Chrome/101.0.4951.41 Mobile Safari/537.36"
54.71.179.42 - - [31/Oct/2024:20:21:49 +0100] "GET //startupclm.ncdesarrollos.com/wp-content/plugins/woocommerce/assets/js/frontend/woocommerce.min.js HTTP/1.1" 404 4243 "-" "Mozilla/5.0 (Linux; U; Android 2.0; en-us; Milestone Build/ SHOLS_U2_01.03.1) AppleWebKit/530.17 (KHTML, like Gecko) Version/4.0 Mobile Safari/530.17"
54.71.179.42 - - [31/Oct/2024:20:21:49 +0100] "GET //startupclm.ncdesarrollos.com/wp-includes/js/jquery/jquery-migrate.min.js HTTP/1.1" 404 4243 "-" "Mozilla/5.0 (Maemo; Linux armv7l; rv:10.0.1) Gecko/20100101 Firefox/10.0.1 Fennec/10.0.1"
54.71.179.42 - - [31/Oct/2024:20:21:49 +0100] "GET //startupclm.ncdesarrollos.com/wp-content/plugins/woocommerce/assets/js/js-cookie/js.cookie.min.js HTTP/1.1" 404 4243 "-" "Mozilla/5.0 (X11; CrOS x86_64 14588.98.0) AppleWebKit/537.36 (KHTML, like Gecko) Chrome/101.0.4951.59 Safari/537.36"
54.71.179.42 - - [31/Oct/2024:20:21:49 +0100] "GET //startupclm.ncdesarrollos.com/wp-includes/js/jquery/jquery.min.js HTTP/1.1" 404 4243 "-" "Mozilla/5.0 (Windows NT 10.0) AppleWebKit/537.36 (KHTML, like Gecko) Chrome/100.0.4896.127 Safari/537.36"
54.71.179.42 - - [31/Oct/2024:20:21:49 +0100] "GET //startupclm.ncdesarrollos.com/wp-content/plugins/woocommerce/assets/js/frontend/order-attribution.min.js HTTP/1.1" 404 4243 "-" "Mozilla/5.0 (iPhone; CPU iPhone OS 15_4 like Mac OS X) AppleWebKit/605.1.15 (KHTML, like Gecko) CriOS/99.0.4844.59 Mobile/15E148 Safari/604.1"
54.71.179.42 - - [31/Oct/2024:20:22:31 +0100] "GET //startupclm.ncdesarrollos.com/wp-content/plugins/woocommerce/assets/js/js-cookie/js.cookie.min.js HTTP/1.1" 404 4243 "-" "Mozilla/5.0 (Linux; Android 12; Pixel 4) AppleWebKit/537.36 (KHTML, like Gecko) Chrome/101.0.4951.61 Mobile Safari/537.36"
54.71.179.42 - - [31/Oct/2024:20:22:31 +0100] "GET /wp-emoji-release.min.js HTTP/1.1" 404 4243 "-" "msnbot/0.11 ( http://search.msn.com/msnbot.htm)"
54.71.179.42 - - [31/Oct/2024:20:22:31 +0100] "GET //startupclm.ncdesarrollos.com/wp-content/plugins/woocommerce/assets/js/frontend/add-to-cart.min.js HTTP/1.1" 404 4243 "-" "Mozilla/5.0 (Macintosh; Intel Mac OS X 11_0_1) AppleWebKit/537.36 (KHTML, like Gecko) Chrome/87.0.4280.141 Safari/537.36"
54.71.179.42 - - [31/Oct/2024:20:22:31 +0100] "GET //startupclm.ncdesarrollos.com/wp-includes/js/jquery/jquery.min.js HTTP/1.1" 404 4243 "-" "Mozilla/5.0 (X11; Linux x86_64) AppleWebKit/537.36 (KHTML, like Gecko) Chrome/97.0.4692.71 Safari/537.36"
54.71.179.42 - - [31/Oct/2024:20:22:31 +0100] "GET //startupclm.ncdesarrollos.com/wp-content/plugins/woocommerce/assets/js/sourcebuster/sourcebuster.min.js HTTP/1.1" 404 4243 "-" "Mozilla/5.0 (X11; Linux x86_64; rv:19.0) Gecko/20100101 Firefox/19.0 Iceweasel/19.0.2"
54.71.179.42 - - [31/Oct/2024:20:22:31 +0100] "GET //startupclm.ncdesarrollos.com/wp-content/plugins/woocommerce/assets/js/frontend/order-attribution.min.js HTTP/1.1" 404 4243 "-" "Opera/9.80 (X11; FreeBSD 8.1-RELEASE i386; Edition Next) Presto/2.12.388 Version/12.10"
54.71.179.42 - - [31/Oct/2024:20:22:31 +0100] "GET //startupclm.ncdesarrollos.com/wp-content/plugins/woocommerce/assets/js/frontend/woocommerce.min.js HTTP/1.1" 404 4243 "-" "Mozilla/5.0 (Linux; Android 11; Redmi Note 8 Pro) AppleWebKit/537.36 (KHTML, like Gecko) Chrome/101.0.4951.61 Mobile Safari/537.36"
54.71.179.42 - - [31/Oct/2024:20:22:31 +0100] "GET //startupclm.ncdesarrollos.com/wp-includes/js/jquery/jquery-migrate.min.js HTTP/1.1" 404 4243 "-" "Mozilla/5.0 (X11; Linux x86_64) AppleWebKit/604.1 (KHTML, like Gecko) Version/11.0 Safari/604.1 Ubuntu/17.04 (3.24.1-0ubuntu1) Epiphany/3.24.1"
54.71.179.42 - - [31/Oct/2024:20:22:32 +0100] "GET //startupclm.ncdesarrollos.com/wp-content/plugins/woocommerce/assets/js/jquery-blockui/jquery.blockUI.min.js HTTP/1.1" 404 4243 "-" "Mozilla/5.0 (Linux; Android 4.4.2; SM-T230NU Build/KOT49H) AppleWebKit/537.36 (KHTML, like Gecko) Chrome/51.0.2704.81 Safari/537.36"
54.71.179.42 - - [31/Oct/2024:20:23:07 +0100] "GET //startupclm.ncdesarrollos.com/wp-content/plugins/woocommerce/assets/js/frontend/order-attribution.min.js HTTP/1.1" 404 4243 "-" "Mozilla/5.0 (Windows NT 6.3; WOW64) AppleWebKit/537.36 (KHTML, like Gecko) Chrome/86.0.4240.75 Safari/537.36"
54.71.179.42 - - [31/Oct/2024:20:23:07 +0100] "GET //startupclm.ncdesarrollos.com/wp-content/plugins/woocommerce/assets/js/frontend/woocommerce.min.js HTTP/1.1" 404 4243 "-" "msnbot-media/1.1 ( http://search.msn.com/msnbot.htm)"
54.71.179.42 - - [31/Oct/2024:20:23:07 +0100] "GET //startupclm.ncdesarrollos.com/wp-content/plugins/woocommerce/assets/js/js-cookie/js.cookie.min.js HTTP/1.1" 404 4243 "-" "Opera/9.80 (Android; Opera Mini/7.5.33361/31.1543; U; en) Presto/2.8.119 Version/11.1010"
54.71.179.42 - - [31/Oct/2024:20:23:07 +0100] "GET //startupclm.ncdesarrollos.com/wp-includes/js/jquery/jquery.min.js HTTP/1.1" 404 4243 "-" "Mozilla/5.0 (Macintosh; Intel Mac OS X 10_15_7) AppleWebKit/537.36 (KHTML, like Gecko) Chrome/95.0.4638.54 Safari/537.36"
54.71.179.42 - - [31/Oct/2024:20:23:07 +0100] "GET /wp-emoji-release.min.js HTTP/1.1" 404 4243 "-" "Mozilla/4.0 (compatible; MSIE 6.0; Windows CE; IEMobile 6.12; Microsoft ZuneHD 4.3)"
54.71.179.42 - - [31/Oct/2024:20:23:07 +0100] "GET //startupclm.ncdesarrollos.com/wp-content/plugins/woocommerce/assets/js/sourcebuster/sourcebuster.min.js HTTP/1.1" 404 4243 "-" "Mozilla/5.0 (X11; Linux x86_64) AppleWebKit/537.36 (KHTML, like Gecko) Chrome/70.0.3538.77 Safari/537.36"
54.71.179.42 - - [31/Oct/2024:20:23:07 +0100] "GET //startupclm.ncdesarrollos.com/wp-content/plugins/woocommerce/assets/js/frontend/add-to-cart.min.js HTTP/1.1" 404 4243 "-" "Mozilla/5.0 (iPhone; CPU iPhone OS 15_5 like Mac OS X) AppleWebKit/605.1.15 (KHTML, like Gecko) Version/15.5 Mobile/15E148 Safari/604.1"
54.71.179.42 - - [31/Oct/2024:20:23:07 +0100] "GET //startupclm.ncdesarrollos.com/wp-includes/js/jquery/jquery-migrate.min.js HTTP/1.1" 404 4243 "-" "Mozilla/5.0 (iPhone; CPU iPhone OS 6_0 like Mac OS X) AppleWebKit/536.26 (KHTML, like Gecko) Version/6.0 Mobile/10A403 Safari/8536.25"
54.71.179.42 - - [31/Oct/2024:20:23:11 +0100] "GET //startupclm.ncdesarrollos.com/wp-content/plugins/woocommerce/assets/js/jquery-blockui/jquery.blockUI.min.js HTTP/1.1" 404 4243 "-" "Mozilla/5.0 (Windows NT 10.0; Win64; x64) AppleWebKit/537.36 (KHTML, like Gecko) Chrome/98.0.4758.102 Safari/537.36"
54.71.179.42 - - [31/Oct/2024:20:23:43 +0100] "GET //startupclm.ncdesarrollos.com/wp-content/plugins/woocommerce/assets/js/frontend/add-to-cart.min.js HTTP/1.1" 404 4243 "-" "Mozilla/5.0 (Windows NT 6.1; WOW64) AppleWebKit/537.36 (KHTML like Gecko) Chrome/28.0.1469.0 Safari/537.36"
54.71.179.42 - - [31/Oct/2024:20:23:43 +0100] "GET //startupclm.ncdesarrollos.com/wp-content/plugins/woocommerce/assets/js/frontend/order-attribution.min.js HTTP/1.1" 404 4243 "-" "Mozilla/5.0 (Macintosh; Intel Mac OS X 10_13_6) AppleWebKit/605.1.15 (KHTML, like Gecko) Version/13.1.2 Safari/605.1.15"
54.71.179.42 - - [31/Oct/2024:20:23:43 +0100] "GET //startupclm.ncdesarrollos.com/wp-content/plugins/woocommerce/assets/js/js-cookie/js.cookie.min.js HTTP/1.1" 404 4243 "-" "Mozilla/5.0 (X11; Linux i686; rv:20.0) Gecko/20100101 Firefox/20.0"
54.71.179.42 - - [31/Oct/2024:20:23:43 +0100] "GET /wp-emoji-release.min.js HTTP/1.1" 404 4243 "-" "Mozilla/5.0 (Linux; U; Android 4.0.3; de-de; Galaxy S II Build/GRJ22) AppleWebKit/534.30 (KHTML, like Gecko) Version/4.0 Mobile Safari/534.30"
54.71.179.42 - - [31/Oct/2024:20:23:43 +0100] "GET //startupclm.ncdesarrollos.com/wp-includes/js/jquery/jquery.min.js HTTP/1.1" 404 4243 "-" "Mozilla/5.0 (X11; Linux x86_64) AppleWebKit/537.36 (KHTML, like Gecko) Chrome/98.0.4758.102 Safari/537.36"
54.71.179.42 - - [31/Oct/2024:20:23:43 +0100] "GET //startupclm.ncdesarrollos.com/wp-content/plugins/woocommerce/assets/js/sourcebuster/sourcebuster.min.js HTTP/1.1" 404 4243 "-" "Mozilla/5.0 (Linux; Android 7.0; HUAWEI CAN-L11) AppleWebKit/537.36 (KHTML, like Gecko) Chrome/101.0.4951.41 Mobile Safari/537.36"
54.71.179.42 - - [31/Oct/2024:20:23:43 +0100] "GET //startupclm.ncdesarrollos.com/wp-content/plugins/woocommerce/assets/js/jquery-blockui/jquery.blockUI.min.js HTTP/1.1" 404 4243 "-" "Mozilla/5.0 (Macintosh; U; Mac OS X Mach-O; en-US; rv:2.0a) Gecko/20040614 Firefox/3.0.0"
54.71.179.42 - - [31/Oct/2024:20:23:45 +0100] "GET //startupclm.ncdesarrollos.com/wp-content/plugins/woocommerce/assets/js/frontend/woocommerce.min.js HTTP/1.1" 404 4243 "-" "Mozilla/5.0 (SymbianOS/9.1; U; en-us) AppleWebKit/413 (KHTML, like Gecko) Safari/413 es70"
54.71.179.42 - - [31/Oct/2024:20:23:47 +0100] "GET //startupclm.ncdesarrollos.com/wp-includes/js/jquery/jquery-migrate.min.js HTTP/1.1" 404 4243 "-" "Opera/9.80 (Windows NT 5.1; U; zh-tw) Presto/2.8.131 Version/11.10"
163.172.105.12 - - [31/Oct/2024:22:38:26 +0100] "POST /wp-cron.php?doing_wp_cron=1730410706.3925499916076660156250 HTTP/1.1" 200 4078 "-" "WordPress/6.6.2; https://startupclm.ncdesarrollos.com"
206.168.34.195 - - [31/Oct/2024:22:38:25 +0100] "GET / HTTP/1.1" 200 16626 "-" "Mozilla/5.0 (compatible; CensysInspect/1.1; +https://about.censys.io/)"
206.168.34.195 - - [31/Oct/2024:22:38:30 +0100] "GET /favicon.ico HTTP/1.1" 404 4243 "-" "Mozilla/5.0 (compatible; CensysInspect/1.1; +https://about.censys.io/)"
199.45.155.94 - - [31/Oct/2024:22:48:52 +0100] "GET / HTTP/1.1" 301 557 "-" "Mozilla/5.0 (compatible; CensysInspect/1.1; +https://about.censys.io/)"
163.172.105.12 - - [31/Oct/2024:22:49:13 +0100] "POST /wp-cron.php?doing_wp_cron=1730411353.7344820499420166015625 HTTP/1.1" 200 4078 "-" "WordPress/6.6.2; https://startupclm.ncdesarrollos.com"
199.45.155.94 - - [31/Oct/2024:22:49:13 +0100] "GET / HTTP/1.1" 200 16626 "-" "Mozilla/5.0 (compatible; CensysInspect/1.1; +https://about.censys.io/)"
199.45.155.94 - - [31/Oct/2024:22:49:26 +0100] "GET /favicon.ico HTTP/1.1" 404 4243 "-" "Mozilla/5.0 (compatible; CensysInspect/1.1; +https://about.censys.io/)"
163.172.105.12 - - [01/Nov/2024:02:45:18 +0100] "POST /wp-cron.php?doing_wp_cron=1730425518.3424389362335205078125 HTTP/1.1" 200 4078 "-" "WordPress/6.6.2; https://startupclm.ncdesarrollos.com"
45.200.148.16 - - [01/Nov/2024:02:45:15 +0100] "GET / HTTP/1.1" 200 16645 "-" "Mozilla/5.0 (X11; Linux x86_64) AppleWebKit/537.21 (KHTML, like Gecko) konqueror/4.14.10 Safari/537.21"
45.200.148.16 - - [01/Nov/2024:02:45:34 +0100] "GET //startupclm.ncdesarrollos.com/wp-content/plugins/woocommerce/assets/js/frontend/order-attribution.min.js HTTP/1.1" 404 4243 "-" "Mozilla/5.0 (Macintosh; U; Intel Mac OS X 10_6_3; en-us; Silk/1.0.13.81_10003810) AppleWebKit/533.16 (KHTML, like Gecko) Version/5.0 Safari/533.16 Silk-Accelerated=true"
45.200.148.16 - - [01/Nov/2024:02:45:34 +0100] "GET //startupclm.ncdesarrollos.com/wp-content/plugins/woocommerce/assets/js/frontend/woocommerce.min.js HTTP/1.1" 404 4243 "-" "Mozilla/5.0 (Macintosh; Intel Mac OS X 10_13_6) AppleWebKit/605.1.15 (KHTML, like Gecko) Version/12.0.3 Safari/605.1.15"
45.200.148.16 - - [01/Nov/2024:02:45:34 +0100] "GET //startupclm.ncdesarrollos.com/wp-content/plugins/woocommerce/assets/js/js-cookie/js.cookie.min.js HTTP/1.1" 404 4243 "-" "Mozilla/5.0 (Linux; Android 6.0.1; SM-N910C) AppleWebKit/537.36 (KHTML, like Gecko) Chrome/73.0.3683.90 Mobile Safari/537.36"
45.200.148.16 - - [01/Nov/2024:02:45:34 +0100] "GET //startupclm.ncdesarrollos.com/wp-content/plugins/woocommerce/assets/js/jquery-blockui/jquery.blockUI.min.js HTTP/1.1" 404 4243 "-" "Mozilla/5.0 (Windows NT 6.1; Win64; x64) AppleWebKit/537.36 (KHTML, like Gecko) Chrome/75.0.3770.142 Safari/537.36"
45.200.148.16 - - [01/Nov/2024:02:45:34 +0100] "GET //startupclm.ncdesarrollos.com/wp-content/plugins/woocommerce/assets/js/sourcebuster/sourcebuster.min.js HTTP/1.1" 404 4243 "-" "Mozilla/5.0 (Macintosh; Intel Mac OS X 10.6; rv:2.0.1) Gecko/20100101 Firefox/4.0.1 Camino/2.2.1"
45.200.148.16 - - [01/Nov/2024:02:45:34 +0100] "GET //startupclm.ncdesarrollos.com/wp-includes/js/jquery/jquery-migrate.min.js HTTP/1.1" 404 4243 "-" "Mozilla/5.0 (Windows; U; Windows CE 5.1; rv:1.8.1a3) Gecko/20060610 Minimo/0.016"
45.200.148.16 - - [01/Nov/2024:02:45:34 +0100] "GET /wp-emoji-release.min.js HTTP/1.1" 404 4243 "-" "Mozilla/5.0 (iPhone; CPU iPhone OS 12_1 like Mac OS X) AppleWebKit/605.1.15 (KHTML, like Gecko) CriOS/75.0.3770.103 Mobile/15E148 Safari/605.1"
45.200.148.16 - - [01/Nov/2024:02:45:34 +0100] "GET //startupclm.ncdesarrollos.com/wp-includes/js/jquery/jquery.min.js HTTP/1.1" 404 4243 "-" "Mozilla/5.0 (Linux; U; Android 4.4.2; en-us; GT-P5210 Build/KOT49H) AppleWebKit/534.30 (KHTML, like Gecko) Version/4.0 Safari/534.30"
45.200.148.16 - - [01/Nov/2024:02:45:36 +0100] "GET //startupclm.ncdesarrollos.com/wp-content/plugins/woocommerce/assets/js/frontend/add-to-cart.min.js HTTP/1.1" 404 4243 "-" "Mozilla/5.0 (Linux; U; Android 8.1.0; zh-CN; Mi Note 3 Build/OPM1.171019.019) AppleWebKit/537.36 (KHTML, like Gecko) Version/4.0 Chrome/57.0.2987.108 UCBrowser/12.5.9.1039 Mobile Safari/537.36"
45.200.148.16 - - [01/Nov/2024:02:45:54 +0100] "GET //startupclm.ncdesarrollos.com/wp-content/plugins/woocommerce/assets/js/frontend/add-to-cart.min.js HTTP/1.1" 404 4243 "-" "Mozilla/5.0 (Windows NT 6.3; Win64; x64) AppleWebKit/537.36 (KHTML, like Gecko) Chrome/75.0.3770.142 Safari/537.36 OPR/62.0.3331.116"
45.200.148.16 - - [01/Nov/2024:02:45:54 +0100] "GET //startupclm.ncdesarrollos.com/wp-content/plugins/woocommerce/assets/js/jquery-blockui/jquery.blockUI.min.js HTTP/1.1" 404 4243 "-" "Mozilla/5.0 (iPhone; CPU iPhone OS 6_0 like Mac OS X) AppleWebKit/536.26 (KHTML, like Gecko) Version/6.0 Mobile/10A403 Safari/8536.25"
45.200.148.16 - - [01/Nov/2024:02:45:54 +0100] "GET //startupclm.ncdesarrollos.com/wp-content/plugins/woocommerce/assets/js/frontend/woocommerce.min.js HTTP/1.1" 404 4243 "-" "Mozilla/5.0 (Macintosh; Intel Mac OS X 10_13_6) AppleWebKit/605.1.15 (KHTML, like Gecko) Version/12.0.3 Safari/605.1.15"
45.200.148.16 - - [01/Nov/2024:02:45:54 +0100] "GET //startupclm.ncdesarrollos.com/wp-content/plugins/woocommerce/assets/js/js-cookie/js.cookie.min.js HTTP/1.1" 404 4243 "-" "Mozilla/5.0 (Linux; U; Android 4.4.2; en-us; GT-P5210 Build/KOT49H) AppleWebKit/534.30 (KHTML, like Gecko) Version/4.0 Safari/534.30"
45.200.148.16 - - [01/Nov/2024:02:45:54 +0100] "GET //startupclm.ncdesarrollos.com/wp-content/plugins/woocommerce/assets/js/sourcebuster/sourcebuster.min.js HTTP/1.1" 404 4243 "-" "Mozilla/5.0 (Macintosh; Intel Mac OS X 10_14_2) AppleWebKit/537.36 (KHTML, like Gecko) Chrome/74.0.3729.157 Safari/537.36"
45.200.148.16 - - [01/Nov/2024:02:45:54 +0100] "GET //startupclm.ncdesarrollos.com/wp-includes/js/jquery/jquery-migrate.min.js HTTP/1.1" 404 4243 "-" "Mozilla/5.0 (Windows; U; Windows NT 5.1; en-US; rv:1.9.0.10) Gecko/2009042316 Firefox/3.0.10"
45.200.148.16 - - [01/Nov/2024:02:45:54 +0100] "GET //startupclm.ncdesarrollos.com/wp-includes/js/jquery/jquery.min.js HTTP/1.1" 404 4243 "-" "Mozilla/5.0 (Linux; Android 8.0.0; SM-A910F) AppleWebKit/537.36 (KHTML, like Gecko) Chrome/76.0.3809.111 Mobile Safari/537.36"
45.200.148.16 - - [01/Nov/2024:02:45:54 +0100] "GET /wp-emoji-release.min.js HTTP/1.1" 404 4243 "-" "Mozilla/5.0 (iPhone; CPU iPhone OS 12_1 like Mac OS X) AppleWebKit/605.1.15 (KHTML, like Gecko) Version/12.0 Mobile/15E148 Safari/604.1"
45.200.148.16 - - [01/Nov/2024:02:45:54 +0100] "GET //startupclm.ncdesarrollos.com/wp-content/plugins/woocommerce/assets/js/frontend/order-attribution.min.js HTTP/1.1" 404 4243 "-" "Opera/9.80 (Macintosh; Intel Mac OS X 10.6.8; U; fr) Presto/2.9.168 Version/11.52"
45.200.148.16 - - [01/Nov/2024:02:46:23 +0100] "GET //startupclm.ncdesarrollos.com/wp-content/plugins/woocommerce/assets/js/frontend/order-attribution.min.js HTTP/1.1" 404 4243 "-" "Mozilla/5.0 (Windows NT 6.1) AppleWebKit/537.36 (KHTML, like Gecko) Chrome/75.0.3770.142 Safari/537.36"
45.200.148.16 - - [01/Nov/2024:02:46:23 +0100] "GET //startupclm.ncdesarrollos.com/wp-includes/js/jquery/jquery.min.js HTTP/1.1" 404 4243 "-" "Mozilla/5.0 (Linux; Android 9; SAMSUNG SM-G960F Build/PPR1.180610.011) AppleWebKit/537.36 (KHTML, like Gecko) SamsungBrowser/8.2 Chrome/63.0.3239.111 Mobile Safari/537.36"
45.200.148.16 - - [01/Nov/2024:02:46:23 +0100] "GET //startupclm.ncdesarrollos.com/wp-includes/js/jquery/jquery-migrate.min.js HTTP/1.1" 404 4243 "-" "Mozilla/5.0 (Linux; Android 9; Moto Z3 Play) AppleWebKit/537.36 (KHTML, like Gecko) Chrome/76.0.3809.111 Mobile Safari/537.36"
45.200.148.16 - - [01/Nov/2024:02:46:23 +0100] "GET //startupclm.ncdesarrollos.com/wp-content/plugins/woocommerce/assets/js/jquery-blockui/jquery.blockUI.min.js HTTP/1.1" 404 4243 "-" "Mozilla/5.0 (Linux; Android 9; CLT-L09) AppleWebKit/537.36 (KHTML, like Gecko) Chrome/75.0.3770.143 Mobile Safari/537.36"
45.200.148.16 - - [01/Nov/2024:02:46:23 +0100] "GET //startupclm.ncdesarrollos.com/wp-content/plugins/woocommerce/assets/js/sourcebuster/sourcebuster.min.js HTTP/1.1" 404 4243 "-" "Mozilla/5.0 (Linux; Android 9; Pixel 2 XL) AppleWebKit/537.36 (KHTML, like Gecko) Chrome/76.0.3809.111 Mobile Safari/537.36"
45.200.148.16 - - [01/Nov/2024:02:46:23 +0100] "GET //startupclm.ncdesarrollos.com/wp-content/plugins/woocommerce/assets/js/js-cookie/js.cookie.min.js HTTP/1.1" 404 4243 "-" "Mozilla/5.0 (Macintosh; Intel Mac OS X 10_13_2) AppleWebKit/537.36 (KHTML, like Gecko) Chrome/75.0.3770.100 Safari/537.36"
45.200.148.16 - - [01/Nov/2024:02:46:23 +0100] "GET /wp-emoji-release.min.js HTTP/1.1" 404 4243 "-" "Mozilla/5.0 (Windows NT 6.1; WOW64) AppleWebKit/537.36 (KHTML, like Gecko) Chrome/76.0.3809.87 Safari/537.36"
45.200.148.16 - - [01/Nov/2024:02:46:23 +0100] "GET //startupclm.ncdesarrollos.com/wp-content/plugins/woocommerce/assets/js/frontend/woocommerce.min.js HTTP/1.1" 404 4243 "-" "Mozilla/5.0 (Linux; Android 9; INE-LX2) AppleWebKit/537.36 (KHTML, like Gecko) Chrome/76.0.3809.111 Mobile Safari/537.36"
45.200.148.16 - - [01/Nov/2024:02:46:25 +0100] "GET //startupclm.ncdesarrollos.com/wp-content/plugins/woocommerce/assets/js/frontend/add-to-cart.min.js HTTP/1.1" 404 4243 "-" "Mozilla/5.0 (Linux; Android 5.1.1; A37f Build/LMY47V) AppleWebKit/537.36 (KHTML, like Gecko) Chrome/66.0.3359.126 Mobile Safari/537.36"
163.172.105.12 - - [01/Nov/2024:02:49:50 +0100] "POST /wp-cron.php?doing_wp_cron=1730425790.4813671112060546875000 HTTP/1.1" 200 4078 "-" "WordPress/6.6.2; https://startupclm.ncdesarrollos.com"
18.224.18.214 - - [01/Nov/2024:02:49:48 +0100] "GET / HTTP/1.1" 200 63847 "-" "-"
18.224.18.214 - - [01/Nov/2024:02:49:52 +0100] "GET / HTTP/1.1" 200 60097 "-" "-"
18.224.18.214 - - [01/Nov/2024:02:49:54 +0100] "GET / HTTP/1.1" 200 60097 "-" "-"
163.172.105.12 - - [01/Nov/2024:11:56:28 +0100] "POST /wp-cron.php?doing_wp_cron=1730458588.5030899047851562500000 HTTP/1.1" 200 4078 "-" "WordPress/6.6.2; https://startupclm.ncdesarrollos.com"
45.149.241.21 - - [01/Nov/2024:11:56:27 +0100] "GET / HTTP/1.1" 200 16645 "-" "Mozilla/5.0 (Windows NT 10.0; WOW64) AppleWebKit/537.36 (KHTML, like Gecko) Chrome/64.0.3282.119 Safari/537.36"
163.172.105.12 - - [01/Nov/2024:11:56:30 +0100] "POST /wp-admin/admin-ajax.php?action=wp_1_wc_privacy_cleanup&nonce=ce98b3e7f8 HTTP/1.1" 200 4213 "-" "WordPress/6.6.2; https://startupclm.ncdesarrollos.com"
45.149.241.21 - - [01/Nov/2024:11:56:55 +0100] "GET //startupclm.ncdesarrollos.com/wp-includes/js/jquery/jquery-migrate.min.js HTTP/1.1" 404 4243 "-" "W3C_Validator/1.305.2.12 libwww-perl/5.64"
45.149.241.21 - - [01/Nov/2024:11:56:55 +0100] "GET //startupclm.ncdesarrollos.com/wp-content/plugins/woocommerce/assets/js/js-cookie/js.cookie.min.js HTTP/1.1" 404 4243 "-" "Mozilla/5.0 (Macintosh; Intel Mac OS X 10_11_6) AppleWebKit/537.36 (KHTML, like Gecko) Chrome/75.0.3770.142 Safari/537.36"
45.149.241.21 - - [01/Nov/2024:11:56:55 +0100] "GET //startupclm.ncdesarrollos.com/wp-content/plugins/woocommerce/assets/js/frontend/woocommerce.min.js HTTP/1.1" 404 4243 "-" "Mozilla/5.0 (Windows NT 6.1; WOW64) AppleWebKit/537.36 (KHTML, like Gecko) Chrome/70.0.3538.25 Safari/537.36 Core/1.70.3704.400 QQBrowser/10.4.3587.400"
45.149.241.21 - - [01/Nov/2024:11:56:55 +0100] "GET //startupclm.ncdesarrollos.com/wp-content/plugins/woocommerce/assets/js/frontend/order-attribution.min.js HTTP/1.1" 404 4243 "-" "Mozilla/5.0 (Windows NT 10.0; Win64; x64) AppleWebKit/537.36 (KHTML, like Gecko) Chrome/69.0.3497.100 Safari/537.36"
45.149.241.21 - - [01/Nov/2024:11:56:55 +0100] "GET /wp-emoji-release.min.js HTTP/1.1" 404 4243 "-" "Mozilla/5.0 (Linux; Android 7.1.2; Redmi 4) AppleWebKit/537.36 (KHTML, like Gecko) Chrome/73.0.3683.90 Mobile Safari/537.36"
45.149.241.21 - - [01/Nov/2024:11:56:55 +0100] "GET //startupclm.ncdesarrollos.com/wp-content/plugins/woocommerce/assets/js/jquery-blockui/jquery.blockUI.min.js HTTP/1.1" 404 4243 "-" "Mozilla/5.0 (Linux; U; Android 8.1.0; es-us; Redmi Note 5 Build/OPM1.171019.011) AppleWebKit/537.36 (KHTML, like Gecko) Version/4.0 Chrome/71.0.3578.141 Mobile Safari/537.36 XiaoMi/MiuiBrowser/10.9.7-g"
45.149.241.21 - - [01/Nov/2024:11:56:55 +0100] "GET //startupclm.ncdesarrollos.com/wp-includes/js/jquery/jquery.min.js HTTP/1.1" 404 4243 "-" "ELinks (0.4.3; NetBSD 3.0.2PATCH sparc64; 141x19)"
45.149.241.21 - - [01/Nov/2024:11:56:57 +0100] "GET //startupclm.ncdesarrollos.com/wp-content/plugins/woocommerce/assets/js/frontend/add-to-cart.min.js HTTP/1.1" 404 4243 "-" "Mozilla/5.0 (Linux; Android 8.1.0; LM-X210CMR) AppleWebKit/537.36 (KHTML, like Gecko) Chrome/76.0.3809.111 Mobile Safari/537.36"
