3.254.98.107 - - [26/Feb/2025:21:35:19 +0100] "HEAD / HTTP/1.1" 301 216 "https://www.netcraft.com/survey/" "Mozilla/4.0 (compatible; Netcraft Web Server Survey)"
52.66.236.154 - - [27/Feb/2025:05:04:24 +0100] "GET / HTTP/1.1" 301 613 "https://www.google.com/" "Mozilla/5.0 (Linux i386; X11) AppleWebKit/537.21 (KHTML, like Gecko) Chrome/31.0.1877.20 Safari/535.29"
163.172.105.12 - - [27/Feb/2025:05:04:51 +0100] "POST /wp-cron.php?doing_wp_cron=1740629091.2547419071197509765625 HTTP/1.1" 200 4083 "-" "WordPress/6.6.2; https://startupclm.ncdesarrollos.com"
52.66.236.154 - - [27/Feb/2025:05:04:24 +0100] "GET / HTTP/1.1" 200 16734 "https://www.google.com/" "Mozilla/5.0 (Linux i386; X11) AppleWebKit/537.21 (KHTML, like Gecko) Chrome/31.0.1877.20 Safari/535.29"
163.172.105.12 - - [27/Feb/2025:18:18:10 +0100] "POST /wp-cron.php?doing_wp_cron=1740676690.6661880016326904296875 HTTP/1.1" 200 4083 "-" "WordPress/6.6.2; https://startupclm.ncdesarrollos.com"
34.202.160.14 - - [27/Feb/2025:18:18:09 +0100] "GET / HTTP/1.1" 200 16734 "-" "Mozilla/5.0 (X11; Ubuntu; Linux i686; rv:24.0) Gecko/20100101 Firefox/24.0"
163.172.105.12 - - [27/Feb/2025:18:18:12 +0100] "POST /wp-admin/admin-ajax.php?action=wp_1_wc_privacy_cleanup&nonce=d2a245943d HTTP/1.1" 200 4218 "-" "WordPress/6.6.2; https://startupclm.ncdesarrollos.com"
45.148.10.172 - - [27/Feb/2025:18:48:10 +0100] "GET /.env HTTP/1.1" 404 4248 "-" "Mozilla/5.0 (Linux; Android 7.1.2; OC105) AppleWebKit/537.36 (KHTML, like Gecko) Chrome/74.0.3729.157 Mobile Safari/537.36"
18.133.175.70 - - [27/Feb/2025:21:13:07 +0100] "GET /.git/config HTTP/1.1" 404 4248 "-" "Mozilla/5.0 (Linux; Android 4.4.2; GT-I9190) AppleWebKit/537.36 (KHTML, like Gecko) Chrome/76.0.3809.89 Mobile Safari/537.36"
45.148.10.140 - - [27/Feb/2025:22:52:51 +0100] "GET / HTTP/1.1" 301 557 "-" "Mozilla/5.0 (Macintosh; Intel Mac OS X 10_15_7) AppleWebKit/537.36 Chrome/120.0.0.0"
163.172.105.12 - - [27/Feb/2025:22:52:52 +0100] "POST /wp-cron.php?doing_wp_cron=1740693172.2769520282745361328125 HTTP/1.1" 200 4083 "-" "WordPress/6.6.2; https://startupclm.ncdesarrollos.com"
45.148.10.140 - - [27/Feb/2025:22:52:51 +0100] "GET / HTTP/1.1" 200 16631 "-" "Mozilla/5.0 (Macintosh; Intel Mac OS X 10_15_7) AppleWebKit/537.36 Chrome/120.0.0.0"
163.172.105.12 - - [28/Feb/2025:12:09:57 +0100] "POST /wp-cron.php?doing_wp_cron=1740740997.3954229354858398437500 HTTP/1.1" 200 4083 "-" "WordPress/6.6.2; https://startupclm.ncdesarrollos.com"
138.68.86.32 - - [28/Feb/2025:12:09:56 +0100] "GET / HTTP/1.1" 200 63871 "-" "-"
138.68.86.32 - - [28/Feb/2025:12:09:57 +0100] "GET / HTTP/1.1" 200 63871 "-" "Mozilla/5.0 (Linux; Android 6.0; HTC One M9 Build/MRA988726) AppleWebKit/537.36 (KHTML, like Gecko) Chrome/52.0.2745.98 Mobile Safari/537.3"
138.68.86.32 - - [28/Feb/2025:12:09:58 +0100] "GET /actuator/env HTTP/1.1" 404 4248 "-" "Go-http-client/1.1"
138.68.86.32 - - [28/Feb/2025:12:09:58 +0100] "GET /server HTTP/1.1" 404 1041 "-" "Go-http-client/1.1"
138.68.86.32 - - [28/Feb/2025:12:09:58 +0100] "GET /.vscode/sftp.json HTTP/1.1" 404 1041 "-" "Go-http-client/1.1"
138.68.86.32 - - [28/Feb/2025:12:09:58 +0100] "GET /about HTTP/1.1" 404 1041 "-" "Go-http-client/1.1"
138.68.86.32 - - [28/Feb/2025:12:09:58 +0100] "GET /debug/default/view?panel=config HTTP/1.1" 404 1041 "-" "Go-http-client/1.1"
138.68.86.32 - - [28/Feb/2025:12:09:58 +0100] "GET /v2/_catalog HTTP/1.1" 404 1041 "-" "Go-http-client/1.1"
138.68.86.32 - - [28/Feb/2025:12:09:58 +0100] "GET /ecp/Current/exporttool/microsoft.exchange.ediscovery.exporttool.application HTTP/1.1" 404 1041 "-" "Go-http-client/1.1"
138.68.86.32 - - [28/Feb/2025:12:09:58 +0100] "GET /server-status HTTP/1.1" 403 1044 "-" "Go-http-client/1.1"
138.68.86.32 - - [28/Feb/2025:12:09:58 +0100] "GET /login.action HTTP/1.1" 404 1041 "-" "Go-http-client/1.1"
138.68.86.32 - - [28/Feb/2025:12:09:58 +0100] "GET /_all_dbs HTTP/1.1" 404 1041 "-" "Mozilla/5.0 (l9scan/2.0.2313e2530313e2237313e2336313; +https://leakix.net)"
138.68.86.32 - - [28/Feb/2025:12:09:58 +0100] "GET /.DS_Store HTTP/1.1" 404 1041 "-" "Go-http-client/1.1"
138.68.86.32 - - [28/Feb/2025:12:09:58 +0100] "GET /.env HTTP/1.1" 404 1041 "-" "Go-http-client/1.1"
138.68.86.32 - - [28/Feb/2025:12:09:59 +0100] "GET /.git/config HTTP/1.1" 404 1041 "-" "Go-http-client/1.1"
138.68.86.32 - - [28/Feb/2025:12:09:59 +0100] "GET /s/2313e2530313e2237313e2336313/_/;/META-INF/maven/com.atlassian.jira/jira-webapp-dist/pom.properties HTTP/1.1" 404 1041 "-" "Go-http-client/1.1"
138.68.86.32 - - [28/Feb/2025:12:09:59 +0100] "GET /config.json HTTP/1.1" 404 1041 "-" "Go-http-client/1.1"
138.68.86.32 - - [28/Feb/2025:12:09:59 +0100] "GET /telescope/requests HTTP/1.1" 404 1041 "-" "Go-http-client/1.1"
138.68.86.32 - - [28/Feb/2025:12:10:00 +0100] "GET /info.php HTTP/1.1" 404 779 "-" "Go-http-client/1.1"
138.68.86.32 - - [28/Feb/2025:12:10:00 +0100] "GET /?rest_route=/wp/v2/users/ HTTP/1.1" 200 2598 "-" "Go-http-client/1.1"
163.172.105.12 - - [28/Feb/2025:12:10:03 +0100] "POST /wp-admin/admin-ajax.php?action=wp_1_wc_privacy_cleanup&nonce=d18e67d897 HTTP/1.1" 200 4218 "-" "WordPress/6.6.2; https://startupclm.ncdesarrollos.com"
34.1.17.32 - - [28/Feb/2025:23:24:32 +0100] "GET / HTTP/1.1" 301 613 "-" "Mozilla/5.0 (Windows NT 10.0; Win64; x64) AppleWebKit/537.36 (KHTML, like Gecko; compatible; BW/1.3; rb.gy/qyzae5) Chrome/124.0.0.0 Safari/537.36"
163.172.105.12 - - [28/Feb/2025:23:24:35 +0100] "POST /wp-cron.php?doing_wp_cron=1740781475.5638029575347900390625 HTTP/1.1" 200 4083 "-" "WordPress/6.6.2; https://startupclm.ncdesarrollos.com"
34.1.17.32 - - [28/Feb/2025:23:24:35 +0100] "GET / HTTP/1.1" 200 16734 "-" "Mozilla/5.0 (Windows NT 10.0; Win64; x64) AppleWebKit/537.36 (KHTML, like Gecko; compatible; BW/1.3; rb.gy/qyzae5) Chrome/124.0.0.0 Safari/537.36"
34.1.17.32 - - [28/Feb/2025:23:24:37 +0100] "GET /robots.txt HTTP/1.1" 404 529 "-" "Mozilla/5.0 (Windows NT 10.0; Win64; x64) AppleWebKit/537.36 (KHTML, like Gecko; compatible; BW/1.3; rb.gy/qyzae5) Chrome/124.0.0.0 Safari/537.36"
34.1.17.32 - - [28/Feb/2025:23:24:40 +0100] "GET /wp-login.php?redirect_to=https%3A%2F%2Fstartupclm.ncdesarrollos.com%2F HTTP/1.1" 200 3093 "-" "Mozilla/5.0 (Windows NT 10.0; Win64; x64) AppleWebKit/537.36 (KHTML, like Gecko; compatible; BW/1.3; rb.gy/qyzae5) Chrome/124.0.0.0 Safari/537.36"
34.1.17.32 - - [28/Feb/2025:23:24:43 +0100] "GET /ads.txt HTTP/1.1" 404 529 "-" "Mozilla/5.0 (Windows NT 10.0; Win64; x64) AppleWebKit/537.36 (KHTML, like Gecko; compatible; BW/1.3; rb.gy/qyzae5) Chrome/124.0.0.0 Safari/537.36"
34.1.17.32 - - [28/Feb/2025:23:24:43 +0100] "GET /checkout/ HTTP/1.1" 404 1109 "-" "Mozilla/5.0 (Windows NT 10.0; Win64; x64) AppleWebKit/537.36 (KHTML, like Gecko; compatible; BW/1.3; rb.gy/qyzae5) Chrome/124.0.0.0 Safari/537.36"
34.1.17.32 - - [28/Feb/2025:23:24:43 +0100] "GET /wp-content/plugins/woocommerce/readme.txt HTTP/1.1" 200 7401 "-" "Mozilla/5.0 (Windows NT 10.0; Win64; x64) AppleWebKit/537.36 (KHTML, like Gecko; compatible; BW/1.3; rb.gy/qyzae5) Chrome/124.0.0.0 Safari/537.36"
45.148.10.140 - - [01/Mar/2025:01:45:00 +0100] "GET /wp-includes/js/wp-emoji-release.min.js?ver=6.6.2 HTTP/1.1" 200 9179 "-" "Mozilla/5.0 (Windows NT 10.0; Win64; x64) AppleWebKit/537.36 Chrome/121.0.0.0"
63.33.197.128 - - [01/Mar/2025:02:56:54 +0100] "GET / HTTP/1.0" 301 576 "-" "Mozilla/5.0 (compatible; NetcraftSurveyAgent/1.0; +info@netcraft.com)"
163.172.105.12 - - [01/Mar/2025:02:57:36 +0100] "POST /wp-cron.php?doing_wp_cron=1740794255.4416658878326416015625 HTTP/1.1" 200 4083 "-" "WordPress/6.6.2; https://startupclm.ncdesarrollos.com"
63.33.197.128 - - [01/Mar/2025:02:56:57 +0100] "GET / HTTP/1.0" 200 63371 "-" "Mozilla/5.0 (compatible; NetcraftSurveyAgent/1.0; +info@netcraft.com)"
45.148.10.238 - - [01/Mar/2025:08:24:57 +0100] "GET /.git/config HTTP/1.1" 404 4248 "-" "Mozilla/5.0 (X11; U; Linux armv6l; rv 1.8.1.5pre) Gecko/20070619 Minimo/0.020"
164.138.221.246 - - [01/Mar/2025:20:34:40 +0100] "POST /wp-login.php HTTP/1.1" 301 600 "-" "Mozilla/5.0 (Windows NT 10.0; WOW64) AppleWebKit/537.36 (KHTML, like Gecko) Chrome/62.0.3202.9 Safari/537.36"
164.138.221.246 - - [01/Mar/2025:20:34:41 +0100] "POST /wordpress/wp-login.php HTTP/1.1" 301 620 "-" "Mozilla/5.0 (Windows NT 10.0; WOW64) AppleWebKit/537.36 (KHTML, like Gecko) Chrome/62.0.3202.9 Safari/537.36"
45.148.10.140 - - [01/Mar/2025:21:12:00 +0100] "GET /wp-includes/js/jquery/jquery.min.js?ver=3.7.1 HTTP/1.1" 200 34553 "-" "Mozilla/5.0 (Windows NT 10.0; Win64; x64) AppleWebKit/537.36 Chrome/121.0.0.0"
45.148.10.140 - - [02/Mar/2025:10:02:02 +0100] "GET /wp-content/plugins/woocommerce/assets/js/jquery-blockui/jquery.blockUI.min.js?ver=2.7.0-wc.9.3.3 HTTP/1.1" 200 7654 "-" "Mozilla/5.0 (Windows NT 10.0; Win64; x64) AppleWebKit/537.36 Chrome/121.0.0.0"
45.148.10.140 - - [02/Mar/2025:10:45:29 +0100] "GET /wp-content/plugins/woocommerce/assets/js/frontend/order-attribution.min.js?ver=9.3.3 HTTP/1.1" 200 5209 "-" "Mozilla/5.0 (Macintosh; Intel Mac OS X 10_15_7) AppleWebKit/537.36 Chrome/120.0.0.0"
163.172.105.12 - - [02/Mar/2025:13:21:37 +0100] "POST /wp-cron.php?doing_wp_cron=1740918097.0719621181488037109375 HTTP/1.1" 200 4083 "-" "WordPress/6.6.2; https://startupclm.ncdesarrollos.com"
157.245.204.205 - - [02/Mar/2025:13:21:36 +0100] "GET / HTTP/1.1" 200 63871 "-" "-"
157.245.204.205 - - [02/Mar/2025:13:21:37 +0100] "GET / HTTP/1.1" 200 63871 "-" "Mozilla/5.0 (Linux; Android 6.0; HTC One M9 Build/MRA988726) AppleWebKit/537.36 (KHTML, like Gecko) Chrome/52.0.2745.98 Mobile Safari/537.3"
163.172.105.12 - - [02/Mar/2025:13:21:38 +0100] "POST /wp-cron.php HTTP/1.1" 200 4083 "-" "WordPress/6.6.2; https://startupclm.ncdesarrollos.com"
163.172.105.12 - - [02/Mar/2025:13:21:38 +0100] "GET / HTTP/1.1" 200 16697 "-" "WordPress/6.6.2; https://startupclm.ncdesarrollos.com"
157.245.204.205 - - [02/Mar/2025:13:21:38 +0100] "GET /actuator/env HTTP/1.1" 404 4248 "-" "Go-http-client/1.1"
163.172.105.12 - - [02/Mar/2025:13:21:38 +0100] "GET / HTTP/1.1" 200 16697 "-" "WordPress/6.6.2; https://startupclm.ncdesarrollos.com"
157.245.204.205 - - [02/Mar/2025:13:21:39 +0100] "GET /server HTTP/1.1" 404 1041 "-" "Go-http-client/1.1"
163.172.105.12 - - [02/Mar/2025:13:21:39 +0100] "GET / HTTP/1.1" 200 16697 "-" "WordPress/6.6.2; https://startupclm.ncdesarrollos.com"
163.172.105.12 - - [02/Mar/2025:13:21:39 +0100] "GET / HTTP/1.1" 200 16697 "-" "WordPress/6.6.2; https://startupclm.ncdesarrollos.com"
157.245.204.205 - - [02/Mar/2025:13:21:40 +0100] "GET /.vscode/sftp.json HTTP/1.1" 404 1041 "-" "Go-http-client/1.1"
157.245.204.205 - - [02/Mar/2025:13:21:40 +0100] "GET /about HTTP/1.1" 404 1041 "-" "Go-http-client/1.1"
157.245.204.205 - - [02/Mar/2025:13:21:41 +0100] "GET /debug/default/view?panel=config HTTP/1.1" 404 1041 "-" "Go-http-client/1.1"
157.245.204.205 - - [02/Mar/2025:13:21:41 +0100] "GET /v2/_catalog HTTP/1.1" 404 1041 "-" "Go-http-client/1.1"
163.172.105.12 - - [02/Mar/2025:13:21:41 +0100] "POST /wp-admin/admin-ajax.php?action=wp_1_wc_privacy_cleanup&nonce=4dd7f240c7 HTTP/1.1" 200 4218 "-" "WordPress/6.6.2; https://startupclm.ncdesarrollos.com"
157.245.204.205 - - [02/Mar/2025:13:21:42 +0100] "GET /ecp/Current/exporttool/microsoft.exchange.ediscovery.exporttool.application HTTP/1.1" 404 1041 "-" "Go-http-client/1.1"
157.245.204.205 - - [02/Mar/2025:13:21:42 +0100] "GET /server-status HTTP/1.1" 403 1044 "-" "Go-http-client/1.1"
157.245.204.205 - - [02/Mar/2025:13:21:43 +0100] "GET /login.action HTTP/1.1" 404 1041 "-" "Go-http-client/1.1"
157.245.204.205 - - [02/Mar/2025:13:21:43 +0100] "GET /_all_dbs HTTP/1.1" 404 1041 "-" "Mozilla/5.0 (l9scan/2.0.2313e2530313e2237313e2336313; +https://leakix.net)"
157.245.204.205 - - [02/Mar/2025:13:21:44 +0100] "GET /.DS_Store HTTP/1.1" 404 1041 "-" "Go-http-client/1.1"
157.245.204.205 - - [02/Mar/2025:13:21:44 +0100] "GET /.env HTTP/1.1" 404 1041 "-" "Go-http-client/1.1"
157.245.204.205 - - [02/Mar/2025:13:21:45 +0100] "GET /.git/config HTTP/1.1" 404 1041 "-" "Go-http-client/1.1"
157.245.204.205 - - [02/Mar/2025:13:21:45 +0100] "GET /s/2313e2530313e2237313e2336313/_/;/META-INF/maven/com.atlassian.jira/jira-webapp-dist/pom.properties HTTP/1.1" 404 1041 "-" "Go-http-client/1.1"
157.245.204.205 - - [02/Mar/2025:13:21:46 +0100] "GET /config.json HTTP/1.1" 404 1041 "-" "Go-http-client/1.1"
157.245.204.205 - - [02/Mar/2025:13:21:47 +0100] "GET /telescope/requests HTTP/1.1" 404 1041 "-" "Go-http-client/1.1"
157.245.204.205 - - [02/Mar/2025:13:21:47 +0100] "GET /info.php HTTP/1.1" 404 779 "-" "Go-http-client/1.1"
157.245.204.205 - - [02/Mar/2025:13:21:48 +0100] "GET /?rest_route=/wp/v2/users/ HTTP/1.1" 200 2598 "-" "Go-http-client/1.1"
45.148.10.140 - - [03/Mar/2025:01:34:40 +0100] "GET /wp-content/plugins/woocommerce/assets/js/frontend/woocommerce.min.js?ver=9.3.3 HTTP/1.1" 200 5200 "-" "Mozilla/5.0 (Windows NT 10.0; Win64; x64) AppleWebKit/537.36 Chrome/121.0.0.0"
45.148.10.140 - - [03/Mar/2025:06:21:03 +0100] "GET /wp-includes/js/jquery/jquery-migrate.min.js?ver=3.4.1 HTTP/1.1" 200 8989 "-" "Mozilla/5.0 (Windows NT 10.0; Win64; x64) AppleWebKit/537.36 Chrome/121.0.0.0"
167.94.138.121 - - [03/Mar/2025:08:11:40 +0100] "GET / HTTP/1.1" 301 557 "-" "Mozilla/5.0 (compatible; CensysInspect/1.1; +https://about.censys.io/)"
167.94.138.121 - - [03/Mar/2025:08:11:58 +0100] "GET /favicon.ico HTTP/1.1" 301 598 "-" "Mozilla/5.0 (compatible; CensysInspect/1.1; +https://about.censys.io/)"
163.172.105.12 - - [03/Mar/2025:16:56:36 +0100] "POST /wp-cron.php?doing_wp_cron=1741017395.9624269008636474609375 HTTP/1.1" 200 4083 "-" "WordPress/6.6.2; https://startupclm.ncdesarrollos.com"
82.197.68.199 - - [03/Mar/2025:16:56:35 +0100] "GET / HTTP/1.1" 200 16650 "-" "Mozilla/5.0 (Macintosh; Intel Mac OS X 10_14_5) AppleWebKit/537.36 (KHTML, like Gecko) Chrome/75.0.3770.142 Safari/537.36"
82.197.68.199 - - [03/Mar/2025:16:57:04 +0100] "GET //startupclm.ncdesarrollos.com/wp-content/plugins/woocommerce/assets/js/frontend/add-to-cart.min.js HTTP/1.1" 404 4248 "-" "Mozilla/5.0 (X11; Linux x86_64) AppleWebKit/537.36 (KHTML, like Gecko) Ubuntu Chromium/68.0.3440.75 Chrome/68.0.3440.75 Safari/537.36"
82.197.68.199 - - [03/Mar/2025:16:57:04 +0100] "GET //startupclm.ncdesarrollos.com/wp-content/plugins/woocommerce/assets/js/js-cookie/js.cookie.min.js HTTP/1.1" 404 4248 "-" "Mozilla/5.0 (Linux; Android 6.0.1; SM-N915T) AppleWebKit/537.36 (KHTML, like Gecko) Chrome/75.0.3770.143 Mobile Safari/537.36"
82.197.68.199 - - [03/Mar/2025:16:57:06 +0100] "GET /wp-emoji-release.min.js HTTP/1.1" 404 4248 "-" "Mozilla/5.0 (Linux; Android 8.0.0; SAMSUNG SM-N935F Build/R16NW) AppleWebKit/537.36 (KHTML, like Gecko) SamsungBrowser/9.4 Chrome/67.0.3396.87 Mobile Safari/537.36"
82.197.68.199 - - [03/Mar/2025:16:57:08 +0100] "GET //startupclm.ncdesarrollos.com/wp-includes/js/jquery/jquery-migrate.min.js HTTP/1.1" 404 4248 "-" "Mozilla/4.0 (compatible; MSIE 6.0; Windows CE; IEMobile 7.11) Sprint:PPC6800"
82.197.68.199 - - [03/Mar/2025:16:57:09 +0100] "GET //startupclm.ncdesarrollos.com/wp-includes/js/jquery/jquery-migrate.min.js HTTP/1.1" 301 720 "-" "Mozilla/5.0 (Macintosh; Intel Mac OS X 10_10_5) AppleWebKit/537.36 (KHTML, like Gecko) Chrome/61.0.3163.49 Safari/537.36"
82.197.68.199 - - [03/Mar/2025:16:57:09 +0100] "GET //startupclm.ncdesarrollos.com/wp-includes/js/jquery/jquery.min.js HTTP/1.1" 301 704 "-" "Mozilla/5.0 (compatible; Googlebot/2.1; http://www.google.com/bot.html)"
82.197.68.199 - - [03/Mar/2025:16:57:10 +0100] "GET //startupclm.ncdesarrollos.com/wp-content/plugins/woocommerce/assets/js/sourcebuster/sourcebuster.min.js HTTP/1.1" 301 780 "-" "Mozilla/5.0 (Linux; U; Android 2.2; en-us; SCH-I800 Build/FROYO) AppleWebKit/533.1 (KHTML, like Gecko) Version/4.0 Mobile Safari/533.1"
82.197.68.199 - - [03/Mar/2025:16:57:10 +0100] "GET //startupclm.ncdesarrollos.com/wp-content/plugins/woocommerce/assets/js/jquery-blockui/jquery.blockUI.min.js HTTP/1.1" 301 788 "-" "Mozilla/5.0 (Macintosh; Intel Mac OS X 10_14_6) AppleWebKit/605.1.15 (KHTML, like Gecko) Version/12.1.2 Safari/605.1.15"
82.197.68.199 - - [03/Mar/2025:16:57:10 +0100] "GET //startupclm.ncdesarrollos.com/wp-content/plugins/woocommerce/assets/js/frontend/woocommerce.min.js HTTP/1.1" 301 770 "-" "Mozilla/5.0 (Windows NT 6.2; WOW64; rv:39.0) Gecko/20100101 Firefox/39.0"
82.197.68.199 - - [03/Mar/2025:16:57:10 +0100] "GET //startupclm.ncdesarrollos.com/wp-content/plugins/woocommerce/assets/js/frontend/order-attribution.min.js HTTP/1.1" 301 782 "-" "Mozilla/5.0 (Linux; Android 5.1.1; Coolpad 3622A Build/LMY47V) AppleWebKit/537.36 (KHTML, like Gecko) Chrome/58.0.3029.83 Mobile Safari/537.36"
82.197.68.199 - - [03/Mar/2025:16:57:53 +0100] "GET /wp-emoji-release.min.js HTTP/1.1" 404 4248 "-" "Mozilla/5.0 (SymbianOS/9.1; U; en-us) AppleWebKit/413 (KHTML, like Gecko) Safari/413 es65"
82.197.68.199 - - [03/Mar/2025:16:57:56 +0100] "GET //startupclm.ncdesarrollos.com/wp-content/plugins/woocommerce/assets/js/frontend/add-to-cart.min.js HTTP/1.1" 301 770 "-" "Mozilla/5.0 (Macintosh; Intel Mac OS X 10_14_4) AppleWebKit/537.36 (KHTML, like Gecko) Chrome/77.0.3829.0 Safari/537.36 Edg/77.0.197.1"
82.197.68.199 - - [03/Mar/2025:16:57:56 +0100] "GET //startupclm.ncdesarrollos.com/wp-content/plugins/woocommerce/assets/js/js-cookie/js.cookie.min.js HTTP/1.1" 301 768 "-" "Mozilla/5.0 (X11; Linux x86_64) AppleWebKit/537.36 (KHTML, like Gecko) snap Chromium/75.0.3770.142 Chrome/75.0.3770.142 Safari/537.36"
82.197.68.199 - - [03/Mar/2025:16:57:58 +0100] "GET //startupclm.ncdesarrollos.com/wp-content/plugins/woocommerce/assets/js/frontend/order-attribution.min.js HTTP/1.1" 301 782 "-" "Mozilla/5.0 (Windows NT 10.0; WOW64) AppleWebKit/537.36 (KHTML, like Gecko) Chrome/70.0.3538.25 Safari/537.36 Core/1.70.3722.400 QQBrowser/10.5.3763.400"
82.197.68.199 - - [03/Mar/2025:16:57:58 +0100] "GET //startupclm.ncdesarrollos.com/wp-content/plugins/woocommerce/assets/js/frontend/woocommerce.min.js HTTP/1.1" 301 770 "-" "Mozilla/5.0 (Linux; Android 9; moto g(7) play) AppleWebKit/537.36 (KHTML, like Gecko) Chrome/75.0.3770.143 Mobile Safari/537.36"
82.197.68.199 - - [03/Mar/2025:16:57:58 +0100] "GET //startupclm.ncdesarrollos.com/wp-includes/js/jquery/jquery.min.js HTTP/1.1" 301 704 "-" "Mozilla/5.0 (Linux; Android 8.1.0; SM-J530F) AppleWebKit/537.36 (KHTML, like Gecko) Chrome/76.0.3809.111 Mobile Safari/537.36"
82.197.68.199 - - [03/Mar/2025:16:57:58 +0100] "GET //startupclm.ncdesarrollos.com/wp-content/plugins/woocommerce/assets/js/sourcebuster/sourcebuster.min.js HTTP/1.1" 301 780 "-" "Mozilla/5.0 (Windows NT 10.0; WOW64) AppleWebKit/537.36 (KHTML, like Gecko) Chrome/75.0.3770.143 YaBrowser/19.7.2.455 Yowser/2.5 Safari/537.36"
82.197.68.199 - - [03/Mar/2025:16:57:58 +0100] "GET /wp-emoji-release.min.js HTTP/1.1" 301 622 "-" "Mozilla/5.0 (Linux; Android 5.0.2; Lenovo A6010) AppleWebKit/537.36 (KHTML, like Gecko) Chrome/74.0.3729.157 Mobile Safari/537.36"
82.197.68.199 - - [03/Mar/2025:16:57:58 +0100] "GET //startupclm.ncdesarrollos.com/wp-includes/js/jquery/jquery-migrate.min.js HTTP/1.1" 301 720 "-" "Mozilla/5.0 (Linux; Android 9; G8141) AppleWebKit/537.36 (KHTML, like Gecko) Chrome/76.0.3809.89 Mobile Safari/537.36"
82.197.68.199 - - [03/Mar/2025:16:57:58 +0100] "GET //startupclm.ncdesarrollos.com/wp-content/plugins/woocommerce/assets/js/jquery-blockui/jquery.blockUI.min.js HTTP/1.1" 301 788 "-" "Mozilla/5.0 (Windows NT 6.1) AppleWebKit/537.36 (KHTML, like Gecko) Chrome/63.0.3239.108 Safari/537.36"
45.148.10.140 - - [03/Mar/2025:19:41:33 +0100] "GET /wp-content/plugins/woocommerce/assets/js/js-cookie/js.cookie.min.js?ver=2.1.4-wc.9.3.3 HTTP/1.1" 200 4904 "-" "Mozilla/5.0 (Windows NT 10.0; Win64; x64) AppleWebKit/537.36 Chrome/121.0.0.0"
3.230.147.33 - - [04/Mar/2025:10:07:52 +0100] "GET / HTTP/1.1" 301 557 "-" "Mozilla/5.0 (Windows NT 10.0; Win64; x64) AppleWebKit/537.36 (KHTML, like Gecko) Chrome/100.0.4896.75 Safari/537.36"
163.172.105.12 - - [04/Mar/2025:10:07:54 +0100] "POST /wp-cron.php?doing_wp_cron=1741079274.0114350318908691406250 HTTP/1.1" 200 4083 "-" "WordPress/6.6.2; https://startupclm.ncdesarrollos.com"
3.92.194.166 - - [04/Mar/2025:10:07:53 +0100] "GET / HTTP/1.1" 200 16678 "-" "Mozilla/5.0 (Windows NT 10.0; Win64; x64) AppleWebKit/537.36 (KHTML, like Gecko) Chrome/100.0.4896.75 Safari/537.36"
163.172.105.12 - - [04/Mar/2025:10:07:59 +0100] "POST /wp-admin/admin-ajax.php?action=wp_1_wc_privacy_cleanup&nonce=08c3f19ba3 HTTP/1.1" 200 4218 "-" "WordPress/6.6.2; https://startupclm.ncdesarrollos.com"
45.148.10.140 - - [04/Mar/2025:15:50:18 +0100] "GET /wp-content/plugins/woocommerce/assets/js/sourcebuster/sourcebuster.min.js?ver=9.3.3 HTTP/1.1" 200 8924 "-" "Mozilla/5.0 (Macintosh; Intel Mac OS X 10_15_7) AppleWebKit/537.36 Chrome/120.0.0.0"
45.148.10.140 - - [04/Mar/2025:17:36:40 +0100] "GET /wp-content/plugins/woocommerce/assets/js/frontend/add-to-cart.min.js?ver=9.3.3 HTTP/1.1" 200 5421 "-" "Mozilla/5.0 (Macintosh; Intel Mac OS X 10_15_7) AppleWebKit/537.36 Chrome/120.0.0.0"
45.148.10.80 - - [04/Mar/2025:17:47:43 +0100] "GET /.git/config HTTP/1.1" 404 4248 "-" "Mozilla/5.0 (X11; Linux i686; rv:6.0) Gecko/20100101 Firefox/6.0"
163.172.105.12 - - [05/Mar/2025:00:30:27 +0100] "POST /wp-cron.php?doing_wp_cron=1741131027.6821329593658447265625 HTTP/1.1" 200 4083 "-" "WordPress/6.6.2; https://startupclm.ncdesarrollos.com"
159.65.18.197 - - [05/Mar/2025:00:30:27 +0100] "GET / HTTP/1.1" 200 63871 "-" "-"
159.65.18.197 - - [05/Mar/2025:00:30:28 +0100] "GET / HTTP/1.1" 200 58268 "-" "Mozilla/5.0 (Linux; Android 6.0; HTC One M9 Build/MRA988726) AppleWebKit/537.36 (KHTML, like Gecko) Chrome/52.0.2745.98 Mobile Safari/537.3"
159.65.18.197 - - [05/Mar/2025:00:30:28 +0100] "GET /actuator/env HTTP/1.1" 404 4248 "-" "Go-http-client/1.1"
159.65.18.197 - - [05/Mar/2025:00:30:28 +0100] "GET /server HTTP/1.1" 404 1041 "-" "Go-http-client/1.1"
159.65.18.197 - - [05/Mar/2025:00:30:28 +0100] "GET /.vscode/sftp.json HTTP/1.1" 404 1041 "-" "Go-http-client/1.1"
159.65.18.197 - - [05/Mar/2025:00:30:28 +0100] "GET /about HTTP/1.1" 404 1041 "-" "Go-http-client/1.1"
159.65.18.197 - - [05/Mar/2025:00:30:28 +0100] "GET /debug/default/view?panel=config HTTP/1.1" 404 1041 "-" "Go-http-client/1.1"
159.65.18.197 - - [05/Mar/2025:00:30:28 +0100] "GET /v2/_catalog HTTP/1.1" 404 1041 "-" "Go-http-client/1.1"
159.65.18.197 - - [05/Mar/2025:00:30:29 +0100] "GET /ecp/Current/exporttool/microsoft.exchange.ediscovery.exporttool.application HTTP/1.1" 404 1041 "-" "Go-http-client/1.1"
159.65.18.197 - - [05/Mar/2025:00:30:29 +0100] "GET /server-status HTTP/1.1" 403 1044 "-" "Go-http-client/1.1"
159.65.18.197 - - [05/Mar/2025:00:30:29 +0100] "GET /login.action HTTP/1.1" 404 1041 "-" "Go-http-client/1.1"
159.65.18.197 - - [05/Mar/2025:00:30:29 +0100] "GET /_all_dbs HTTP/1.1" 404 1041 "-" "Mozilla/5.0 (l9scan/2.0.2313e2530313e2237313e2336313; +https://leakix.net)"
159.65.18.197 - - [05/Mar/2025:00:30:29 +0100] "GET /.DS_Store HTTP/1.1" 404 1041 "-" "Go-http-client/1.1"
159.65.18.197 - - [05/Mar/2025:00:30:29 +0100] "GET /.env HTTP/1.1" 404 1041 "-" "Go-http-client/1.1"
159.65.18.197 - - [05/Mar/2025:00:30:29 +0100] "GET /.git/config HTTP/1.1" 404 1041 "-" "Go-http-client/1.1"
159.65.18.197 - - [05/Mar/2025:00:30:29 +0100] "GET /s/2313e2530313e2237313e2336313/_/;/META-INF/maven/com.atlassian.jira/jira-webapp-dist/pom.properties HTTP/1.1" 404 1041 "-" "Go-http-client/1.1"
159.65.18.197 - - [05/Mar/2025:00:30:30 +0100] "GET /config.json HTTP/1.1" 404 1041 "-" "Go-http-client/1.1"
159.65.18.197 - - [05/Mar/2025:00:30:30 +0100] "GET /telescope/requests HTTP/1.1" 404 1041 "-" "Go-http-client/1.1"
159.65.18.197 - - [05/Mar/2025:00:30:30 +0100] "GET /info.php HTTP/1.1" 404 779 "-" "Go-http-client/1.1"
163.172.105.12 - - [05/Mar/2025:00:30:30 +0100] "POST /wp-admin/admin-ajax.php?action=wp_1_wc_privacy_cleanup&nonce=3b8eafb1ab HTTP/1.1" 200 4218 "-" "WordPress/6.6.2; https://startupclm.ncdesarrollos.com"
159.65.18.197 - - [05/Mar/2025:00:30:30 +0100] "GET /?rest_route=/wp/v2/users/ HTTP/1.1" 200 2598 "-" "Go-http-client/1.1"
189.8.95.50 - - [05/Mar/2025:20:29:30 +0100] "POST /wp-login.php HTTP/1.1" 301 600 "-" "Mozilla/5.0 (Windows NT 10.0; WOW64) AppleWebKit/537.36 (KHTML, like Gecko) Chrome/62.0.3202.9 Safari/537.36"
189.8.95.50 - - [05/Mar/2025:20:29:31 +0100] "POST /wordpress/wp-login.php HTTP/1.1" 301 620 "-" "Mozilla/5.0 (Windows NT 10.0; WOW64) AppleWebKit/537.36 (KHTML, like Gecko) Chrome/62.0.3202.9 Safari/537.36"
163.172.105.12 - - [06/Mar/2025:10:00:40 +0100] "POST /wp-cron.php?doing_wp_cron=1741251640.5419011116027832031250 HTTP/1.1" 200 4083 "-" "WordPress/6.6.2; https://startupclm.ncdesarrollos.com"
101.199.254.207 - - [06/Mar/2025:10:00:39 +0100] "GET / HTTP/1.1" 200 63852 "-" "Mozilla/5.0 (Macintosh; Intel Mac OS X 10_15_7) AppleWebKit/537.36 (KHTML, like Gecko) Chrome/120.0.0.0 Safari/537.36 Edg/120.0.0.0"
101.199.254.230 - - [06/Mar/2025:10:00:58 +0100] "GET /favicon.ico HTTP/1.1" 404 4229 "-" "Mozilla/5.0 (Macintosh; Intel Mac OS X 10_7_0) AppleWebKit/535.11 (KHTML, like Gecko) Chrome/17.0.963.56 Safari/535.11"
101.199.254.230 - - [06/Mar/2025:10:01:03 +0100] "GET /robots.txt HTTP/1.1" 404 4229 "-" "Mozilla/5.0 (Macintosh; Intel Mac OS X 10_7_0) AppleWebKit/535.11 (KHTML, like Gecko) Chrome/17.0.963.56 Safari/535.11"
101.199.254.204 - - [06/Mar/2025:10:01:09 +0100] "GET /sitemap.xml HTTP/1.1" 404 4229 "-" "Mozilla/5.0 (Macintosh; Intel Mac OS X 10_7_0) AppleWebKit/535.11 (KHTML, like Gecko) Chrome/17.0.963.56 Safari/535.11"
101.199.254.237 - - [06/Mar/2025:10:01:27 +0100] "GET /config.json HTTP/1.1" 404 4229 "-" "Mozilla/5.0 (Macintosh; Intel Mac OS X 10_7_0) AppleWebKit/535.11 (KHTML, like Gecko) Chrome/17.0.963.56 Safari/535.11"
101.199.254.237 - - [06/Mar/2025:10:01:36 +0100] "GET /wp-content/plugins/woocommerce/readme.txt HTTP/1.1" 200 10624 "-" "python-requests/2.32.3"
163.172.105.12 - - [06/Mar/2025:10:04:54 +0100] "POST /wp-cron.php?doing_wp_cron=1741251894.8978769779205322265625 HTTP/1.1" 200 4083 "-" "WordPress/6.6.2; https://startupclm.ncdesarrollos.com"
3.140.190.124 - - [06/Mar/2025:10:04:54 +0100] "GET / HTTP/1.1" 200 16650 "-" "ELinks (0.4pre5; Linux 2.6.10-ac7 i686; 80x33)"
163.172.105.12 - - [06/Mar/2025:10:04:57 +0100] "POST /wp-admin/admin-ajax.php?action=wp_1_wc_privacy_cleanup&nonce=92bba12a10 HTTP/1.1" 200 4218 "-" "WordPress/6.6.2; https://startupclm.ncdesarrollos.com"
3.140.190.124 - - [06/Mar/2025:10:05:06 +0100] "GET //startupclm.ncdesarrollos.com/wp-content/plugins/woocommerce/assets/js/frontend/woocommerce.min.js HTTP/1.1" 404 4248 "-" "Mozilla/5.0 (Macintosh; Intel Mac OS X 10_11_6) AppleWebKit/537.36 (KHTML, like Gecko) Chrome/76.0.3809.100 Safari/537.36"
3.140.190.124 - - [06/Mar/2025:10:05:06 +0100] "GET //startupclm.ncdesarrollos.com/wp-includes/js/jquery/jquery.min.js HTTP/1.1" 404 4248 "-" "Mozilla/5.0 (Windows NT 10.0; WOW64) AppleWebKit/537.36 (KHTML, like Gecko) Chrome/70.0.3538.25 Safari/537.36 Core/1.70.3722.400 QQBrowser/10.5.3763.400"
3.140.190.124 - - [06/Mar/2025:10:05:06 +0100] "GET //startupclm.ncdesarrollos.com/wp-includes/js/jquery/jquery-migrate.min.js HTTP/1.1" 404 4248 "-" "Mozilla/5.0 (Macintosh; U; Intel Mac OS X 10_5_7;en-us) AppleWebKit/530.17 (KHTML, like Gecko) Version/4.0 Safari/530.17"
3.140.190.124 - - [06/Mar/2025:10:05:06 +0100] "GET /wp-emoji-release.min.js HTTP/1.1" 404 4248 "-" "Mozilla/5.0 (Macintosh; Intel Mac OS X 10_12_6) AppleWebKit/537.36 (KHTML, like Gecko) Chrome/75.0.3770.142 Safari/537.36"
3.140.190.124 - - [06/Mar/2025:10:05:06 +0100] "GET //startupclm.ncdesarrollos.com/wp-content/plugins/woocommerce/assets/js/frontend/add-to-cart.min.js HTTP/1.1" 404 4248 "-" "Mozilla/5.0 (iPhone; CPU iPhone OS 12_1_4 like Mac OS X) AppleWebKit/605.1.15 (KHTML, like Gecko) Mobile/16D57 MicroMessenger/7.0.5(0x17000523) NetType/WIFI Language/zh_CN"
3.140.190.124 - - [06/Mar/2025:10:05:06 +0100] "GET //startupclm.ncdesarrollos.com/wp-content/plugins/woocommerce/assets/js/js-cookie/js.cookie.min.js HTTP/1.1" 404 4248 "-" "Mozilla/5.0 (Linux; Android 9; VTR-L09) AppleWebKit/537.36 (KHTML, like Gecko) Chrome/76.0.3809.111 Mobile Safari/537.36"
3.140.190.124 - - [06/Mar/2025:10:05:06 +0100] "GET //startupclm.ncdesarrollos.com/wp-content/plugins/woocommerce/assets/js/sourcebuster/sourcebuster.min.js HTTP/1.1" 404 4248 "-" "Mozilla/5.0 (Windows Phone 8.1; ARM; Trident/7.0; Touch; rv:11.0; IEMobile/11.0; NOKIA; Lumia 630) like Gecko"
3.140.190.124 - - [06/Mar/2025:10:05:06 +0100] "GET //startupclm.ncdesarrollos.com/wp-content/plugins/woocommerce/assets/js/frontend/order-attribution.min.js HTTP/1.1" 404 4248 "-" "Mozilla/5.0 (X11; FreeBSD amd64) AppleWebKit/537.36 (KHTML, like Gecko) Chrome/35.0.1916.153 Safari/537.36"
3.140.190.124 - - [06/Mar/2025:10:05:06 +0100] "GET //startupclm.ncdesarrollos.com/wp-content/plugins/woocommerce/assets/js/jquery-blockui/jquery.blockUI.min.js HTTP/1.1" 404 4248 "-" "Mozilla/5.0 (X11; OpenBSD amd64; rv:28.0) Gecko/20100101 Firefox/28.0"
163.172.105.12 - - [06/Mar/2025:14:54:40 +0100] "POST /wp-cron.php?doing_wp_cron=1741269280.2033181190490722656250 HTTP/1.1" 200 4083 "-" "WordPress/6.6.2; https://startupclm.ncdesarrollos.com"
3.255.138.30 - - [06/Mar/2025:14:54:39 +0100] "GET / HTTP/1.0" 200 63371 "-" "Mozilla/5.0 (compatible; NetcraftSurveyAgent/1.0; +info@netcraft.com)"
163.172.105.12 - - [06/Mar/2025:15:02:08 +0100] "POST /wp-cron.php?doing_wp_cron=1741269728.2945060729980468750000 HTTP/1.1" 200 4083 "-" "WordPress/6.6.2; https://startupclm.ncdesarrollos.com"
189.8.95.50 - - [06/Mar/2025:15:02:07 +0100] "POST /wp-login.php HTTP/1.1" 200 6955 "-" "Mozilla/5.0 (Windows NT 10.0; WOW64) AppleWebKit/537.36 (KHTML, like Gecko) Chrome/62.0.3202.9 Safari/537.36"
189.8.95.50 - - [06/Mar/2025:15:02:09 +0100] "GET /?author=1 HTTP/1.1" 301 4061 "-" "Mozilla/5.0 (Windows NT 10.0; WOW64) AppleWebKit/537.36 (KHTML, like Gecko) Chrome/62.0.3202.9 Safari/537.36"
163.172.105.12 - - [06/Mar/2025:15:02:10 +0100] "POST /wp-admin/admin-ajax.php?action=wp_1_wc_privacy_cleanup&nonce=9f8ab9e054 HTTP/1.1" 200 4218 "-" "WordPress/6.6.2; https://startupclm.ncdesarrollos.com"
189.8.95.50 - - [06/Mar/2025:15:02:10 +0100] "GET /?author=2 HTTP/1.1" 404 63877 "-" "Mozilla/5.0 (Windows NT 10.0; WOW64) AppleWebKit/537.36 (KHTML, like Gecko) Chrome/62.0.3202.9 Safari/537.36"
189.8.95.50 - - [06/Mar/2025:15:02:11 +0100] "GET /wp-json/wp/v2/users HTTP/1.1" 404 4248 "-" "Go-http-client/1.1"
189.8.95.50 - - [06/Mar/2025:15:02:11 +0100] "POST /xmlrpc.php HTTP/1.1" 200 4649 "-" "Mozilla/5.0 (Windows NT 10.0; WOW64) AppleWebKit/537.36 (KHTML, like Gecko) Chrome/62.0.3202.9 Safari/537.36"
34.204.174.174 - - [06/Mar/2025:21:20:11 +0100] "GET /.git/config HTTP/1.1" 404 4248 "-" "Mozilla/5.0 (Macintosh; Intel Mac OS X 10_14_0) AppleWebKit/537.36 (KHTML, like Gecko) Chrome/77.0.3865.19 Safari/537.36 Edg/77.0.235.9"
200.170.221.174 - - [07/Mar/2025:01:00:33 +0100] "POST /wp-login.php HTTP/1.1" 301 600 "-" "Mozilla/5.0 (Windows NT 10.0; WOW64) AppleWebKit/537.36 (KHTML, like Gecko) Chrome/62.0.3202.9 Safari/537.36"
200.170.221.174 - - [07/Mar/2025:01:00:34 +0100] "POST /wordpress/wp-login.php HTTP/1.1" 301 620 "-" "Mozilla/5.0 (Windows NT 10.0; WOW64) AppleWebKit/537.36 (KHTML, like Gecko) Chrome/62.0.3202.9 Safari/537.36"
159.65.18.197 - - [07/Mar/2025:02:57:59 +0100] "GET /actuator/env HTTP/1.1" 404 4248 "-" "Go-http-client/1.1"
159.65.18.197 - - [07/Mar/2025:02:57:59 +0100] "GET /server HTTP/1.1" 404 1041 "-" "Go-http-client/1.1"
159.65.18.197 - - [07/Mar/2025:02:58:00 +0100] "GET /.vscode/sftp.json HTTP/1.1" 404 1041 "-" "Go-http-client/1.1"
159.65.18.197 - - [07/Mar/2025:02:58:00 +0100] "GET /about HTTP/1.1" 404 1041 "-" "Go-http-client/1.1"
159.65.18.197 - - [07/Mar/2025:02:58:00 +0100] "GET /debug/default/view?panel=config HTTP/1.1" 404 1041 "-" "Go-http-client/1.1"
159.65.18.197 - - [07/Mar/2025:02:58:00 +0100] "GET /v2/_catalog HTTP/1.1" 404 1041 "-" "Go-http-client/1.1"
159.65.18.197 - - [07/Mar/2025:02:58:00 +0100] "GET /ecp/Current/exporttool/microsoft.exchange.ediscovery.exporttool.application HTTP/1.1" 404 1041 "-" "Go-http-client/1.1"
159.65.18.197 - - [07/Mar/2025:02:58:00 +0100] "GET /server-status HTTP/1.1" 403 1044 "-" "Go-http-client/1.1"
159.65.18.197 - - [07/Mar/2025:02:58:01 +0100] "GET /login.action HTTP/1.1" 404 1041 "-" "Go-http-client/1.1"
159.65.18.197 - - [07/Mar/2025:02:58:01 +0100] "GET /_all_dbs HTTP/1.1" 404 1041 "-" "Mozilla/5.0 (l9scan/2.0.2313e2530313e2237313e2336313; +https://leakix.net)"
159.65.18.197 - - [07/Mar/2025:02:58:01 +0100] "GET /.DS_Store HTTP/1.1" 404 1041 "-" "Go-http-client/1.1"
159.65.18.197 - - [07/Mar/2025:02:58:01 +0100] "GET /.env HTTP/1.1" 404 1041 "-" "Go-http-client/1.1"
159.65.18.197 - - [07/Mar/2025:02:58:02 +0100] "GET /.git/config HTTP/1.1" 404 1041 "-" "Go-http-client/1.1"
159.65.18.197 - - [07/Mar/2025:02:58:02 +0100] "GET /s/2313e2530313e2237313e2336313/_/;/META-INF/maven/com.atlassian.jira/jira-webapp-dist/pom.properties HTTP/1.1" 404 1041 "-" "Go-http-client/1.1"
159.65.18.197 - - [07/Mar/2025:02:58:02 +0100] "GET /config.json HTTP/1.1" 404 1041 "-" "Go-http-client/1.1"
159.65.18.197 - - [07/Mar/2025:02:58:02 +0100] "GET /telescope/requests HTTP/1.1" 404 1041 "-" "Go-http-client/1.1"
159.65.18.197 - - [07/Mar/2025:02:58:02 +0100] "GET /info.php HTTP/1.1" 404 779 "-" "Go-http-client/1.1"
163.172.105.12 - - [07/Mar/2025:02:58:19 +0100] "POST /wp-cron.php?doing_wp_cron=1741312698.1248860359191894531250 HTTP/1.1" 200 4083 "-" "WordPress/6.6.2; https://startupclm.ncdesarrollos.com"
163.172.105.12 - - [07/Mar/2025:02:58:19 +0100] "POST /wp-cron.php?doing_wp_cron=1741312698.1257519721984863281250 HTTP/1.1" 200 4083 "-" "WordPress/6.6.2; https://startupclm.ncdesarrollos.com"
159.65.18.197 - - [07/Mar/2025:02:57:48 +0100] "GET / HTTP/1.1" 200 3755 "-" "-"
159.65.18.197 - - [07/Mar/2025:02:57:49 +0100] "GET / HTTP/1.1" 200 3755 "-" "Mozilla/5.0 (Linux; Android 6.0; HTC One M9 Build/MRA988726) AppleWebKit/537.36 (KHTML, like Gecko) Chrome/52.0.2745.98 Mobile Safari/537.3"
163.172.105.12 - - [07/Mar/2025:02:58:20 +0100] "POST /wp-cron.php?doing_wp_cron=1741312698.1265659332275390625000 HTTP/1.1" 200 4083 "-" "WordPress/6.6.2; https://startupclm.ncdesarrollos.com"
159.65.18.197 - - [07/Mar/2025:02:58:02 +0100] "GET /?rest_route=/wp/v2/users/ HTTP/1.1" 200 548 "-" "Go-http-client/1.1"
147.185.132.75 - - [07/Mar/2025:16:32:20 +0100] "GET / HTTP/1.1" 301 557 "-" "Expanse, a Palo Alto Networks company, searches across the global IPv4 space multiple times per day to identify customers' presences on the Internet. If you would like to be excluded from our scans, please send IP addresses/domains to: scaninfo@paloaltonetworks.com"
205.210.31.135 - - [07/Mar/2025:20:42:27 +0100] "GET / HTTP/1.1" 301 557 "-" "-"
163.172.105.12 - - [07/Mar/2025:20:42:28 +0100] "POST /wp-cron.php?doing_wp_cron=1741376548.8027260303497314453125 HTTP/1.1" 200 4083 "-" "WordPress/6.6.2; https://startupclm.ncdesarrollos.com"
205.210.31.135 - - [07/Mar/2025:20:42:28 +0100] "GET / HTTP/1.1" 200 63852 "http://163.172.105.12:80/" "-"
163.172.105.12 - - [07/Mar/2025:20:42:31 +0100] "POST /wp-admin/admin-ajax.php?action=wp_1_wc_privacy_cleanup&nonce=52f0b0a223 HTTP/1.1" 200 4218 "-" "WordPress/6.6.2; https://startupclm.ncdesarrollos.com"
163.172.105.12 - - [07/Mar/2025:21:59:59 +0100] "POST /wp-cron.php?doing_wp_cron=1741381199.9475729465484619140625 HTTP/1.1" 200 4083 "-" "WordPress/6.6.2; https://startupclm.ncdesarrollos.com"
101.198.0.180 - - [07/Mar/2025:21:59:59 +0100] "GET / HTTP/1.1" 200 63852 "-" "Mozilla/5.0 (Macintosh; Intel Mac OS X 10_15_7) AppleWebKit/537.36 (KHTML, like Gecko) Chrome/120.0.0.0 Safari/537.36 Edg/120.0.0.0"
101.198.0.188 - - [07/Mar/2025:22:00:20 +0100] "GET /favicon.ico HTTP/1.1" 404 4229 "-" "Mozilla/5.0 (Macintosh; Intel Mac OS X 10_7_0) AppleWebKit/535.11 (KHTML, like Gecko) Chrome/17.0.963.56 Safari/535.11"
101.198.0.181 - - [07/Mar/2025:22:00:26 +0100] "GET /robots.txt HTTP/1.1" 404 4229 "-" "Mozilla/5.0 (Macintosh; Intel Mac OS X 10_7_0) AppleWebKit/535.11 (KHTML, like Gecko) Chrome/17.0.963.56 Safari/535.11"
101.198.0.152 - - [07/Mar/2025:22:00:33 +0100] "GET /sitemap.xml HTTP/1.1" 404 4229 "-" "Mozilla/5.0 (Macintosh; Intel Mac OS X 10_7_0) AppleWebKit/535.11 (KHTML, like Gecko) Chrome/17.0.963.56 Safari/535.11"
101.198.0.189 - - [07/Mar/2025:22:00:55 +0100] "GET /config.json HTTP/1.1" 404 4229 "-" "Mozilla/5.0 (Macintosh; Intel Mac OS X 10_7_0) AppleWebKit/535.11 (KHTML, like Gecko) Chrome/17.0.963.56 Safari/535.11"
101.198.0.188 - - [07/Mar/2025:22:01:11 +0100] "GET /wp-content/plugins/woocommerce/readme.txt HTTP/1.1" 200 10624 "-" "python-requests/2.32.3"
163.172.105.12 - - [09/Mar/2025:02:20:20 +0100] "POST /wp-cron.php?doing_wp_cron=1741483220.5880649089813232421875 HTTP/1.1" 200 4083 "-" "WordPress/6.6.2; https://startupclm.ncdesarrollos.com"
164.92.244.132 - - [09/Mar/2025:02:20:19 +0100] "GET / HTTP/1.1" 200 63871 "-" "-"
164.92.244.132 - - [09/Mar/2025:02:20:21 +0100] "GET / HTTP/1.1" 200 63871 "-" "Mozilla/5.0 (Linux; Android 6.0; HTC One M9 Build/MRA988726) AppleWebKit/537.36 (KHTML, like Gecko) Chrome/52.0.2745.98 Mobile Safari/537.3"
164.92.244.132 - - [09/Mar/2025:02:20:22 +0100] "GET /actuator/env HTTP/1.1" 404 4248 "-" "Go-http-client/1.1"
164.92.244.132 - - [09/Mar/2025:02:20:22 +0100] "GET /server HTTP/1.1" 404 1041 "-" "Go-http-client/1.1"
164.92.244.132 - - [09/Mar/2025:02:20:22 +0100] "GET /.vscode/sftp.json HTTP/1.1" 404 1041 "-" "Go-http-client/1.1"
164.92.244.132 - - [09/Mar/2025:02:20:22 +0100] "GET /about HTTP/1.1" 404 1041 "-" "Go-http-client/1.1"
164.92.244.132 - - [09/Mar/2025:02:20:23 +0100] "GET /debug/default/view?panel=config HTTP/1.1" 404 1041 "-" "Go-http-client/1.1"
164.92.244.132 - - [09/Mar/2025:02:20:23 +0100] "GET /v2/_catalog HTTP/1.1" 404 1041 "-" "Go-http-client/1.1"
164.92.244.132 - - [09/Mar/2025:02:20:23 +0100] "GET /ecp/Current/exporttool/microsoft.exchange.ediscovery.exporttool.application HTTP/1.1" 404 1041 "-" "Go-http-client/1.1"
164.92.244.132 - - [09/Mar/2025:02:20:23 +0100] "GET /server-status HTTP/1.1" 403 1044 "-" "Go-http-client/1.1"
164.92.244.132 - - [09/Mar/2025:02:20:23 +0100] "GET /login.action HTTP/1.1" 404 1041 "-" "Go-http-client/1.1"
164.92.244.132 - - [09/Mar/2025:02:20:24 +0100] "GET /_all_dbs HTTP/1.1" 404 1041 "-" "Mozilla/5.0 (l9scan/2.0.2313e2530313e2237313e2336313; +https://leakix.net)"
164.92.244.132 - - [09/Mar/2025:02:20:24 +0100] "GET /.DS_Store HTTP/1.1" 404 1041 "-" "Go-http-client/1.1"
164.92.244.132 - - [09/Mar/2025:02:20:24 +0100] "GET /.env HTTP/1.1" 404 1041 "-" "Go-http-client/1.1"
164.92.244.132 - - [09/Mar/2025:02:20:24 +0100] "GET /.git/config HTTP/1.1" 404 1041 "-" "Go-http-client/1.1"
164.92.244.132 - - [09/Mar/2025:02:20:24 +0100] "GET /s/2313e2530313e2237313e2336313/_/;/META-INF/maven/com.atlassian.jira/jira-webapp-dist/pom.properties HTTP/1.1" 404 1041 "-" "Go-http-client/1.1"
164.92.244.132 - - [09/Mar/2025:02:20:24 +0100] "GET /config.json HTTP/1.1" 404 1041 "-" "Go-http-client/1.1"
164.92.244.132 - - [09/Mar/2025:02:20:24 +0100] "GET /telescope/requests HTTP/1.1" 404 1041 "-" "Go-http-client/1.1"
164.92.244.132 - - [09/Mar/2025:02:20:25 +0100] "GET /info.php HTTP/1.1" 404 779 "-" "Go-http-client/1.1"
163.172.105.12 - - [09/Mar/2025:02:20:25 +0100] "POST /wp-cron.php HTTP/1.1" 200 4083 "-" "WordPress/6.6.2; https://startupclm.ncdesarrollos.com"
164.92.244.132 - - [09/Mar/2025:02:20:25 +0100] "GET /?rest_route=/wp/v2/users/ HTTP/1.1" 200 2598 "-" "Go-http-client/1.1"
163.172.105.12 - - [09/Mar/2025:02:20:25 +0100] "GET / HTTP/1.1" 200 16697 "-" "WordPress/6.6.2; https://startupclm.ncdesarrollos.com"
163.172.105.12 - - [09/Mar/2025:02:20:26 +0100] "GET / HTTP/1.1" 200 16697 "-" "WordPress/6.6.2; https://startupclm.ncdesarrollos.com"
163.172.105.12 - - [09/Mar/2025:02:20:26 +0100] "GET / HTTP/1.1" 200 16697 "-" "WordPress/6.6.2; https://startupclm.ncdesarrollos.com"
163.172.105.12 - - [09/Mar/2025:02:20:26 +0100] "GET / HTTP/1.1" 200 16697 "-" "WordPress/6.6.2; https://startupclm.ncdesarrollos.com"
163.172.105.12 - - [09/Mar/2025:02:20:28 +0100] "POST /wp-admin/admin-ajax.php?action=wp_1_wc_privacy_cleanup&nonce=af40c86f06 HTTP/1.1" 200 4218 "-" "WordPress/6.6.2; https://startupclm.ncdesarrollos.com"
15.188.10.116 - - [09/Mar/2025:12:40:56 +0100] "GET / HTTP/1.1" 301 613 "www.google.com" "Mozilla/5.0 (Linux; Android 7.0; SM-G892A Build/NRD90M; wv) AppleWebKit/537.36 (KHTML, like Gecko) Version/4.0 Chrome/60.0.3112.107 Mobile Safari/537.36"
163.172.105.12 - - [09/Mar/2025:12:41:04 +0100] "POST /wp-cron.php?doing_wp_cron=1741520464.3383660316467285156250 HTTP/1.1" 200 4083 "-" "WordPress/6.6.2; https://startupclm.ncdesarrollos.com"
15.188.10.116 - - [09/Mar/2025:12:41:01 +0100] "GET / HTTP/1.1" 200 16734 "www.google.com" "Mozilla/5.0 (Linux; Android 7.0; SM-G892A Build/NRD90M; wv) AppleWebKit/537.36 (KHTML, like Gecko) Version/4.0 Chrome/60.0.3112.107 Mobile Safari/537.36"
15.188.10.116 - - [09/Mar/2025:12:41:10 +0100] "GET /wp HTTP/1.1" 301 617 "www.google.com" "Mozilla/5.0 (Linux; Android 7.0; SM-G892A Build/NRD90M; wv) AppleWebKit/537.36 (KHTML, like Gecko) Version/4.0 Chrome/60.0.3112.107 Mobile Safari/537.36"
15.188.10.116 - - [09/Mar/2025:12:41:16 +0100] "GET /wp HTTP/1.1" 404 4332 "www.google.com" "Mozilla/5.0 (Linux; Android 7.0; SM-G892A Build/NRD90M; wv) AppleWebKit/537.36 (KHTML, like Gecko) Version/4.0 Chrome/60.0.3112.107 Mobile Safari/537.36"
15.188.10.116 - - [09/Mar/2025:12:41:23 +0100] "GET /wordpress HTTP/1.1" 301 631 "www.google.com" "Mozilla/5.0 (Linux; Android 7.0; SM-G892A Build/NRD90M; wv) AppleWebKit/537.36 (KHTML, like Gecko) Version/4.0 Chrome/60.0.3112.107 Mobile Safari/537.36"
15.188.10.116 - - [09/Mar/2025:12:41:29 +0100] "GET /wordpress HTTP/1.1" 404 4332 "www.google.com" "Mozilla/5.0 (Linux; Android 7.0; SM-G892A Build/NRD90M; wv) AppleWebKit/537.36 (KHTML, like Gecko) Version/4.0 Chrome/60.0.3112.107 Mobile Safari/537.36"
15.188.10.116 - - [09/Mar/2025:12:41:34 +0100] "GET /startupclm HTTP/1.1" 301 633 "www.google.com" "Mozilla/5.0 (Linux; Android 7.0; SM-G892A Build/NRD90M; wv) AppleWebKit/537.36 (KHTML, like Gecko) Version/4.0 Chrome/60.0.3112.107 Mobile Safari/537.36"
15.188.10.116 - - [09/Mar/2025:12:41:41 +0100] "GET /startupclm HTTP/1.1" 404 4332 "www.google.com" "Mozilla/5.0 (Linux; Android 7.0; SM-G892A Build/NRD90M; wv) AppleWebKit/537.36 (KHTML, like Gecko) Version/4.0 Chrome/60.0.3112.107 Mobile Safari/537.36"
15.188.10.116 - - [09/Mar/2025:12:41:48 +0100] "GET /wordpress HTTP/1.1" 301 631 "www.google.com" "Mozilla/5.0 (Linux; Android 7.0; SM-G892A Build/NRD90M; wv) AppleWebKit/537.36 (KHTML, like Gecko) Version/4.0 Chrome/60.0.3112.107 Mobile Safari/537.36"
15.188.10.116 - - [09/Mar/2025:12:42:00 +0100] "GET /wordpress HTTP/1.1" 404 4332 "www.google.com" "Mozilla/5.0 (Linux; Android 7.0; SM-G892A Build/NRD90M; wv) AppleWebKit/537.36 (KHTML, like Gecko) Version/4.0 Chrome/60.0.3112.107 Mobile Safari/537.36"
15.188.10.116 - - [09/Mar/2025:12:42:14 +0100] "GET /old HTTP/1.1" 301 619 "www.google.com" "Mozilla/5.0 (Linux; Android 7.0; SM-G892A Build/NRD90M; wv) AppleWebKit/537.36 (KHTML, like Gecko) Version/4.0 Chrome/60.0.3112.107 Mobile Safari/537.36"
15.188.10.116 - - [09/Mar/2025:12:42:14 +0100] "GET /old HTTP/1.1" 404 4332 "www.google.com" "Mozilla/5.0 (Linux; Android 7.0; SM-G892A Build/NRD90M; wv) AppleWebKit/537.36 (KHTML, like Gecko) Version/4.0 Chrome/60.0.3112.107 Mobile Safari/537.36"
15.188.10.116 - - [09/Mar/2025:12:42:19 +0100] "GET /backup HTTP/1.1" 301 625 "www.google.com" "Mozilla/5.0 (Linux; Android 7.0; SM-G892A Build/NRD90M; wv) AppleWebKit/537.36 (KHTML, like Gecko) Version/4.0 Chrome/60.0.3112.107 Mobile Safari/537.36"
15.188.10.116 - - [09/Mar/2025:12:42:19 +0100] "GET /backup HTTP/1.1" 404 4332 "www.google.com" "Mozilla/5.0 (Linux; Android 7.0; SM-G892A Build/NRD90M; wv) AppleWebKit/537.36 (KHTML, like Gecko) Version/4.0 Chrome/60.0.3112.107 Mobile Safari/537.36"
15.188.10.116 - - [09/Mar/2025:12:42:21 +0100] "GET /new HTTP/1.1" 301 619 "www.google.com" "Mozilla/5.0 (Linux; Android 7.0; SM-G892A Build/NRD90M; wv) AppleWebKit/537.36 (KHTML, like Gecko) Version/4.0 Chrome/60.0.3112.107 Mobile Safari/537.36"
15.188.10.116 - - [09/Mar/2025:12:42:21 +0100] "GET /new HTTP/1.1" 404 4332 "www.google.com" "Mozilla/5.0 (Linux; Android 7.0; SM-G892A Build/NRD90M; wv) AppleWebKit/537.36 (KHTML, like Gecko) Version/4.0 Chrome/60.0.3112.107 Mobile Safari/537.36"
15.188.10.116 - - [09/Mar/2025:12:42:26 +0100] "GET /test HTTP/1.1" 301 621 "www.google.com" "Mozilla/5.0 (Linux; Android 7.0; SM-G892A Build/NRD90M; wv) AppleWebKit/537.36 (KHTML, like Gecko) Version/4.0 Chrome/60.0.3112.107 Mobile Safari/537.36"
15.188.10.116 - - [09/Mar/2025:12:42:26 +0100] "GET /test HTTP/1.1" 404 4332 "www.google.com" "Mozilla/5.0 (Linux; Android 7.0; SM-G892A Build/NRD90M; wv) AppleWebKit/537.36 (KHTML, like Gecko) Version/4.0 Chrome/60.0.3112.107 Mobile Safari/537.36"
15.188.10.116 - - [09/Mar/2025:12:42:56 +0100] "GET /wp HTTP/1.1" 301 617 "www.google.com" "Mozilla/5.0 (Linux; Android 7.0; SM-G892A Build/NRD90M; wv) AppleWebKit/537.36 (KHTML, like Gecko) Version/4.0 Chrome/60.0.3112.107 Mobile Safari/537.36"
15.188.10.116 - - [09/Mar/2025:12:42:57 +0100] "GET /wp HTTP/1.1" 404 4332 "www.google.com" "Mozilla/5.0 (Linux; Android 7.0; SM-G892A Build/NRD90M; wv) AppleWebKit/537.36 (KHTML, like Gecko) Version/4.0 Chrome/60.0.3112.107 Mobile Safari/537.36"
15.188.10.116 - - [09/Mar/2025:12:43:01 +0100] "GET /temp HTTP/1.1" 301 621 "www.google.com" "Mozilla/5.0 (Linux; Android 7.0; SM-G892A Build/NRD90M; wv) AppleWebKit/537.36 (KHTML, like Gecko) Version/4.0 Chrome/60.0.3112.107 Mobile Safari/537.36"
15.188.10.116 - - [09/Mar/2025:12:43:03 +0100] "GET /temp HTTP/1.1" 404 4332 "www.google.com" "Mozilla/5.0 (Linux; Android 7.0; SM-G892A Build/NRD90M; wv) AppleWebKit/537.36 (KHTML, like Gecko) Version/4.0 Chrome/60.0.3112.107 Mobile Safari/537.36"
15.188.10.116 - - [09/Mar/2025:12:43:09 +0100] "GET /blog HTTP/1.1" 301 621 "www.google.com" "Mozilla/5.0 (Linux; Android 7.0; SM-G892A Build/NRD90M; wv) AppleWebKit/537.36 (KHTML, like Gecko) Version/4.0 Chrome/60.0.3112.107 Mobile Safari/537.36"
15.188.10.116 - - [09/Mar/2025:12:43:16 +0100] "GET /blog HTTP/1.1" 404 4332 "www.google.com" "Mozilla/5.0 (Linux; Android 7.0; SM-G892A Build/NRD90M; wv) AppleWebKit/537.36 (KHTML, like Gecko) Version/4.0 Chrome/60.0.3112.107 Mobile Safari/537.36"
198.235.24.134 - - [10/Mar/2025:05:05:53 +0100] "GET / HTTP/1.1" 200 58249 "-" "-"
163.172.105.12 - - [10/Mar/2025:21:10:57 +0100] "POST /wp-cron.php?doing_wp_cron=1741637457.4650840759277343750000 HTTP/1.1" 200 4083 "-" "WordPress/6.6.2; https://startupclm.ncdesarrollos.com"
198.235.24.48 - - [10/Mar/2025:21:10:56 +0100] "GET / HTTP/1.1" 200 63852 "-" "Expanse, a Palo Alto Networks company, searches across the global IPv4 space multiple times per day to identify customers' presences on the Internet. If you would like to be excluded from our scans, please send IP addresses/domains to: scaninfo@paloaltonetworks.com"
163.172.105.12 - - [10/Mar/2025:21:10:59 +0100] "POST /wp-admin/admin-ajax.php?action=wp_1_wc_privacy_cleanup&nonce=4ff1516a43 HTTP/1.1" 200 4218 "-" "WordPress/6.6.2; https://startupclm.ncdesarrollos.com"
163.172.105.12 - - [11/Mar/2025:00:05:25 +0100] "POST /wp-cron.php?doing_wp_cron=1741647925.0510449409484863281250 HTTP/1.1" 200 4083 "-" "WordPress/6.6.2; https://startupclm.ncdesarrollos.com"
198.235.24.171 - - [11/Mar/2025:00:05:24 +0100] "GET /wp-login.php HTTP/1.1" 200 11819 "-" "Expanse, a Palo Alto Networks company, searches across the global IPv4 space multiple times per day to identify customers' presences on the Internet. If you would like to be excluded from our scans, please send IP addresses/domains to: scaninfo@paloaltonetworks.com"
163.172.105.12 - - [11/Mar/2025:03:13:22 +0100] "POST /wp-cron.php?doing_wp_cron=1741659201.8568971157073974609375 HTTP/1.1" 200 4083 "-" "WordPress/6.6.2; https://startupclm.ncdesarrollos.com"
163.172.105.12 - - [11/Mar/2025:03:13:23 +0100] "POST /wp-cron.php?doing_wp_cron=1741659201.8569850921630859375000 HTTP/1.1" 200 4083 "-" "WordPress/6.6.2; https://startupclm.ncdesarrollos.com"
209.38.208.202 - - [11/Mar/2025:03:12:53 +0100] "GET / HTTP/1.1" 200 3755 "-" "Mozilla/5.0 (Linux; Android 6.0; HTC One M9 Build/MRA988726) AppleWebKit/537.36 (KHTML, like Gecko) Chrome/52.0.2745.98 Mobile Safari/537.3"
209.38.208.202 - - [11/Mar/2025:03:12:52 +0100] "GET / HTTP/1.1" 200 3755 "-" "-"
163.172.105.12 - - [11/Mar/2025:07:18:26 +0100] "POST /wp-cron.php?doing_wp_cron=1741673905.8504359722137451171875 HTTP/1.1" 200 4083 "-" "WordPress/6.6.2; https://startupclm.ncdesarrollos.com"
162.142.125.199 - - [11/Mar/2025:07:18:14 +0100] "GET / HTTP/1.1" 200 16631 "-" "Mozilla/5.0 (compatible; CensysInspect/1.1; +https://about.censys.io/)"
163.172.105.12 - - [11/Mar/2025:09:19:14 +0100] "POST /wp-cron.php?doing_wp_cron=1741681154.5380721092224121093750 HTTP/1.1" 200 4083 "-" "WordPress/6.6.2; https://startupclm.ncdesarrollos.com"
34.141.130.179 - - [11/Mar/2025:09:19:14 +0100] "GET / HTTP/1.1" 200 16631 "-" "Scrapy/2.11.2 (+https://scrapy.org)"
167.94.146.61 - - [11/Mar/2025:10:06:52 +0100] "GET / HTTP/1.1" 301 557 "-" "Mozilla/5.0 (compatible; CensysInspect/1.1; +https://about.censys.io/)"
167.94.146.61 - - [11/Mar/2025:10:06:55 +0100] "GET /favicon.ico HTTP/1.1" 301 598 "-" "Mozilla/5.0 (compatible; CensysInspect/1.1; +https://about.censys.io/)"
167.94.146.61 - - [11/Mar/2025:10:06:57 +0100] "GET /favicon.ico HTTP/1.1" 404 4248 "http://startupclm.ncdesarrollos.com/favicon.ico" "Mozilla/5.0 (compatible; CensysInspect/1.1; +https://about.censys.io/)"
137.184.218.93 - - [11/Mar/2025:16:36:58 +0100] "GET / HTTP/1.1" 301 557 "-" "Mozilla/5.0 (compatible)"
137.184.218.93 - - [11/Mar/2025:16:36:59 +0100] "GET /ads.txt HTTP/1.1" 301 571 "-" "Mozilla/5.0 (compatible)"
163.172.105.12 - - [11/Mar/2025:16:36:59 +0100] "POST /wp-cron.php?doing_wp_cron=1741707419.8786270618438720703125 HTTP/1.1" 200 4083 "-" "WordPress/6.6.2; https://startupclm.ncdesarrollos.com"
