163.172.105.12 - - [05/Nov/2024:07:51:18 +0100] "POST /wp-cron.php?doing_wp_cron=1730789477.9979920387268066406250 HTTP/1.1" 200 4078 "-" "WordPress/6.6.2; https://startupclm.ncdesarrollos.com"
69.163.182.194 - - [05/Nov/2024:07:51:17 +0100] "POST /wp-login.php HTTP/1.1" 200 6925 "-" "Mozilla/5.0 (Windows NT 6.1) AppleWebKit/537.36 (KHTML, like Gecko) Chrome/61.0.3163.100 Safari/537.36"
163.172.105.12 - - [05/Nov/2024:08:08:04 +0100] "POST /wp-cron.php?doing_wp_cron=1730790484.2986199855804443359375 HTTP/1.1" 200 4078 "-" "WordPress/6.6.2; https://startupclm.ncdesarrollos.com"
185.63.174.33 - - [05/Nov/2024:08:08:03 +0100] "POST /wp-login.php HTTP/1.1" 200 6925 "-" "Mozilla/5.0 (Windows NT 10.0; Win64; x64) AppleWebKit/537.36 (KHTML, like Gecko) Chrome/64.0.3282.140 Safari/537.36"
163.172.105.12 - - [05/Nov/2024:08:24:49 +0100] "POST /wp-cron.php?doing_wp_cron=1730791489.8878850936889648437500 HTTP/1.1" 200 4078 "-" "WordPress/6.6.2; https://startupclm.ncdesarrollos.com"
94.23.61.165 - - [05/Nov/2024:08:24:49 +0100] "POST /wp-login.php HTTP/1.1" 200 6925 "-" "Mozilla/5.0 (Windows NT 5.1) AppleWebKit/537.36 (KHTML, like Gecko) Chrome/47.0.2526.106 Safari/537.36"
163.172.105.12 - - [05/Nov/2024:08:41:33 +0100] "POST /wp-cron.php?doing_wp_cron=1730792493.7716689109802246093750 HTTP/1.1" 200 4078 "-" "WordPress/6.6.2; https://startupclm.ncdesarrollos.com"
31.184.209.12 - - [05/Nov/2024:08:41:33 +0100] "POST /wp-login.php HTTP/1.1" 200 6955 "-" "Mozilla/5.0 (Windows NT 10.0; Win64; x64) AppleWebKit/537.36 (KHTML, like Gecko) Chrome/72.0.3626.109 Safari/537.36"
163.172.105.12 - - [05/Nov/2024:08:58:07 +0100] "POST /wp-cron.php?doing_wp_cron=1730793487.5355019569396972656250 HTTP/1.1" 200 4078 "-" "WordPress/6.6.2; https://startupclm.ncdesarrollos.com"
206.72.195.91 - - [05/Nov/2024:08:58:06 +0100] "POST /wp-login.php HTTP/1.1" 200 6955 "-" "Mozilla/5.0 (Windows NT 6.1; Win64; x64) AppleWebKit/537.36 (KHTML, like Gecko) Chrome/80.0.3987.106 Safari/537.36"
163.172.105.12 - - [05/Nov/2024:09:14:44 +0100] "POST /wp-cron.php?doing_wp_cron=1730794484.4198489189147949218750 HTTP/1.1" 200 4078 "-" "WordPress/6.6.2; https://startupclm.ncdesarrollos.com"
188.165.239.173 - - [05/Nov/2024:09:14:43 +0100] "POST /wp-login.php HTTP/1.1" 200 6955 "-" "Mozilla/5.0 (Windows NT 6.1; WOW64) AppleWebKit/537.36 (KHTML, like Gecko) Chrome/48.0.2564.109 Safari/537.36"
163.172.105.12 - - [05/Nov/2024:09:31:23 +0100] "POST /wp-cron.php?doing_wp_cron=1730795483.8069760799407958984375 HTTP/1.1" 200 4078 "-" "WordPress/6.6.2; https://startupclm.ncdesarrollos.com"
94.23.68.219 - - [05/Nov/2024:09:31:23 +0100] "POST /wp-login.php HTTP/1.1" 200 6955 "-" "Mozilla/5.0 (Windows NT 6.1; WOW64) AppleWebKit/537.36 (KHTML, like Gecko) Chrome/52.0.2743.116 Safari/537.36"
163.172.105.12 - - [05/Nov/2024:09:48:18 +0100] "POST /wp-cron.php?doing_wp_cron=1730796498.3435850143432617187500 HTTP/1.1" 200 4078 "-" "WordPress/6.6.2; https://startupclm.ncdesarrollos.com"
124.217.226.207 - - [05/Nov/2024:09:48:17 +0100] "POST /wp-login.php HTTP/1.1" 200 6955 "-" "Mozilla/5.0 (Windows NT 10.0; WOW64) AppleWebKit/537.36 (KHTML, like Gecko) Chrome/79.0.3945.130 Safari/537.36"
163.172.105.12 - - [05/Nov/2024:10:05:15 +0100] "POST /wp-cron.php?doing_wp_cron=1730797515.0129690170288085937500 HTTP/1.1" 200 4078 "-" "WordPress/6.6.2; https://startupclm.ncdesarrollos.com"
20.253.155.235 - - [05/Nov/2024:10:05:14 +0100] "POST /wp-login.php HTTP/1.1" 200 6955 "-" "Mozilla/5.0 (Windows NT 6.1; WOW64) AppleWebKit/537.36 (KHTML, like Gecko) Chrome/63.0.3239.132 Safari/537.36"
163.172.105.12 - - [05/Nov/2024:10:21:07 +0100] "POST /wp-cron.php?doing_wp_cron=1730798467.0812239646911621093750 HTTP/1.1" 200 4078 "-" "WordPress/6.6.2; https://startupclm.ncdesarrollos.com"
179.124.41.135 - - [05/Nov/2024:10:21:06 +0100] "POST /wp-login.php HTTP/1.1" 200 6955 "-" "Mozilla/5.0 (Windows NT 6.3; Win64; x64) AppleWebKit/537.36 (KHTML, like Gecko) Chrome/79.0.3945.88 Safari/537.36"
163.172.105.12 - - [05/Nov/2024:10:37:04 +0100] "POST /wp-cron.php?doing_wp_cron=1730799424.0916099548339843750000 HTTP/1.1" 200 4078 "-" "WordPress/6.6.2; https://startupclm.ncdesarrollos.com"
164.92.174.157 - - [05/Nov/2024:10:37:03 +0100] "POST /wp-login.php HTTP/1.1" 200 6955 "-" "Mozilla/5.0 (Windows NT 10.0; Win64; x64) AppleWebKit/537.36 (KHTML, like Gecko) Chrome/78.0.3904.70 Safari/537.36"
163.172.105.12 - - [05/Nov/2024:10:53:05 +0100] "POST /wp-cron.php?doing_wp_cron=1730800385.9527940750122070312500 HTTP/1.1" 200 4078 "-" "WordPress/6.6.2; https://startupclm.ncdesarrollos.com"
185.170.107.87 - - [05/Nov/2024:10:53:05 +0100] "POST /wp-login.php HTTP/1.1" 200 6955 "-" "Mozilla/5.0 (Windows NT 10.0; WOW64) AppleWebKit/537.36 (KHTML, like Gecko) Chrome/46.0.2490.86 Safari/537.36"
163.172.105.12 - - [05/Nov/2024:10:53:07 +0100] "POST /wp-admin/admin-ajax.php?action=wp_1_wc_privacy_cleanup&nonce=3a34d0679b HTTP/1.1" 200 4213 "-" "WordPress/6.6.2; https://startupclm.ncdesarrollos.com"
163.172.105.12 - - [05/Nov/2024:11:09:02 +0100] "POST /wp-cron.php?doing_wp_cron=1730801342.4341220855712890625000 HTTP/1.1" 200 4078 "-" "WordPress/6.6.2; https://startupclm.ncdesarrollos.com"
157.245.6.207 - - [05/Nov/2024:11:09:01 +0100] "POST /wp-login.php HTTP/1.1" 200 6925 "-" "Mozilla/5.0 (Windows NT 5.1) AppleWebKit/537.36 (KHTML, like Gecko) Chrome/47.0.2526.106 Safari/537.36"
163.172.105.12 - - [05/Nov/2024:11:24:56 +0100] "POST /wp-cron.php?doing_wp_cron=1730802296.1776299476623535156250 HTTP/1.1" 200 4078 "-" "WordPress/6.6.2; https://startupclm.ncdesarrollos.com"
159.203.113.26 - - [05/Nov/2024:11:24:55 +0100] "POST /wp-login.php HTTP/1.1" 200 6925 "-" "Mozilla/5.0 (Windows NT 6.1) AppleWebKit/537.36 (KHTML, like Gecko) Chrome/65.0.3325.181 Safari/537.36"
163.172.105.12 - - [05/Nov/2024:11:56:45 +0100] "POST /wp-cron.php?doing_wp_cron=1730804205.1439270973205566406250 HTTP/1.1" 200 4078 "-" "WordPress/6.6.2; https://startupclm.ncdesarrollos.com"
45.119.84.18 - - [05/Nov/2024:11:56:44 +0100] "POST /wp-login.php HTTP/1.1" 200 6925 "-" "Mozilla/5.0 (Windows NT 6.1; Win64; x64) AppleWebKit/537.36 (KHTML, like Gecko) Chrome/80.0.3987.106 Safari/537.36"
163.172.105.12 - - [05/Nov/2024:12:12:39 +0100] "POST /wp-cron.php?doing_wp_cron=1730805159.2628400325775146484375 HTTP/1.1" 200 4078 "-" "WordPress/6.6.2; https://startupclm.ncdesarrollos.com"
47.244.50.243 - - [05/Nov/2024:12:12:38 +0100] "POST /wp-login.php HTTP/1.1" 200 6925 "-" "Mozilla/5.0 (Windows NT 10.0; WOW64) AppleWebKit/537.36 (KHTML, like Gecko) Chrome/47.0.2526.106 Safari/537.36"
163.172.105.12 - - [05/Nov/2024:12:28:15 +0100] "POST /wp-cron.php?doing_wp_cron=1730806095.4983949661254882812500 HTTP/1.1" 200 4078 "-" "WordPress/6.6.2; https://startupclm.ncdesarrollos.com"
47.107.131.133 - - [05/Nov/2024:12:28:14 +0100] "POST /wp-login.php HTTP/1.1" 200 6925 "-" "Mozilla/5.0 (Windows NT 10.0; WOW64) AppleWebKit/537.36 (KHTML, like Gecko) Chrome/79.0.3945.130 Safari/537.36"
163.172.105.12 - - [05/Nov/2024:12:43:42 +0100] "POST /wp-cron.php?doing_wp_cron=1730807022.8463299274444580078125 HTTP/1.1" 200 4078 "-" "WordPress/6.6.2; https://startupclm.ncdesarrollos.com"
203.124.33.211 - - [05/Nov/2024:12:43:42 +0100] "POST /wp-login.php HTTP/1.1" 200 6925 "-" "Mozilla/5.0 (Windows NT 10.0; Win64; x64) AppleWebKit/537.36 (KHTML, like Gecko) Chrome/54.0.2840.99 Safari/537.36"
163.172.105.12 - - [05/Nov/2024:12:58:57 +0100] "POST /wp-cron.php?doing_wp_cron=1730807937.7628281116485595703125 HTTP/1.1" 200 4078 "-" "WordPress/6.6.2; https://startupclm.ncdesarrollos.com"
162.144.135.175 - - [05/Nov/2024:12:58:57 +0100] "POST /wp-login.php HTTP/1.1" 200 6925 "-" "Mozilla/5.0 (Windows NT 6.1; WOW64) AppleWebKit/537.36 (KHTML, like Gecko) Chrome/51.0.2704.106 Safari/537.36"
163.172.105.12 - - [05/Nov/2024:13:14:05 +0100] "POST /wp-cron.php?doing_wp_cron=1730808845.2987589836120605468750 HTTP/1.1" 200 4078 "-" "WordPress/6.6.2; https://startupclm.ncdesarrollos.com"
108.160.138.223 - - [05/Nov/2024:13:14:04 +0100] "POST /wp-login.php HTTP/1.1" 200 6926 "-" "Mozilla/5.0 (Windows NT 6.3; Win64; x64) AppleWebKit/537.36 (KHTML, like Gecko) Chrome/79.0.3945.88 Safari/537.36"
163.172.105.12 - - [05/Nov/2024:13:29:04 +0100] "POST /wp-cron.php?doing_wp_cron=1730809744.1494309902191162109375 HTTP/1.1" 200 4078 "-" "WordPress/6.6.2; https://startupclm.ncdesarrollos.com"
122.114.61.125 - - [05/Nov/2024:13:29:03 +0100] "POST /wp-login.php HTTP/1.1" 200 6926 "-" "Mozilla/5.0 (Windows NT 10.0; Win64; x64) AppleWebKit/537.36 (KHTML, like Gecko) Chrome/70.0.3538.67 Safari/537.36"
163.172.105.12 - - [05/Nov/2024:13:34:46 +0100] "POST /wp-cron.php?doing_wp_cron=1730810086.1035079956054687500000 HTTP/1.1" 200 4078 "-" "WordPress/6.6.2; https://startupclm.ncdesarrollos.com"
179.124.41.135 - - [05/Nov/2024:13:34:45 +0100] "POST /wp-login.php HTTP/1.1" 200 6958 "-" "Mozilla/5.0 (Windows NT 6.0) AppleWebKit/537.36 (KHTML, like Gecko) Chrome/49.0.2623.112 Safari/537.36"
163.172.105.12 - - [05/Nov/2024:13:49:39 +0100] "POST /wp-cron.php?doing_wp_cron=1730810979.5367360115051269531250 HTTP/1.1" 200 4078 "-" "WordPress/6.6.2; https://startupclm.ncdesarrollos.com"
193.164.17.45 - - [05/Nov/2024:13:49:38 +0100] "POST /wp-login.php HTTP/1.1" 200 6959 "-" "Mozilla/5.0 (Windows NT 6.1; Win64; x64) AppleWebKit/537.36 (KHTML, like Gecko) Chrome/78.0.3904.97 Safari/537.36"
163.172.105.12 - - [05/Nov/2024:15:44:22 +0100] "POST /wp-cron.php?doing_wp_cron=1730817862.5349659919738769531250 HTTP/1.1" 200 4078 "-" "WordPress/6.6.2; https://startupclm.ncdesarrollos.com"
164.92.80.194 - - [05/Nov/2024:15:44:21 +0100] "POST /wp-login.php HTTP/1.1" 200 6958 "-" "Mozilla/5.0 (Windows NT 6.1; Win64; x64) AppleWebKit/537.36 (KHTML, like Gecko) Chrome/67.0.3396.87 Safari/537.36"
163.172.105.12 - - [05/Nov/2024:15:59:16 +0100] "POST /wp-cron.php?doing_wp_cron=1730818756.0789420604705810546875 HTTP/1.1" 200 4078 "-" "WordPress/6.6.2; https://startupclm.ncdesarrollos.com"
108.160.138.223 - - [05/Nov/2024:15:59:15 +0100] "POST /wp-login.php HTTP/1.1" 200 6959 "-" "Mozilla/5.0 (Windows NT 6.1; WOW64) AppleWebKit/537.36 (KHTML, like Gecko) Chrome/48.0.2564.116 Safari/537.36"
163.172.105.12 - - [05/Nov/2024:16:14:11 +0100] "POST /wp-cron.php?doing_wp_cron=1730819651.0318698883056640625000 HTTP/1.1" 200 4078 "-" "WordPress/6.6.2; https://startupclm.ncdesarrollos.com"
133.130.103.36 - - [05/Nov/2024:16:14:10 +0100] "POST /wp-login.php HTTP/1.1" 200 6926 "-" "Mozilla/5.0 (Windows NT 10.0; Win64; x64) AppleWebKit/537.36 (KHTML, like Gecko) Chrome/64.0.3282.167 Safari/537.36"
163.172.105.12 - - [05/Nov/2024:16:29:06 +0100] "POST /wp-cron.php?doing_wp_cron=1730820546.7701079845428466796875 HTTP/1.1" 200 4078 "-" "WordPress/6.6.2; https://startupclm.ncdesarrollos.com"
157.245.131.229 - - [05/Nov/2024:16:29:06 +0100] "POST /wp-login.php HTTP/1.1" 200 6926 "-" "Mozilla/5.0 (Windows NT 6.1) AppleWebKit/537.36 (KHTML, like Gecko) Chrome/65.0.3325.181 Safari/537.36"
163.172.105.12 - - [05/Nov/2024:16:43:51 +0100] "POST /wp-cron.php?doing_wp_cron=1730821431.0223109722137451171875 HTTP/1.1" 200 4078 "-" "WordPress/6.6.2; https://startupclm.ncdesarrollos.com"
139.59.27.59 - - [05/Nov/2024:16:43:50 +0100] "POST /wp-login.php HTTP/1.1" 200 6926 "-" "Mozilla/5.0 (Windows NT 6.1; WOW64) AppleWebKit/537.36 (KHTML, like Gecko) Chrome/32.0.1700.107 Safari/537.36"
163.172.105.12 - - [05/Nov/2024:16:58:35 +0100] "POST /wp-cron.php?doing_wp_cron=1730822315.9042599201202392578125 HTTP/1.1" 200 4078 "-" "WordPress/6.6.2; https://startupclm.ncdesarrollos.com"
34.28.27.22 - - [05/Nov/2024:16:58:35 +0100] "POST /wp-login.php HTTP/1.1" 200 6926 "-" "Mozilla/5.0 (Windows NT 6.1) AppleWebKit/537.36 (KHTML, like Gecko) Chrome/59.0.3071.115 Safari/537.36"
163.172.105.12 - - [05/Nov/2024:17:13:08 +0100] "POST /wp-cron.php?doing_wp_cron=1730823188.5386500358581542968750 HTTP/1.1" 200 4078 "-" "WordPress/6.6.2; https://startupclm.ncdesarrollos.com"
94.23.61.165 - - [05/Nov/2024:17:13:07 +0100] "POST /wp-login.php HTTP/1.1" 200 6926 "-" "Mozilla/5.0 (Windows NT 10.0; WOW64) AppleWebKit/537.36 (KHTML, like Gecko) Chrome/57.0.2987.133 Safari/537.36"
163.172.105.12 - - [05/Nov/2024:17:27:38 +0100] "POST /wp-cron.php?doing_wp_cron=1730824058.0585548877716064453125 HTTP/1.1" 200 4078 "-" "WordPress/6.6.2; https://startupclm.ncdesarrollos.com"
47.107.131.133 - - [05/Nov/2024:17:27:37 +0100] "POST /wp-login.php HTTP/1.1" 200 6926 "-" "Mozilla/5.0 (Windows NT 10.0; Win64; x64) AppleWebKit/537.36 (KHTML, like Gecko) Chrome/62.0.3202.89 Safari/537.36"
163.172.105.12 - - [05/Nov/2024:17:42:08 +0100] "POST /wp-cron.php?doing_wp_cron=1730824928.0146610736846923828125 HTTP/1.1" 200 4078 "-" "WordPress/6.6.2; https://startupclm.ncdesarrollos.com"
103.159.239.202 - - [05/Nov/2024:17:42:07 +0100] "POST /wp-login.php HTTP/1.1" 200 6926 "-" "Mozilla/5.0 (Windows NT 10.0; WOW64) AppleWebKit/537.36 (KHTML, like Gecko) Chrome/56.0.2924.87 Safari/537.36"
163.172.105.12 - - [05/Nov/2024:17:56:27 +0100] "POST /wp-cron.php?doing_wp_cron=1730825787.0059120655059814453125 HTTP/1.1" 200 4078 "-" "WordPress/6.6.2; https://startupclm.ncdesarrollos.com"
37.187.76.186 - - [05/Nov/2024:17:56:26 +0100] "POST /wp-login.php HTTP/1.1" 200 6926 "-" "Mozilla/5.0 (Windows NT 10.0; WOW64) AppleWebKit/537.36 (KHTML, like Gecko) Chrome/46.0.2490.86 Safari/537.36"
163.172.105.12 - - [05/Nov/2024:18:10:47 +0100] "POST /wp-cron.php?doing_wp_cron=1730826647.5448970794677734375000 HTTP/1.1" 200 4078 "-" "WordPress/6.6.2; https://startupclm.ncdesarrollos.com"
124.217.226.207 - - [05/Nov/2024:18:10:46 +0100] "POST /wp-login.php HTTP/1.1" 200 6926 "-" "Mozilla/5.0 (Windows NT 10.0; WOW64) AppleWebKit/537.36 (KHTML, like Gecko) Chrome/55.0.2883.87 Safari/537.36"
163.172.105.12 - - [05/Nov/2024:18:24:53 +0100] "POST /wp-cron.php?doing_wp_cron=1730827493.1789269447326660156250 HTTP/1.1" 200 4078 "-" "WordPress/6.6.2; https://startupclm.ncdesarrollos.com"
148.72.214.194 - - [05/Nov/2024:18:24:52 +0100] "POST /wp-login.php HTTP/1.1" 200 6926 "-" "Mozilla/5.0 (Windows NT 6.3; Win64; x64) AppleWebKit/537.36 (KHTML, like Gecko) Chrome/62.0.3202.94 Safari/537.36"
163.172.105.12 - - [05/Nov/2024:18:39:02 +0100] "POST /wp-cron.php?doing_wp_cron=1730828342.5948150157928466796875 HTTP/1.1" 200 4078 "-" "WordPress/6.6.2; https://startupclm.ncdesarrollos.com"
192.3.231.174 - - [05/Nov/2024:18:39:01 +0100] "POST /wp-login.php HTTP/1.1" 200 6926 "-" "Mozilla/5.0 (Windows NT 6.1; Win64; x64) AppleWebKit/537.36 (KHTML, like Gecko) Chrome/67.0.3396.87 Safari/537.36"
163.172.105.12 - - [05/Nov/2024:18:53:05 +0100] "POST /wp-cron.php?doing_wp_cron=1730829185.0169670581817626953125 HTTP/1.1" 200 4078 "-" "WordPress/6.6.2; https://startupclm.ncdesarrollos.com"
148.72.214.194 - - [05/Nov/2024:18:53:04 +0100] "POST /wp-login.php HTTP/1.1" 200 6926 "-" "Mozilla/5.0 (Windows NT 10.0; Win64; x64) AppleWebKit/537.36 (KHTML, like Gecko) Chrome/60.0.3112.101 Safari/537.36"
163.172.105.12 - - [05/Nov/2024:19:07:03 +0100] "POST /wp-cron.php?doing_wp_cron=1730830023.8363330364227294921875 HTTP/1.1" 200 4078 "-" "WordPress/6.6.2; https://startupclm.ncdesarrollos.com"
161.35.90.249 - - [05/Nov/2024:19:07:03 +0100] "POST /wp-login.php HTTP/1.1" 200 6926 "-" "Mozilla/5.0 (Windows NT 6.1) AppleWebKit/537.36 (KHTML, like Gecko) Chrome/63.0.3239.84 Safari/537.36"
163.172.105.12 - - [05/Nov/2024:19:21:04 +0100] "POST /wp-cron.php?doing_wp_cron=1730830864.0554950237274169921875 HTTP/1.1" 200 4078 "-" "WordPress/6.6.2; https://startupclm.ncdesarrollos.com"
188.166.188.97 - - [05/Nov/2024:19:21:03 +0100] "POST /wp-login.php HTTP/1.1" 200 6926 "-" "Mozilla/5.0 (Windows NT 6.3; WOW64) AppleWebKit/537.36 (KHTML, like Gecko) Chrome/46.0.2490.80 Safari/537.36"
163.172.105.12 - - [05/Nov/2024:19:35:02 +0100] "POST /wp-cron.php?doing_wp_cron=1730831702.1232509613037109375000 HTTP/1.1" 200 4078 "-" "WordPress/6.6.2; https://startupclm.ncdesarrollos.com"
68.178.164.152 - - [05/Nov/2024:19:35:01 +0100] "POST /wp-login.php HTTP/1.1" 200 6926 "-" "Mozilla/5.0 (Windows NT 6.1) AppleWebKit/537.36 (KHTML, like Gecko) Chrome/80.0.3987.149 Safari/537.36"
163.172.105.12 - - [05/Nov/2024:19:48:54 +0100] "POST /wp-cron.php?doing_wp_cron=1730832534.6003479957580566406250 HTTP/1.1" 200 4078 "-" "WordPress/6.6.2; https://startupclm.ncdesarrollos.com"
138.68.24.86 - - [05/Nov/2024:19:48:53 +0100] "POST /wp-login.php HTTP/1.1" 200 6926 "-" "Mozilla/5.0 (Windows NT 10.0; Win64; x64) AppleWebKit/537.36 (KHTML, like Gecko) Chrome/64.0.3282.167 Safari/537.36"
163.172.105.12 - - [05/Nov/2024:20:02:46 +0100] "POST /wp-cron.php?doing_wp_cron=1730833366.9613239765167236328125 HTTP/1.1" 200 4078 "-" "WordPress/6.6.2; https://startupclm.ncdesarrollos.com"
51.38.52.128 - - [05/Nov/2024:20:02:46 +0100] "POST /wp-login.php HTTP/1.1" 200 6926 "-" "Mozilla/5.0 (Windows NT 10.0; WOW64) AppleWebKit/537.36 (KHTML, like Gecko) Chrome/46.0.2490.80 Safari/537.36"
163.172.105.12 - - [05/Nov/2024:20:16:39 +0100] "POST /wp-cron.php?doing_wp_cron=1730834199.7166659832000732421875 HTTP/1.1" 200 4078 "-" "WordPress/6.6.2; https://startupclm.ncdesarrollos.com"
123.31.12.219 - - [05/Nov/2024:20:16:39 +0100] "POST /wp-login.php HTTP/1.1" 200 6926 "-" "Mozilla/5.0 (Windows NT 10.0; Win64; x64) AppleWebKit/537.36 (KHTML, like Gecko) Chrome/70.0.3538.67 Safari/537.36"
163.172.105.12 - - [05/Nov/2024:20:30:39 +0100] "POST /wp-cron.php?doing_wp_cron=1730835039.1789948940277099609375 HTTP/1.1" 200 4078 "-" "WordPress/6.6.2; https://startupclm.ncdesarrollos.com"
68.183.85.160 - - [05/Nov/2024:20:30:38 +0100] "POST /wp-login.php HTTP/1.1" 200 6926 "-" "Mozilla/5.0 (Windows NT 10.0; Win64; x64) AppleWebKit/537.36 (KHTML, like Gecko) Chrome/73.0.3683.86 Safari/537.36"
163.172.105.12 - - [05/Nov/2024:20:44:31 +0100] "POST /wp-cron.php?doing_wp_cron=1730835871.2468099594116210937500 HTTP/1.1" 200 4078 "-" "WordPress/6.6.2; https://startupclm.ncdesarrollos.com"
135.125.183.119 - - [05/Nov/2024:20:44:30 +0100] "POST /wp-login.php HTTP/1.1" 200 6926 "-" "Mozilla/5.0 (Windows NT 6.1; Win64; x64) AppleWebKit/537.36 (KHTML, like Gecko) Chrome/78.0.3904.97 Safari/537.36"
163.172.105.12 - - [05/Nov/2024:20:58:22 +0100] "POST /wp-cron.php?doing_wp_cron=1730836702.9528839588165283203125 HTTP/1.1" 200 4078 "-" "WordPress/6.6.2; https://startupclm.ncdesarrollos.com"
139.99.193.45 - - [05/Nov/2024:20:58:22 +0100] "POST /wp-login.php HTTP/1.1" 200 6926 "-" "Mozilla/5.0 (Windows NT 10.0; Win64; x64) AppleWebKit/537.36 (KHTML, like Gecko) Chrome/73.0.3683.75 Safari/537.36"
163.172.105.12 - - [05/Nov/2024:21:12:11 +0100] "POST /wp-cron.php?doing_wp_cron=1730837531.1643230915069580078125 HTTP/1.1" 200 4078 "-" "WordPress/6.6.2; https://startupclm.ncdesarrollos.com"
134.209.249.86 - - [05/Nov/2024:21:12:10 +0100] "POST /wp-login.php HTTP/1.1" 200 6926 "-" "Mozilla/5.0 (Windows NT 6.3; Win64; x64) AppleWebKit/537.36 (KHTML, like Gecko) Chrome/79.0.3945.130 Safari/537.36"
163.172.105.12 - - [05/Nov/2024:21:25:59 +0100] "POST /wp-cron.php?doing_wp_cron=1730838359.1606369018554687500000 HTTP/1.1" 200 4078 "-" "WordPress/6.6.2; https://startupclm.ncdesarrollos.com"
103.154.184.15 - - [05/Nov/2024:21:25:58 +0100] "POST /wp-login.php HTTP/1.1" 200 6926 "-" "Mozilla/5.0 (Windows NT 6.1; WOW64) AppleWebKit/537.36 (KHTML, like Gecko) Chrome/63.0.3239.132 Safari/537.36"
163.172.105.12 - - [05/Nov/2024:21:39:52 +0100] "POST /wp-cron.php?doing_wp_cron=1730839192.3383998870849609375000 HTTP/1.1" 200 4078 "-" "WordPress/6.6.2; https://startupclm.ncdesarrollos.com"
164.92.174.157 - - [05/Nov/2024:21:39:51 +0100] "POST /wp-login.php HTTP/1.1" 200 6926 "-" "Mozilla/5.0 (Windows; U; Windows NT 5.1; en-US) AppleWebKit/533.4 (KHTML, like Gecko) Chrome/5.0.375.99 Safari/533.4"
163.172.105.12 - - [05/Nov/2024:21:53:47 +0100] "POST /wp-cron.php?doing_wp_cron=1730840027.7625648975372314453125 HTTP/1.1" 200 4078 "-" "WordPress/6.6.2; https://startupclm.ncdesarrollos.com"
15.235.167.214 - - [05/Nov/2024:21:53:47 +0100] "POST /wp-login.php HTTP/1.1" 200 6926 "-" "Mozilla/5.0 (Windows NT 6.3; Win64; x64) AppleWebKit/537.36 (KHTML, like Gecko) Chrome/67.0.3396.99 Safari/537.36"
163.172.105.12 - - [05/Nov/2024:22:21:45 +0100] "POST /wp-cron.php?doing_wp_cron=1730841705.7429399490356445312500 HTTP/1.1" 200 4078 "-" "WordPress/6.6.2; https://startupclm.ncdesarrollos.com"
31.135.241.21 - - [05/Nov/2024:22:21:45 +0100] "POST /wp-login.php HTTP/1.1" 200 6926 "-" "Mozilla/5.0 (Windows NT 6.1; WOW64) AppleWebKit/537.36 (KHTML, like Gecko) Chrome/51.0.2704.106 Safari/537.36"
163.172.105.12 - - [05/Nov/2024:22:35:38 +0100] "POST /wp-cron.php?doing_wp_cron=1730842538.9709410667419433593750 HTTP/1.1" 200 4078 "-" "WordPress/6.6.2; https://startupclm.ncdesarrollos.com"
128.199.148.65 - - [05/Nov/2024:22:35:38 +0100] "POST /wp-login.php HTTP/1.1" 200 6926 "-" "Mozilla/5.0 (Windows NT 10.0; Win64; x64) AppleWebKit/537.36 (KHTML, like Gecko) Chrome/54.0.2840.99 Safari/537.36"
163.172.105.12 - - [05/Nov/2024:22:49:34 +0100] "POST /wp-cron.php?doing_wp_cron=1730843374.3359889984130859375000 HTTP/1.1" 200 4078 "-" "WordPress/6.6.2; https://startupclm.ncdesarrollos.com"
92.53.96.111 - - [05/Nov/2024:22:49:33 +0100] "POST /wp-login.php HTTP/1.1" 200 6926 "-" "Mozilla/5.0 (Windows NT 6.1; WOW64) AppleWebKit/537.36 (KHTML, like Gecko) Chrome/36.0.1985.125 Safari/537.36"
163.172.105.12 - - [05/Nov/2024:23:03:35 +0100] "POST /wp-cron.php?doing_wp_cron=1730844215.6634209156036376953125 HTTP/1.1" 200 4078 "-" "WordPress/6.6.2; https://startupclm.ncdesarrollos.com"
31.135.241.21 - - [05/Nov/2024:23:03:34 +0100] "POST /wp-login.php HTTP/1.1" 200 6926 "-" "Mozilla/5.0 (Windows NT 6.3; Win64; x64) AppleWebKit/537.36 (KHTML, like Gecko) Chrome/67.0.3396.99 Safari/537.36"
163.172.105.12 - - [05/Nov/2024:23:17:37 +0100] "POST /wp-cron.php?doing_wp_cron=1730845057.4800209999084472656250 HTTP/1.1" 200 4078 "-" "WordPress/6.6.2; https://startupclm.ncdesarrollos.com"
124.217.226.207 - - [05/Nov/2024:23:17:36 +0100] "POST /wp-login.php HTTP/1.1" 200 6926 "-" "Mozilla/5.0 (Windows NT 6.1; WOW64) AppleWebKit/537.36 (KHTML, like Gecko) Chrome/47.0.2526.111 Safari/537.36"
163.172.105.12 - - [05/Nov/2024:23:31:38 +0100] "POST /wp-cron.php?doing_wp_cron=1730845898.1149330139160156250000 HTTP/1.1" 200 4078 "-" "WordPress/6.6.2; https://startupclm.ncdesarrollos.com"
162.144.135.175 - - [05/Nov/2024:23:31:37 +0100] "POST /wp-login.php HTTP/1.1" 200 6926 "-" "Mozilla/5.0 (Windows NT 6.1; WOW64) AppleWebKit/537.36 (KHTML, like Gecko) Chrome/47.0.2526.111 Safari/537.36"
163.172.105.12 - - [05/Nov/2024:23:59:35 +0100] "POST /wp-cron.php?doing_wp_cron=1730847575.0682930946350097656250 HTTP/1.1" 200 4078 "-" "WordPress/6.6.2; https://startupclm.ncdesarrollos.com"
149.91.122.223 - - [05/Nov/2024:23:59:34 +0100] "POST /wp-login.php HTTP/1.1" 200 6926 "-" "Mozilla/5.0 (Windows NT 10.0; Win64; x64) AppleWebKit/537.36 (KHTML, like Gecko) Chrome/62.0.3202.89 Safari/537.36"
163.172.105.12 - - [06/Nov/2024:00:13:51 +0100] "POST /wp-cron.php?doing_wp_cron=1730848431.0587489604949951171875 HTTP/1.1" 200 4078 "-" "WordPress/6.6.2; https://startupclm.ncdesarrollos.com"
31.135.241.21 - - [06/Nov/2024:00:13:50 +0100] "POST /wp-login.php HTTP/1.1" 200 6926 "-" "Mozilla/5.0 (Windows NT 10.0; WOW64) AppleWebKit/537.36 (KHTML, like Gecko) Chrome/46.0.2490.86 Safari/537.36"
163.172.105.12 - - [06/Nov/2024:00:27:58 +0100] "POST /wp-cron.php?doing_wp_cron=1730849278.9299950599670410156250 HTTP/1.1" 200 4078 "-" "WordPress/6.6.2; https://startupclm.ncdesarrollos.com"
8.218.115.242 - - [06/Nov/2024:00:27:58 +0100] "POST /wp-login.php HTTP/1.1" 200 6926 "-" "Mozilla/5.0 (Windows NT 6.1; Win64; x64) AppleWebKit/537.36 (KHTML, like Gecko) Chrome/60.0.3112.113 Safari/537.36"
163.172.105.12 - - [06/Nov/2024:00:41:44 +0100] "POST /wp-cron.php?doing_wp_cron=1730850104.9161860942840576171875 HTTP/1.1" 200 4078 "-" "WordPress/6.6.2; https://startupclm.ncdesarrollos.com"
47.107.131.133 - - [06/Nov/2024:00:41:44 +0100] "POST /wp-login.php HTTP/1.1" 200 6926 "-" "Mozilla/5.0 (Windows; U; Windows NT 5.1; en-US) AppleWebKit/533.4 (KHTML, like Gecko) Chrome/5.0.375.99 Safari/533.4"
163.172.105.12 - - [06/Nov/2024:00:55:56 +0100] "POST /wp-cron.php?doing_wp_cron=1730850956.0565469264984130859375 HTTP/1.1" 200 4078 "-" "WordPress/6.6.2; https://startupclm.ncdesarrollos.com"
91.121.168.91 - - [06/Nov/2024:00:55:55 +0100] "POST /wp-login.php HTTP/1.1" 200 6926 "-" "Mozilla/5.0 (Windows NT 6.3; Win64; x64) AppleWebKit/537.36 (KHTML, like Gecko) Chrome/57.0.2987.133 Safari/537.36"
163.172.105.12 - - [06/Nov/2024:01:10:30 +0100] "POST /wp-cron.php?doing_wp_cron=1730851830.0109300613403320312500 HTTP/1.1" 200 4078 "-" "WordPress/6.6.2; https://startupclm.ncdesarrollos.com"
31.24.44.12 - - [06/Nov/2024:01:10:29 +0100] "POST /wp-login.php HTTP/1.1" 200 6927 "-" "Mozilla/5.0 (Windows NT 6.1; Win64; x64) AppleWebKit/537.36 (KHTML, like Gecko) Chrome/79.0.3945.117 Safari/537.36"
163.172.105.12 - - [06/Nov/2024:01:25:02 +0100] "POST /wp-cron.php?doing_wp_cron=1730852702.0640830993652343750000 HTTP/1.1" 200 4078 "-" "WordPress/6.6.2; https://startupclm.ncdesarrollos.com"
164.92.174.157 - - [06/Nov/2024:01:25:01 +0100] "POST /wp-login.php HTTP/1.1" 200 6927 "-" "Mozilla/5.0 (Windows NT 10.0; Win64; x64) AppleWebKit/537.36 (KHTML, like Gecko) Chrome/72.0.3626.109 Safari/537.36"
163.172.105.12 - - [06/Nov/2024:01:39:37 +0100] "POST /wp-cron.php?doing_wp_cron=1730853577.3419001102447509765625 HTTP/1.1" 200 4078 "-" "WordPress/6.6.2; https://startupclm.ncdesarrollos.com"
51.38.235.150 - - [06/Nov/2024:01:39:36 +0100] "POST /wp-login.php HTTP/1.1" 200 6927 "-" "Mozilla/5.0 (Windows NT 5.1) AppleWebKit/537.36 (KHTML, like Gecko) Chrome/47.0.2526.106 Safari/537.36"
163.172.105.12 - - [06/Nov/2024:02:09:06 +0100] "POST /wp-cron.php?doing_wp_cron=1730855346.8600881099700927734375 HTTP/1.1" 200 4078 "-" "WordPress/6.6.2; https://startupclm.ncdesarrollos.com"
64.23.129.165 - - [06/Nov/2024:02:09:06 +0100] "POST /wp-login.php HTTP/1.1" 200 6927 "-" "Mozilla/5.0 (Windows NT 6.1) AppleWebKit/537.36 (KHTML, like Gecko) Chrome/70.0.3538.77 Safari/537.36"
163.172.105.12 - - [06/Nov/2024:02:24:03 +0100] "POST /wp-cron.php?doing_wp_cron=1730856243.1952280998229980468750 HTTP/1.1" 200 4078 "-" "WordPress/6.6.2; https://startupclm.ncdesarrollos.com"
47.106.243.226 - - [06/Nov/2024:02:24:02 +0100] "POST /wp-login.php HTTP/1.1" 200 6927 "-" "Mozilla/5.0 (Windows NT 6.3; Win64; x64) AppleWebKit/537.36 (KHTML, like Gecko) Chrome/79.0.3945.88 Safari/537.36"
163.172.105.12 - - [06/Nov/2024:02:39:09 +0100] "POST /wp-cron.php?doing_wp_cron=1730857149.7434720993041992187500 HTTP/1.1" 200 4078 "-" "WordPress/6.6.2; https://startupclm.ncdesarrollos.com"
64.23.129.165 - - [06/Nov/2024:02:39:09 +0100] "POST /wp-login.php HTTP/1.1" 200 6927 "-" "Mozilla/5.0 (Windows NT 10.0; Win64; x64) AppleWebKit/537.36 (KHTML, like Gecko) Chrome/70.0.3538.67 Safari/537.36"
163.172.105.12 - - [06/Nov/2024:02:54:14 +0100] "POST /wp-cron.php?doing_wp_cron=1730858054.7337050437927246093750 HTTP/1.1" 200 4078 "-" "WordPress/6.6.2; https://startupclm.ncdesarrollos.com"
143.244.160.172 - - [06/Nov/2024:02:54:13 +0100] "POST /wp-login.php HTTP/1.1" 200 6927 "-" "Mozilla/5.0 (Windows NT 6.1) AppleWebKit/537.36 (KHTML, like Gecko) Chrome/58.0.3029.110 Safari/537.36"
163.172.105.12 - - [06/Nov/2024:03:09:26 +0100] "POST /wp-cron.php?doing_wp_cron=1730858966.1520218849182128906250 HTTP/1.1" 200 4078 "-" "WordPress/6.6.2; https://startupclm.ncdesarrollos.com"
161.35.90.249 - - [06/Nov/2024:03:09:25 +0100] "POST /wp-login.php HTTP/1.1" 200 6927 "-" "Mozilla/5.0 (Windows NT 6.1; WOW64) AppleWebKit/537.36 (KHTML, like Gecko) Chrome/51.0.2704.106 Safari/537.36"
163.172.105.12 - - [06/Nov/2024:03:24:34 +0100] "POST /wp-cron.php?doing_wp_cron=1730859874.4358799457550048828125 HTTP/1.1" 200 4078 "-" "WordPress/6.6.2; https://startupclm.ncdesarrollos.com"
103.231.231.118 - - [06/Nov/2024:03:24:33 +0100] "POST /wp-login.php HTTP/1.1" 200 6927 "-" "Mozilla/5.0 (Windows NT 6.1; WOW64) AppleWebKit/537.36 (KHTML, like Gecko) Chrome/52.0.2743.116 Safari/537.36"
163.172.105.12 - - [06/Nov/2024:03:39:33 +0100] "POST /wp-cron.php?doing_wp_cron=1730860773.2441399097442626953125 HTTP/1.1" 200 4078 "-" "WordPress/6.6.2; https://startupclm.ncdesarrollos.com"
193.164.17.45 - - [06/Nov/2024:03:39:32 +0100] "POST /wp-login.php HTTP/1.1" 200 6927 "-" "Mozilla/5.0 (Windows NT 6.3; WOW64) AppleWebKit/537.36 (KHTML, like Gecko) Chrome/46.0.2490.80 Safari/537.36"
163.172.105.12 - - [06/Nov/2024:03:54:37 +0100] "POST /wp-cron.php?doing_wp_cron=1730861677.3039510250091552734375 HTTP/1.1" 200 4078 "-" "WordPress/6.6.2; https://startupclm.ncdesarrollos.com"
54.37.156.240 - - [06/Nov/2024:03:54:36 +0100] "POST /wp-login.php HTTP/1.1" 200 6927 "-" "Mozilla/5.0 (Windows NT 10.0; Win64; x64) AppleWebKit/537.36 (KHTML, like Gecko) Chrome/66.0.3359.117 Safari/537.36"
163.172.105.12 - - [06/Nov/2024:04:10:17 +0100] "POST /wp-cron.php?doing_wp_cron=1730862617.6773118972778320312500 HTTP/1.1" 200 4078 "-" "WordPress/6.6.2; https://startupclm.ncdesarrollos.com"
134.209.30.219 - - [06/Nov/2024:04:10:17 +0100] "POST /wp-login.php HTTP/1.1" 200 6927 "-" "Mozilla/5.0 (Windows NT 6.1; Win64; x64) AppleWebKit/537.36 (KHTML, like Gecko) Chrome/80.0.3987.106 Safari/537.36"
163.172.105.12 - - [06/Nov/2024:04:26:17 +0100] "POST /wp-cron.php?doing_wp_cron=1730863577.0262470245361328125000 HTTP/1.1" 200 4078 "-" "WordPress/6.6.2; https://startupclm.ncdesarrollos.com"
47.111.116.44 - - [06/Nov/2024:04:26:16 +0100] "POST /wp-login.php HTTP/1.1" 200 6927 "-" "Mozilla/5.0 (Windows NT 6.1) AppleWebKit/537.36 (KHTML, like Gecko) Chrome/62.0.3202.94 Safari/537.36"
163.172.105.12 - - [06/Nov/2024:04:42:17 +0100] "POST /wp-cron.php?doing_wp_cron=1730864537.4949300289154052734375 HTTP/1.1" 200 4078 "-" "WordPress/6.6.2; https://startupclm.ncdesarrollos.com"
123.31.12.219 - - [06/Nov/2024:04:42:16 +0100] "POST /wp-login.php HTTP/1.1" 200 6927 "-" "Mozilla/5.0 (Windows NT 10.0; WOW64) AppleWebKit/537.36 (KHTML, like Gecko) Chrome/46.0.2490.86 Safari/537.36"
163.172.105.12 - - [06/Nov/2024:04:58:23 +0100] "POST /wp-cron.php?doing_wp_cron=1730865503.4013900756835937500000 HTTP/1.1" 200 4078 "-" "WordPress/6.6.2; https://startupclm.ncdesarrollos.com"
51.68.224.123 - - [06/Nov/2024:04:58:22 +0100] "POST /wp-login.php HTTP/1.1" 200 6927 "-" "Mozilla/5.0 (Windows NT 6.1) AppleWebKit/537.36 (KHTML, like Gecko) Chrome/80.0.3987.149 Safari/537.36"
163.172.105.12 - - [06/Nov/2024:05:29:39 +0100] "POST /wp-cron.php?doing_wp_cron=1730867379.7057130336761474609375 HTTP/1.1" 200 4078 "-" "WordPress/6.6.2; https://startupclm.ncdesarrollos.com"
45.195.204.97 - - [06/Nov/2024:05:29:38 +0100] "POST /wp-login.php HTTP/1.1" 200 6927 "-" "Mozilla/5.0 (Windows NT 6.1; Win64; x64) AppleWebKit/537.36 (KHTML, like Gecko) Chrome/80.0.3987.163 Safari/537.36"
163.172.105.12 - - [06/Nov/2024:05:45:05 +0100] "POST /wp-cron.php?doing_wp_cron=1730868305.1181049346923828125000 HTTP/1.1" 200 4078 "-" "WordPress/6.6.2; https://startupclm.ncdesarrollos.com"
68.178.165.200 - - [06/Nov/2024:05:45:04 +0100] "POST /wp-login.php HTTP/1.1" 200 6927 "-" "Mozilla/5.0 (Windows NT 10.0; Win64; x64) AppleWebKit/537.36 (KHTML, like Gecko) Chrome/86.0.4240.193 Safari/537.36"
163.172.105.12 - - [06/Nov/2024:06:16:06 +0100] "POST /wp-cron.php?doing_wp_cron=1730870166.2257070541381835937500 HTTP/1.1" 200 4078 "-" "WordPress/6.6.2; https://startupclm.ncdesarrollos.com"
92.53.96.111 - - [06/Nov/2024:06:16:05 +0100] "POST /wp-login.php HTTP/1.1" 200 6927 "-" "Mozilla/5.0 (Windows NT 6.1; Win64; x64) AppleWebKit/537.36 (KHTML, like Gecko) Chrome/66.0.3359.117 Safari/537.36"
163.172.105.12 - - [06/Nov/2024:06:31:33 +0100] "POST /wp-cron.php?doing_wp_cron=1730871093.1394200325012207031250 HTTP/1.1" 200 4078 "-" "WordPress/6.6.2; https://startupclm.ncdesarrollos.com"
91.206.200.91 - - [06/Nov/2024:06:31:32 +0100] "POST /wp-login.php HTTP/1.1" 200 6927 "-" "Mozilla/5.0 (Windows NT 6.1; WOW64) AppleWebKit/537.36 (KHTML, like Gecko) Chrome/52.0.2743.116 Safari/537.36"
163.172.105.12 - - [06/Nov/2024:06:47:02 +0100] "POST /wp-cron.php?doing_wp_cron=1730872022.0140330791473388671875 HTTP/1.1" 200 4078 "-" "WordPress/6.6.2; https://startupclm.ncdesarrollos.com"
217.182.158.226 - - [06/Nov/2024:06:47:01 +0100] "POST /wp-login.php HTTP/1.1" 200 6927 "-" "Mozilla/5.0 (Windows NT 6.1) AppleWebKit/537.36 (KHTML, like Gecko) Chrome/59.0.3071.115 Safari/537.36"
163.172.105.12 - - [06/Nov/2024:07:02:23 +0100] "POST /wp-cron.php?doing_wp_cron=1730872943.4964311122894287109375 HTTP/1.1" 200 4078 "-" "WordPress/6.6.2; https://startupclm.ncdesarrollos.com"
188.166.42.106 - - [06/Nov/2024:07:02:22 +0100] "POST /wp-login.php HTTP/1.1" 200 6927 "-" "Mozilla/5.0 (Windows NT 10.0; Win64; x64) AppleWebKit/537.36 (KHTML, like Gecko) Chrome/72.0.3626.109 Safari/537.36"
163.172.105.12 - - [06/Nov/2024:07:17:57 +0100] "POST /wp-cron.php?doing_wp_cron=1730873877.0467441082000732421875 HTTP/1.1" 200 4078 "-" "WordPress/6.6.2; https://startupclm.ncdesarrollos.com"
87.98.173.252 - - [06/Nov/2024:07:17:56 +0100] "POST /wp-login.php HTTP/1.1" 200 6927 "-" "Mozilla/5.0 (Windows NT 6.1; Win64; x64) AppleWebKit/537.36 (KHTML, like Gecko) Chrome/66.0.3359.117 Safari/537.36"
163.172.105.12 - - [06/Nov/2024:07:33:15 +0100] "POST /wp-cron.php?doing_wp_cron=1730874795.0911591053009033203125 HTTP/1.1" 200 4078 "-" "WordPress/6.6.2; https://startupclm.ncdesarrollos.com"
139.59.43.165 - - [06/Nov/2024:07:33:14 +0100] "POST /wp-login.php HTTP/1.1" 200 6927 "-" "Mozilla/5.0 (Windows NT 6.1; Win64; x64) AppleWebKit/537.36 (KHTML, like Gecko) Chrome/67.0.3396.87 Safari/537.36"
163.172.105.12 - - [06/Nov/2024:07:48:28 +0100] "POST /wp-cron.php?doing_wp_cron=1730875708.4365119934082031250000 HTTP/1.1" 200 4078 "-" "WordPress/6.6.2; https://startupclm.ncdesarrollos.com"
103.118.28.79 - - [06/Nov/2024:07:48:27 +0100] "POST /wp-login.php HTTP/1.1" 200 6927 "-" "Mozilla/5.0 (Windows; U; Windows NT 5.1; en-US) AppleWebKit/533.4 (KHTML, like Gecko) Chrome/5.0.375.99 Safari/533.4"
163.172.105.12 - - [06/Nov/2024:08:08:23 +0100] "POST /wp-cron.php?doing_wp_cron=1730876903.4410960674285888671875 HTTP/1.1" 200 4078 "-" "WordPress/6.6.2; https://startupclm.ncdesarrollos.com"
18.201.79.45 - - [06/Nov/2024:08:08:22 +0100] "GET / HTTP/1.0" 200 63366 "-" "Mozilla/5.0 (compatible; NetcraftSurveyAgent/1.0; +info@netcraft.com)"
163.172.105.12 - - [06/Nov/2024:08:18:33 +0100] "POST /wp-cron.php?doing_wp_cron=1730877513.7757670879364013671875 HTTP/1.1" 200 4078 "-" "WordPress/6.6.2; https://startupclm.ncdesarrollos.com"
206.72.195.91 - - [06/Nov/2024:08:18:33 +0100] "POST /wp-login.php HTTP/1.1" 200 6927 "-" "Mozilla/5.0 (Windows NT 6.1; WOW64) AppleWebKit/537.36 (KHTML, like Gecko) Chrome/63.0.3239.132 Safari/537.36"
163.172.105.12 - - [06/Nov/2024:08:33:32 +0100] "POST /wp-cron.php?doing_wp_cron=1730878412.3784389495849609375000 HTTP/1.1" 200 4078 "-" "WordPress/6.6.2; https://startupclm.ncdesarrollos.com"
64.227.141.213 - - [06/Nov/2024:08:33:31 +0100] "POST /wp-login.php HTTP/1.1" 200 6927 "-" "Mozilla/5.0 (Windows NT 6.1; Win64; x64) AppleWebKit/537.36 (KHTML, like Gecko) Chrome/81.0.4044.122 Safari/537.36"
163.172.105.12 - - [06/Nov/2024:08:48:26 +0100] "POST /wp-cron.php?doing_wp_cron=1730879306.1391150951385498046875 HTTP/1.1" 200 4078 "-" "WordPress/6.6.2; https://startupclm.ncdesarrollos.com"
87.98.173.252 - - [06/Nov/2024:08:48:25 +0100] "POST /wp-login.php HTTP/1.1" 200 6927 "-" "Mozilla/5.0 (Windows NT 6.1) AppleWebKit/537.36 (KHTML, like Gecko) Chrome/61.0.3163.100 Safari/537.36"
163.172.105.12 - - [06/Nov/2024:09:29:43 +0100] "POST /wp-cron.php?doing_wp_cron=1730881783.3149058818817138671875 HTTP/1.1" 200 4078 "-" "WordPress/6.6.2; https://startupclm.ncdesarrollos.com"
139.59.27.59 - - [06/Nov/2024:09:29:42 +0100] "POST /wp-login.php HTTP/1.1" 200 6959 "-" "Mozilla/5.0 (Windows NT 6.1; Win64; x64) AppleWebKit/537.36 (KHTML, like Gecko) Chrome/78.0.3904.97 Safari/537.36"
163.172.105.12 - - [06/Nov/2024:09:44:20 +0100] "POST /wp-cron.php?doing_wp_cron=1730882660.0049879550933837890625 HTTP/1.1" 200 4078 "-" "WordPress/6.6.2; https://startupclm.ncdesarrollos.com"
162.240.104.99 - - [06/Nov/2024:09:44:19 +0100] "POST /wp-login.php HTTP/1.1" 200 6960 "-" "Mozilla/5.0 (Windows NT 10.0; WOW64) AppleWebKit/537.36 (KHTML, like Gecko) Chrome/46.0.2490.80 Safari/537.36"
163.172.105.12 - - [06/Nov/2024:09:58:52 +0100] "POST /wp-cron.php?doing_wp_cron=1730883532.5954339504241943359375 HTTP/1.1" 200 4078 "-" "WordPress/6.6.2; https://startupclm.ncdesarrollos.com"
143.244.160.172 - - [06/Nov/2024:09:58:51 +0100] "POST /wp-login.php HTTP/1.1" 200 6957 "-" "Mozilla/5.0 (Windows NT 6.1) AppleWebKit/537.36 (KHTML, like Gecko) Chrome/63.0.3239.84 Safari/537.36"
163.172.105.12 - - [06/Nov/2024:10:28:19 +0100] "POST /wp-cron.php?doing_wp_cron=1730885299.7431440353393554687500 HTTP/1.1" 200 4078 "-" "WordPress/6.6.2; https://startupclm.ncdesarrollos.com"
171.244.0.91 - - [06/Nov/2024:10:28:19 +0100] "POST /wp-login.php HTTP/1.1" 200 6957 "-" "Mozilla/5.0 (Windows NT 10.0; Win64; x64) AppleWebKit/537.36 (KHTML, like Gecko) Chrome/78.0.3904.70 Safari/537.36"
163.172.105.12 - - [06/Nov/2024:10:43:03 +0100] "POST /wp-cron.php?doing_wp_cron=1730886183.1715068817138671875000 HTTP/1.1" 200 4078 "-" "WordPress/6.6.2; https://startupclm.ncdesarrollos.com"
200.234.226.20 - - [06/Nov/2024:10:43:02 +0100] "POST /wp-login.php HTTP/1.1" 200 6957 "-" "Mozilla/5.0 (Windows NT 6.1) AppleWebKit/537.36 (KHTML, like Gecko) Chrome/70.0.3538.102 Safari/537.36"
163.172.105.12 - - [06/Nov/2024:10:43:05 +0100] "POST /wp-admin/admin-ajax.php?action=wp_1_wc_privacy_cleanup&nonce=7e9c1155a0 HTTP/1.1" 200 4213 "-" "WordPress/6.6.2; https://startupclm.ncdesarrollos.com"
163.172.105.12 - - [06/Nov/2024:10:57:48 +0100] "POST /wp-cron.php?doing_wp_cron=1730887068.6086680889129638671875 HTTP/1.1" 200 4078 "-" "WordPress/6.6.2; https://startupclm.ncdesarrollos.com"
74.81.38.26 - - [06/Nov/2024:10:57:47 +0100] "POST /wp-login.php HTTP/1.1" 200 6957 "-" "Mozilla/5.0 (Windows NT 10.0; Win64; x64) AppleWebKit/537.36 (KHTML, like Gecko) Chrome/54.0.2840.99 Safari/537.36"
163.172.105.12 - - [06/Nov/2024:11:12:33 +0100] "POST /wp-cron.php?doing_wp_cron=1730887953.0471110343933105468750 HTTP/1.1" 200 4078 "-" "WordPress/6.6.2; https://startupclm.ncdesarrollos.com"
47.106.243.226 - - [06/Nov/2024:11:12:32 +0100] "POST /wp-login.php HTTP/1.1" 200 6957 "-" "Mozilla/5.0 (Windows NT 6.1; Win64; x64) AppleWebKit/537.36 (KHTML, like Gecko) Chrome/80.0.3987.106 Safari/537.36"
157.230.34.46 - - [06/Nov/2024:11:24:08 +0100] "GET /wp-admin/setup-config.php?step=1 HTTP/1.1" 301 621 "-" "Apache/2.4.34 (Ubuntu) OpenSSL/1.1.1 (internal dummy connection)"
157.230.34.46 - - [06/Nov/2024:11:24:09 +0100] "GET /wp-admin/setup-config.php?step=1 HTTP/1.1" 409 6805 "http://startupclm.ncdesarrollos.com/wp-admin/setup-config.php?step=1" "Apache/2.4.34 (Ubuntu) OpenSSL/1.1.1 (internal dummy connection)"
157.230.34.46 - - [06/Nov/2024:11:24:09 +0100] "GET /wordpress/wp-admin/setup-config.php?step=1 HTTP/1.1" 301 641 "-" "Apache/2.4.34 (Ubuntu) OpenSSL/1.1.1 (internal dummy connection)"
157.230.34.46 - - [06/Nov/2024:11:24:09 +0100] "GET /wordpress/wp-admin/setup-config.php?step=1 HTTP/1.1" 404 474 "http://startupclm.ncdesarrollos.com/wordpress/wp-admin/setup-config.php?step=1" "Apache/2.4.34 (Ubuntu) OpenSSL/1.1.1 (internal dummy connection)"
163.172.105.12 - - [06/Nov/2024:11:27:24 +0100] "POST /wp-cron.php?doing_wp_cron=1730888844.8562469482421875000000 HTTP/1.1" 200 4078 "-" "WordPress/6.6.2; https://startupclm.ncdesarrollos.com"
164.92.80.194 - - [06/Nov/2024:11:27:24 +0100] "POST /wp-login.php HTTP/1.1" 200 6927 "-" "Mozilla/5.0 (Windows NT 10.0; WOW64) AppleWebKit/537.36 (KHTML, like Gecko) Chrome/56.0.2924.87 Safari/537.36"
163.172.105.12 - - [06/Nov/2024:11:42:11 +0100] "POST /wp-cron.php?doing_wp_cron=1730889731.0234088897705078125000 HTTP/1.1" 200 4078 "-" "WordPress/6.6.2; https://startupclm.ncdesarrollos.com"
178.128.79.56 - - [06/Nov/2024:11:42:10 +0100] "POST /wp-login.php HTTP/1.1" 200 6927 "-" "Mozilla/5.0 (Windows NT 6.1) AppleWebKit/537.36 (KHTML, like Gecko) Chrome/80.0.3987.132 Safari/537.36"
163.172.105.12 - - [06/Nov/2024:11:56:53 +0100] "POST /wp-cron.php?doing_wp_cron=1730890613.7127220630645751953125 HTTP/1.1" 200 4078 "-" "WordPress/6.6.2; https://startupclm.ncdesarrollos.com"
188.166.42.106 - - [06/Nov/2024:11:56:53 +0100] "POST /wp-login.php HTTP/1.1" 200 6927 "-" "Mozilla/5.0 (Windows NT 6.1) AppleWebKit/537.36 (KHTML, like Gecko) Chrome/63.0.3239.84 Safari/537.36"
163.172.105.12 - - [06/Nov/2024:12:11:40 +0100] "POST /wp-cron.php?doing_wp_cron=1730891500.5584850311279296875000 HTTP/1.1" 200 4078 "-" "WordPress/6.6.2; https://startupclm.ncdesarrollos.com"
179.124.41.135 - - [06/Nov/2024:12:11:39 +0100] "POST /wp-login.php HTTP/1.1" 200 6927 "-" "Mozilla/5.0 (Windows NT 6.1) AppleWebKit/537.36 (KHTML, like Gecko) Chrome/80.0.3987.132 Safari/537.36"
163.172.105.12 - - [06/Nov/2024:12:20:28 +0100] "POST /wp-cron.php?doing_wp_cron=1730892027.9959259033203125000000 HTTP/1.1" 200 4078 "-" "WordPress/6.6.2; https://startupclm.ncdesarrollos.com"
162.144.135.175 - - [06/Nov/2024:12:20:27 +0100] "POST /wp-login.php HTTP/1.1" 200 6959 "-" "Mozilla/5.0 (Windows NT 10.0; Win64; x64) AppleWebKit/537.36 (KHTML, like Gecko) Chrome/73.0.3683.86 Safari/537.36"
163.172.105.12 - - [06/Nov/2024:12:35:07 +0100] "POST /wp-cron.php?doing_wp_cron=1730892907.0795741081237792968750 HTTP/1.1" 200 4078 "-" "WordPress/6.6.2; https://startupclm.ncdesarrollos.com"
157.245.6.207 - - [06/Nov/2024:12:35:06 +0100] "POST /wp-login.php HTTP/1.1" 200 6960 "-" "Mozilla/5.0 (Windows NT 10.0; Win64; x64) AppleWebKit/537.36 (KHTML, like Gecko) Chrome/64.0.3282.140 Safari/537.36"
205.169.39.3 - - [08/Nov/2024:10:09:43 +0100] "GET / HTTP/1.1" 301 613 "-" "Mozilla/5.0 (Windows NT 10.0; Win64; x64) AppleWebKit/537.36 (KHTML, like Gecko) Chrome/117.0.5938.132 Safari/537.36"
163.172.105.12 - - [08/Nov/2024:10:09:45 +0100] "POST /wp-cron.php?doing_wp_cron=1731056985.8022971153259277343750 HTTP/1.1" 200 4078 "-" "WordPress/6.6.2; https://startupclm.ncdesarrollos.com"
205.169.39.3 - - [08/Nov/2024:10:09:45 +0100] "GET / HTTP/1.1" 200 16729 "-" "Mozilla/5.0 (Windows NT 10.0; Win64; x64) AppleWebKit/537.36 (KHTML, like Gecko) Chrome/117.0.5938.132 Safari/537.36"
205.169.39.3 - - [08/Nov/2024:10:09:46 +0100] "GET /wp-includes/blocks/cover/style.min.css?ver=6.6.2 HTTP/1.1" 200 1989 "https://startupclm.ncdesarrollos.com/" "Mozilla/5.0 (Windows NT 10.0; Win64; x64) AppleWebKit/537.36 (KHTML, like Gecko) Chrome/117.0.5938.132 Safari/537.36"
205.169.39.3 - - [08/Nov/2024:10:09:46 +0100] "GET /wp-content/plugins/woocommerce/assets/client/blocks/wc-blocks.css?ver=wc-9.3.3 HTTP/1.1" 200 2959 "https://startupclm.ncdesarrollos.com/" "Mozilla/5.0 (Windows NT 10.0; Win64; x64) AppleWebKit/537.36 (KHTML, like Gecko) Chrome/117.0.5938.132 Safari/537.36"
205.169.39.3 - - [08/Nov/2024:10:09:46 +0100] "GET /wp-content/plugins/woocommerce/assets/client/blocks/coming-soon.css?ver=wc-9.3.3 HTTP/1.1" 200 2155 "https://startupclm.ncdesarrollos.com/" "Mozilla/5.0 (Windows NT 10.0; Win64; x64) AppleWebKit/537.36 (KHTML, like Gecko) Chrome/117.0.5938.132 Safari/537.36"
205.169.39.3 - - [08/Nov/2024:10:09:46 +0100] "GET /wp-content/plugins/woocommerce/assets/css/woocommerce-layout.css?ver=9.3.3 HTTP/1.1" 200 3556 "https://startupclm.ncdesarrollos.com/" "Mozilla/5.0 (Windows NT 10.0; Win64; x64) AppleWebKit/537.36 (KHTML, like Gecko) Chrome/117.0.5938.132 Safari/537.36"
205.169.39.3 - - [08/Nov/2024:10:09:46 +0100] "GET /wp-content/plugins/woocommerce/assets/css/woocommerce-blocktheme.css?ver=9.3.3 HTTP/1.1" 200 6148 "https://startupclm.ncdesarrollos.com/" "Mozilla/5.0 (Windows NT 10.0; Win64; x64) AppleWebKit/537.36 (KHTML, like Gecko) Chrome/117.0.5938.132 Safari/537.36"
205.169.39.3 - - [08/Nov/2024:10:09:46 +0100] "GET /wp-content/plugins/woocommerce/assets/css/woocommerce.css?ver=9.3.3 HTTP/1.1" 200 14216 "https://startupclm.ncdesarrollos.com/" "Mozilla/5.0 (Windows NT 10.0; Win64; x64) AppleWebKit/537.36 (KHTML, like Gecko) Chrome/117.0.5938.132 Safari/537.36"
205.169.39.3 - - [08/Nov/2024:10:09:46 +0100] "GET /wp-includes/js/jquery/jquery-migrate.min.js?ver=3.4.1 HTTP/1.1" 200 5289 "https://startupclm.ncdesarrollos.com/" "Mozilla/5.0 (Windows NT 10.0; Win64; x64) AppleWebKit/537.36 (KHTML, like Gecko) Chrome/117.0.5938.132 Safari/537.36"
205.169.39.3 - - [08/Nov/2024:10:09:46 +0100] "GET /wp-includes/js/jquery/jquery.min.js?ver=3.7.1 HTTP/1.1" 200 34651 "https://startupclm.ncdesarrollos.com/" "Mozilla/5.0 (Windows NT 10.0; Win64; x64) AppleWebKit/537.36 (KHTML, like Gecko) Chrome/117.0.5938.132 Safari/537.36"
205.169.39.3 - - [08/Nov/2024:10:09:47 +0100] "GET /wp-content/plugins/woocommerce/assets/js/sourcebuster/sourcebuster.min.js?ver=9.3.3 HTTP/1.1" 200 5224 "https://startupclm.ncdesarrollos.com/" "Mozilla/5.0 (Windows NT 10.0; Win64; x64) AppleWebKit/537.36 (KHTML, like Gecko) Chrome/117.0.5938.132 Safari/537.36"
205.169.39.3 - - [08/Nov/2024:10:09:47 +0100] "GET /wp-content/plugins/woocommerce/assets/js/frontend/order-attribution.min.js?ver=9.3.3 HTTP/1.1" 200 1509 "https://startupclm.ncdesarrollos.com/" "Mozilla/5.0 (Windows NT 10.0; Win64; x64) AppleWebKit/537.36 (KHTML, like Gecko) Chrome/117.0.5938.132 Safari/537.36"
205.169.39.3 - - [08/Nov/2024:10:09:47 +0100] "GET /wp-content/plugins/woocommerce/assets/js/jquery-blockui/jquery.blockUI.min.js?ver=2.7.0-wc.9.3.3 HTTP/1.1" 200 3954 "https://startupclm.ncdesarrollos.com/" "Mozilla/5.0 (Windows NT 10.0; Win64; x64) AppleWebKit/537.36 (KHTML, like Gecko) Chrome/117.0.5938.132 Safari/537.36"
205.169.39.3 - - [08/Nov/2024:10:09:47 +0100] "GET /wp-content/plugins/woocommerce/assets/js/frontend/add-to-cart.min.js?ver=9.3.3 HTTP/1.1" 200 1721 "https://startupclm.ncdesarrollos.com/" "Mozilla/5.0 (Windows NT 10.0; Win64; x64) AppleWebKit/537.36 (KHTML, like Gecko) Chrome/117.0.5938.132 Safari/537.36"
205.169.39.3 - - [08/Nov/2024:10:09:47 +0100] "GET /wp-content/plugins/woocommerce/assets/js/js-cookie/js.cookie.min.js?ver=2.1.4-wc.9.3.3 HTTP/1.1" 200 1204 "https://startupclm.ncdesarrollos.com/" "Mozilla/5.0 (Windows NT 10.0; Win64; x64) AppleWebKit/537.36 (KHTML, like Gecko) Chrome/117.0.5938.132 Safari/537.36"
205.169.39.3 - - [08/Nov/2024:10:09:48 +0100] "GET /wp-content/plugins/woocommerce/assets/js/frontend/woocommerce.min.js?ver=9.3.3 HTTP/1.1" 200 1500 "https://startupclm.ncdesarrollos.com/" "Mozilla/5.0 (Windows NT 10.0; Win64; x64) AppleWebKit/537.36 (KHTML, like Gecko) Chrome/117.0.5938.132 Safari/537.36"
205.169.39.3 - - [08/Nov/2024:10:09:48 +0100] "GET /wp-content/plugins/woocommerce/assets/css/woocommerce-smallscreen.css?ver=9.3.3 HTTP/1.1" 200 1540 "https://startupclm.ncdesarrollos.com/" "Mozilla/5.0 (Windows NT 10.0; Win64; x64) AppleWebKit/537.36 (KHTML, like Gecko) Chrome/117.0.5938.132 Safari/537.36"
205.169.39.3 - - [08/Nov/2024:10:09:48 +0100] "GET /wp-includes/js/wp-emoji-release.min.js?ver=6.6.2 HTTP/1.1" 200 5479 "https://startupclm.ncdesarrollos.com/" "Mozilla/5.0 (Windows NT 10.0; Win64; x64) AppleWebKit/537.36 (KHTML, like Gecko) Chrome/117.0.5938.132 Safari/537.36"
163.172.105.12 - - [08/Nov/2024:10:09:50 +0100] "POST /wp-admin/admin-ajax.php?action=wp_1_wc_privacy_cleanup&nonce=4d9b60bf32 HTTP/1.1" 200 4213 "-" "WordPress/6.6.2; https://startupclm.ncdesarrollos.com"
139.59.83.191 - - [08/Nov/2024:16:18:07 +0100] "GET / HTTP/1.1" 301 557 "-" "Mozilla/5.0 (X11; Linux x86_64) AppleWebKit/537.36 (KHTML, like Gecko) Chrome/129.0.0.0 Safari/537.36"
163.172.105.12 - - [08/Nov/2024:16:18:09 +0100] "POST /wp-cron.php?doing_wp_cron=1731079088.9170761108398437500000 HTTP/1.1" 200 4078 "-" "WordPress/6.6.2; https://startupclm.ncdesarrollos.com"
139.59.83.191 - - [08/Nov/2024:16:18:08 +0100] "GET / HTTP/1.1" 200 16626 "-" "Mozilla/5.0 (X11; Linux x86_64) AppleWebKit/537.36 (KHTML, like Gecko) Chrome/129.0.0.0 Safari/537.36"
139.59.83.191 - - [08/Nov/2024:16:18:12 +0100] "GET /favicon.ico HTTP/1.1" 404 4224 "https://startupclm.ncdesarrollos.com/" "Mozilla/5.0 (X11; Linux x86_64) AppleWebKit/537.36 (KHTML, like Gecko) Chrome/129.0.0.0 Safari/537.36"
139.59.43.74 - - [10/Nov/2024:15:46:44 +0100] "GET / HTTP/1.1" 301 557 "-" "Mozilla/5.0 (X11; Linux x86_64) AppleWebKit/537.36 (KHTML, like Gecko) Chrome/129.0.0.0 Safari/537.36"
163.172.105.12 - - [10/Nov/2024:15:46:46 +0100] "POST /wp-cron.php?doing_wp_cron=1731250006.1129090785980224609375 HTTP/1.1" 200 4078 "-" "WordPress/6.6.2; https://startupclm.ncdesarrollos.com"
139.59.43.74 - - [10/Nov/2024:15:46:45 +0100] "GET / HTTP/1.1" 200 16626 "-" "Mozilla/5.0 (X11; Linux x86_64) AppleWebKit/537.36 (KHTML, like Gecko) Chrome/129.0.0.0 Safari/537.36"
163.172.105.12 - - [10/Nov/2024:15:46:48 +0100] "POST /wp-admin/admin-ajax.php?action=wp_1_wc_privacy_cleanup&nonce=8567308f4e HTTP/1.1" 200 4213 "-" "WordPress/6.6.2; https://startupclm.ncdesarrollos.com"
139.59.43.74 - - [10/Nov/2024:15:46:49 +0100] "GET /favicon.ico HTTP/1.1" 404 4224 "https://startupclm.ncdesarrollos.com/" "Mozilla/5.0 (X11; Linux x86_64) AppleWebKit/537.36 (KHTML, like Gecko) Chrome/129.0.0.0 Safari/537.36"
163.172.105.12 - - [10/Nov/2024:15:46:53 +0100] "POST /wp-cron.php HTTP/1.1" 200 4078 "-" "WordPress/6.6.2; https://startupclm.ncdesarrollos.com"
163.172.105.12 - - [10/Nov/2024:15:46:53 +0100] "GET / HTTP/1.1" 200 16692 "-" "WordPress/6.6.2; https://startupclm.ncdesarrollos.com"
163.172.105.12 - - [10/Nov/2024:15:46:54 +0100] "GET / HTTP/1.1" 200 16692 "-" "WordPress/6.6.2; https://startupclm.ncdesarrollos.com"
163.172.105.12 - - [10/Nov/2024:15:46:54 +0100] "GET / HTTP/1.1" 200 16692 "-" "WordPress/6.6.2; https://startupclm.ncdesarrollos.com"
163.172.105.12 - - [10/Nov/2024:15:46:55 +0100] "GET / HTTP/1.1" 200 16692 "-" "WordPress/6.6.2; https://startupclm.ncdesarrollos.com"
