163.172.105.12 - - [26/Jan/2025:13:02:25 +0100] "POST /wp-cron.php?doing_wp_cron=1737892944.2806630134582519531250 HTTP/1.1" 200 4081 "-" "WordPress/6.6.2; https://startupclm.ncdesarrollos.com"
45.148.10.237 - - [26/Jan/2025:13:02:14 +0100] "GET / HTTP/1.1" 200 16648 "-" "Mozilla/5.0 (Linux; Android 9; SM-N950F) AppleWebKit/537.36 (KHTML, like Gecko) Chrome/76.0.3809.111 Mobile Safari/537.36"
163.172.105.12 - - [26/Jan/2025:13:09:38 +0100] "POST /wp-cron.php?doing_wp_cron=1737893377.3554909229278564453125 HTTP/1.1" 200 4081 "-" "WordPress/6.6.2; https://startupclm.ncdesarrollos.com"
163.172.105.12 - - [26/Jan/2025:13:09:33 +0100] "POST /wp-admin/admin-ajax.php?action=wp_1_wc_privacy_cleanup&nonce=32ea2ee367 HTTP/1.1" 200 4216 "-" "WordPress/6.6.2; https://startupclm.ncdesarrollos.com"
194.50.16.252 - - [27/Jan/2025:09:53:55 +0100] "GET / HTTP/1.1" 301 576 "-" "Mozilla/5.0 (Macintosh; Intel Mac OS X 10_15_7) AppleWebKit/605.1.15 (KHTML, like Gecko) Version/17.0.1 Mobile/15E148 Safari/604.1"
163.172.105.12 - - [27/Jan/2025:09:54:53 +0100] "POST /wp-cron.php?doing_wp_cron=1737968091.5426781177520751953125 HTTP/1.1" 200 4081 "-" "WordPress/6.6.2; https://startupclm.ncdesarrollos.com"
194.50.16.252 - - [27/Jan/2025:09:53:43 +0100] "GET / HTTP/1.1" 200 16648 "-" "Mozilla/5.0 (Windows NT 10.0; Win64; x64; WOW64; rv:41.0) Gecko/20100101 Firefox/127.0.2 (x64 de)"
163.172.105.12 - - [27/Jan/2025:20:29:17 +0100] "POST /wp-cron.php?doing_wp_cron=1738006155.3508720397949218750000 HTTP/1.1" 200 4081 "-" "WordPress/6.6.2; https://startupclm.ncdesarrollos.com"
205.210.31.67 - - [27/Jan/2025:20:29:04 +0100] "GET / HTTP/1.1" 200 58247 "-" "Expanse, a Palo Alto Networks company, searches across the global IPv4 space multiple times per day to identify customers' presences on the Internet. If you would like to be excluded from our scans, please send IP addresses/domains to: scaninfo@paloaltonetworks.com"
163.172.105.12 - - [27/Jan/2025:20:35:11 +0100] "POST /wp-cron.php?doing_wp_cron=1738006510.1761639118194580078125 HTTP/1.1" 200 4081 "-" "WordPress/6.6.2; https://startupclm.ncdesarrollos.com"
163.172.105.12 - - [27/Jan/2025:20:35:08 +0100] "POST /wp-admin/admin-ajax.php?action=wp_1_wc_privacy_cleanup&nonce=bf918ca175 HTTP/1.1" 200 4216 "-" "WordPress/6.6.2; https://startupclm.ncdesarrollos.com"
157.245.105.107 - - [28/Jan/2025:06:07:30 +0100] "GET /actuator/env HTTP/1.1" 404 4246 "-" "Go-http-client/1.1"
157.245.105.107 - - [28/Jan/2025:06:07:31 +0100] "GET /server HTTP/1.1" 404 1041 "-" "Go-http-client/1.1"
157.245.105.107 - - [28/Jan/2025:06:07:31 +0100] "GET /.vscode/sftp.json HTTP/1.1" 404 1041 "-" "Go-http-client/1.1"
157.245.105.107 - - [28/Jan/2025:06:07:31 +0100] "GET /about HTTP/1.1" 404 1041 "-" "Go-http-client/1.1"
157.245.105.107 - - [28/Jan/2025:06:07:32 +0100] "GET /debug/default/view?panel=config HTTP/1.1" 404 1041 "-" "Go-http-client/1.1"
157.245.105.107 - - [28/Jan/2025:06:07:32 +0100] "GET /v2/_catalog HTTP/1.1" 404 1041 "-" "Go-http-client/1.1"
157.245.105.107 - - [28/Jan/2025:06:07:33 +0100] "GET /ecp/Current/exporttool/microsoft.exchange.ediscovery.exporttool.application HTTP/1.1" 404 1041 "-" "Go-http-client/1.1"
157.245.105.107 - - [28/Jan/2025:06:07:33 +0100] "GET /server-status HTTP/1.1" 403 1044 "-" "Go-http-client/1.1"
157.245.105.107 - - [28/Jan/2025:06:07:33 +0100] "GET /login.action HTTP/1.1" 404 1041 "-" "Go-http-client/1.1"
157.245.105.107 - - [28/Jan/2025:06:07:34 +0100] "GET /_all_dbs HTTP/1.1" 404 1041 "-" "Mozilla/5.0 (l9scan/2.0.2313e2530313e2237313e2336313; +https://leakix.net)"
157.245.105.107 - - [28/Jan/2025:06:07:34 +0100] "GET /.DS_Store HTTP/1.1" 404 1041 "-" "Go-http-client/1.1"
157.245.105.107 - - [28/Jan/2025:06:07:35 +0100] "GET /.env HTTP/1.1" 404 1041 "-" "Go-http-client/1.1"
157.245.105.107 - - [28/Jan/2025:06:07:35 +0100] "GET /.git/config HTTP/1.1" 404 1041 "-" "Go-http-client/1.1"
157.245.105.107 - - [28/Jan/2025:06:07:35 +0100] "GET /s/2313e2530313e2237313e2336313/_/;/META-INF/maven/com.atlassian.jira/jira-webapp-dist/pom.properties HTTP/1.1" 404 1041 "-" "Go-http-client/1.1"
157.245.105.107 - - [28/Jan/2025:06:07:36 +0100] "GET /config.json HTTP/1.1" 404 1041 "-" "Go-http-client/1.1"
157.245.105.107 - - [28/Jan/2025:06:07:36 +0100] "GET /telescope/requests HTTP/1.1" 404 1041 "-" "Go-http-client/1.1"
157.245.105.107 - - [28/Jan/2025:06:07:37 +0100] "GET /info.php HTTP/1.1" 404 779 "-" "Go-http-client/1.1"
163.172.105.12 - - [28/Jan/2025:06:08:24 +0100] "POST /wp-cron.php?doing_wp_cron=1738040900.9544661045074462890625 HTTP/1.1" 200 4081 "-" "WordPress/6.6.2; https://startupclm.ncdesarrollos.com"
163.172.105.12 - - [28/Jan/2025:06:08:24 +0100] "POST /wp-cron.php?doing_wp_cron=1738040900.9544661045074462890625 HTTP/1.1" 200 4081 "-" "WordPress/6.6.2; https://startupclm.ncdesarrollos.com"
157.245.105.107 - - [28/Jan/2025:06:07:19 +0100] "GET / HTTP/1.1" 200 3753 "-" "-"
157.245.105.107 - - [28/Jan/2025:06:07:20 +0100] "GET / HTTP/1.1" 200 3753 "-" "Mozilla/5.0 (Linux; Android 6.0; HTC One M9 Build/MRA988726) AppleWebKit/537.36 (KHTML, like Gecko) Chrome/52.0.2745.98 Mobile Safari/537.3"
163.172.105.12 - - [28/Jan/2025:06:08:25 +0100] "POST /wp-cron.php?doing_wp_cron=1738040900.9548349380493164062500 HTTP/1.1" 200 4081 "-" "WordPress/6.6.2; https://startupclm.ncdesarrollos.com"
157.245.105.107 - - [28/Jan/2025:06:07:37 +0100] "GET /?rest_route=/wp/v2/users/ HTTP/1.1" 200 548 "-" "Go-http-client/1.1"
143.198.53.35 - - [28/Jan/2025:10:59:00 +0100] "GET / HTTP/1.1" 301 557 "-" "Mozilla/5.0 (compatible)"
143.198.53.35 - - [28/Jan/2025:10:59:00 +0100] "GET /ads.txt HTTP/1.1" 301 571 "-" "Mozilla/5.0 (compatible)"
163.172.105.12 - - [28/Jan/2025:10:59:12 +0100] "POST /wp-cron.php?doing_wp_cron=1738058348.2531878948211669921875 HTTP/1.1" 200 4081 "-" "WordPress/6.6.2; https://startupclm.ncdesarrollos.com"
143.198.53.35 - - [28/Jan/2025:10:59:01 +0100] "GET / HTTP/1.1" 200 16629 "-" "Mozilla/5.0 (compatible)"
163.172.105.12 - - [28/Jan/2025:11:06:56 +0100] "POST /wp-cron.php?doing_wp_cron=1738058815.9513831138610839843750 HTTP/1.1" 200 4081 "-" "WordPress/6.6.2; https://startupclm.ncdesarrollos.com"
163.172.105.12 - - [28/Jan/2025:11:06:53 +0100] "POST /wp-admin/admin-ajax.php?action=wp_1_wc_privacy_cleanup&nonce=434eb480dd HTTP/1.1" 200 4216 "-" "WordPress/6.6.2; https://startupclm.ncdesarrollos.com"
147.185.132.19 - - [28/Jan/2025:23:28:52 +0100] "GET / HTTP/1.1" 301 557 "-" "Expanse, a Palo Alto Networks company, searches across the global IPv4 space multiple times per day to identify customers' presences on the Internet. If you would like to be excluded from our scans, please send IP addresses/domains to: scaninfo@paloaltonetworks.com"
194.50.16.252 - - [29/Jan/2025:13:34:49 +0100] "GET /env HTTP/1.1" 301 582 "-" "Mozilla/5.0 (X11; Linux x86_64) AppleWebKit/537.36 (KHTML, like Gecko) Chrome/52.0.2743.82 Safari/537.36"
194.50.16.252 - - [29/Jan/2025:13:34:50 +0100] "GET /actuator/env HTTP/1.1" 301 600 "-" "Mozilla/5.0 (Macintosh; Intel Mac OS X 10_15_1) AppleWebKit/537.36 (KHTML, like Gecko) Chrome/79.0.3945.88 Safari/537.36"
194.50.16.252 - - [29/Jan/2025:13:34:51 +0100] "GET /admin/actuator/env HTTP/1.1" 301 612 "-" "Mozilla/5.0 (X11; CrOS x86_64 14092.77.0) AppleWebKit/537.36 (KHTML, like Gecko) Chrome/93.0.4577.107 Safari/537.36"
194.50.16.252 - - [29/Jan/2025:13:34:51 +0100] "GET /api/env HTTP/1.1" 301 590 "-" "Mozilla/5.0 (Debian; Linux i686) AppleWebKit/537.36 (KHTML, like Gecko) Chrome/122.0.0.0 Safari/537.36"
194.50.16.252 - - [29/Jan/2025:13:34:52 +0100] "GET /admin/env HTTP/1.1" 301 594 "-" "Mozilla/5.0 (Debian; Linux x86_64) AppleWebKit/537.36 (KHTML, like Gecko) Chrome/120.0.0.0 Safari/537.36"
194.50.16.252 - - [29/Jan/2025:13:34:54 +0100] "GET /api/actuator/env HTTP/1.1" 301 608 "-" "Mozilla/5.0 (Macintosh; Intel Mac OS X 10_15_7) AppleWebKit/605.1.15 (KHTML, like Gecko) Version/17.2.1 Safari/605.7.15"
194.50.16.252 - - [29/Jan/2025:13:34:55 +0100] "GET /env; HTTP/1.1" 301 584 "-" "Mozilla/5.0 (Fedora; Linux i686) AppleWebKit/537.36 (KHTML, like Gecko) Chrome/125.0.0.0 Safari/537.36"
194.50.16.252 - - [29/Jan/2025:13:34:56 +0100] "GET /actuator;/env; HTTP/1.1" 301 604 "-" "Mozilla/5.0 (Knoppix; Linux i686; rv:128.0) Gecko/20100101 Firefox/128.0"
194.50.16.252 - - [29/Jan/2025:13:34:56 +0100] "GET /config/env HTTP/1.1" 301 596 "-" "Mozilla/5.0 (Macintosh; Intel Mac OS X 10_15_6) AppleWebKit/605.1.15 (KHTML, like Gecko) Version/15.6.6 Safari/605.1.15"
194.50.16.252 - - [29/Jan/2025:13:34:57 +0100] "GET /config/actuator/env HTTP/1.1" 301 614 "-" "Mozilla/5.0 (Kubuntu; Linux x86_64; rv:127.0) Gecko/20100101 Firefox/127.0"
194.50.16.252 - - [29/Jan/2025:13:34:58 +0100] "GET /startupclm/actuator/env HTTP/1.1" 301 622 "-" "Mozilla/5.0 (Kubuntu; Linux i686) AppleWebKit/537.36 (KHTML, like Gecko) Chrome/126.0.0.0 Safari/537.36"
194.50.16.252 - - [29/Jan/2025:13:34:59 +0100] "GET /startupclm/env HTTP/1.1" 301 604 "-" "Mozilla/5.0 (Knoppix; Linux i686; rv:122.0) Gecko/20100101 Firefox/122.0"
194.50.16.252 - - [29/Jan/2025:13:35:00 +0100] "GET /ncdesarrollos/actuator/env HTTP/1.1" 301 628 "-" "Mozilla/5.0 (ZZ; Linux x86_64; rv:125.0) Gecko/20100101 Firefox/125.0"
194.50.16.252 - - [29/Jan/2025:13:35:01 +0100] "GET /ncdesarrollos/env HTTP/1.1" 301 610 "-" "Mozilla/5.0 (X11; Linux x86_64; rv:68.0) Gecko/20100101 Firefox/68.0"
163.172.105.12 - - [29/Jan/2025:17:36:10 +0100] "POST /wp-cron.php?doing_wp_cron=1738168570.5733621120452880859375 HTTP/1.1" 200 4081 "-" "WordPress/6.6.2; https://startupclm.ncdesarrollos.com"
194.164.107.4 - - [29/Jan/2025:17:36:09 +0100] "GET / HTTP/1.1" 200 16629 "-" "Mozilla/5.0 (Windows NT 10.0; Win64; x64) AppleWebKit/537.36 (KHTML, like Gecko) Chrome/102.0.0.0 Safari/537.36"
163.172.105.12 - - [29/Jan/2025:17:36:16 +0100] "POST /wp-admin/admin-ajax.php?action=wp_1_wc_privacy_cleanup&nonce=c09b8236ba HTTP/1.1" 200 4216 "-" "WordPress/6.6.2; https://startupclm.ncdesarrollos.com"
194.164.107.4 - - [29/Jan/2025:17:41:41 +0100] "GET /favicon.ico HTTP/1.1" 404 4274 "-" "Mozilla/5.0 (Windows NT 10.0; Win64; x64) AppleWebKit/537.36 (KHTML, like Gecko) Chrome/102.0.0.0 Safari/537.36"
163.172.105.12 - - [30/Jan/2025:06:17:19 +0100] "POST /wp-cron.php?doing_wp_cron=1738214238.6227500438690185546875 HTTP/1.1" 200 4081 "-" "WordPress/6.6.2; https://startupclm.ncdesarrollos.com"
163.172.105.12 - - [30/Jan/2025:06:17:20 +0100] "POST /wp-cron.php?doing_wp_cron=1738214238.6227550506591796875000 HTTP/1.1" 200 4081 "-" "WordPress/6.6.2; https://startupclm.ncdesarrollos.com"
138.68.144.227 - - [30/Jan/2025:06:16:37 +0100] "GET / HTTP/1.1" 200 3753 "-" "-"
138.68.144.227 - - [30/Jan/2025:06:16:38 +0100] "GET / HTTP/1.1" 200 3753 "-" "Mozilla/5.0 (Linux; Android 6.0; HTC One M9 Build/MRA988726) AppleWebKit/537.36 (KHTML, like Gecko) Chrome/52.0.2745.98 Mobile Safari/537.3"
163.172.105.12 - - [30/Jan/2025:23:21:10 +0100] "POST /wp-cron.php?doing_wp_cron=1738275669.7730998992919921875000 HTTP/1.1" 200 4081 "-" "WordPress/6.6.2; https://startupclm.ncdesarrollos.com"
198.235.24.37 - - [30/Jan/2025:23:21:08 +0100] "GET / HTTP/1.1" 200 63850 "-" "Expanse, a Palo Alto Networks company, searches across the global IPv4 space multiple times per day to identify customers' presences on the Internet. If you would like to be excluded from our scans, please send IP addresses/domains to: scaninfo@paloaltonetworks.com"
163.172.105.12 - - [30/Jan/2025:23:21:40 +0100] "POST /wp-admin/admin-ajax.php?action=wp_1_wc_privacy_cleanup&nonce=a3685131f1 HTTP/1.1" 200 4216 "-" "WordPress/6.6.2; https://startupclm.ncdesarrollos.com"
198.235.24.216 - - [31/Jan/2025:06:02:06 +0100] "GET / HTTP/1.1" 301 557 "-" "Expanse, a Palo Alto Networks company, searches across the global IPv4 space multiple times per day to identify customers' presences on the Internet. If you would like to be excluded from our scans, please send IP addresses/domains to: scaninfo@paloaltonetworks.com"
167.94.138.48 - - [31/Jan/2025:07:53:36 +0100] "GET / HTTP/1.1" 301 557 "-" "Mozilla/5.0 (compatible; CensysInspect/1.1; +https://about.censys.io/)"
163.172.105.12 - - [31/Jan/2025:07:55:25 +0100] "POST /wp-cron.php?doing_wp_cron=1738306523.6811749935150146484375 HTTP/1.1" 200 4081 "-" "WordPress/6.6.2; https://startupclm.ncdesarrollos.com"
167.94.138.48 - - [31/Jan/2025:07:54:01 +0100] "GET / HTTP/1.1" 200 16629 "-" "Mozilla/5.0 (compatible; CensysInspect/1.1; +https://about.censys.io/)"
163.172.105.12 - - [31/Jan/2025:08:27:10 +0100] "POST /wp-cron.php?doing_wp_cron=1738308424.9673030376434326171875 HTTP/1.1" 200 4081 "-" "WordPress/6.6.2; https://startupclm.ncdesarrollos.com"
206.168.34.220 - - [31/Jan/2025:08:27:01 +0100] "GET / HTTP/1.1" 200 16629 "-" "Mozilla/5.0 (compatible; CensysInspect/1.1; +https://about.censys.io/)"
3.237.86.101 - - [31/Jan/2025:08:33:37 +0100] "GET / HTTP/1.1" 301 557 "-" "Mozilla/5.0 (Windows NT 10.0; Win64; x64) AppleWebKit/537.36 (KHTML, like Gecko) Chrome/100.0.4896.75 Safari/537.36"
34.57.194.30 - - [31/Jan/2025:22:31:24 +0100] "GET / HTTP/1.1" 301 613 "-" "Mozilla/5.0 (Windows NT 4.0; WOW64) AppleWebKit/537.36 (KHTML, like Gecko) Chrome/37.0.2049.0 Safari/537.36"
163.172.105.12 - - [31/Jan/2025:22:31:32 +0100] "POST /wp-cron.php?doing_wp_cron=1738359089.6598930358886718750000 HTTP/1.1" 200 4081 "-" "WordPress/6.6.2; https://startupclm.ncdesarrollos.com"
34.57.194.30 - - [31/Jan/2025:22:31:24 +0100] "GET / HTTP/1.1" 200 16732 "-" "Mozilla/5.0 (Windows NT 4.0; WOW64) AppleWebKit/537.36 (KHTML, like Gecko) Chrome/37.0.2049.0 Safari/537.36"
163.172.105.12 - - [31/Jan/2025:22:37:01 +0100] "POST /wp-cron.php?doing_wp_cron=1738359419.6881589889526367187500 HTTP/1.1" 200 4081 "-" "WordPress/6.6.2; https://startupclm.ncdesarrollos.com"
163.172.105.12 - - [31/Jan/2025:22:36:57 +0100] "POST /wp-admin/admin-ajax.php?action=wp_1_wc_privacy_cleanup&nonce=2e07e215d7 HTTP/1.1" 200 4216 "-" "WordPress/6.6.2; https://startupclm.ncdesarrollos.com"
194.50.16.252 - - [31/Jan/2025:23:41:37 +0100] "GET /appsettings.json HTTP/1.1" 301 608 "-" "Mozilla/5.0 (Macintosh; Intel Mac OS X 10_15_7) AppleWebKit/605.1.15 (KHTML, like Gecko) LoiLoNote/15.0.0 Version/17.3.1 Safari/605.1.15"
194.50.16.252 - - [31/Jan/2025:23:41:58 +0100] "GET /appsettings.Production.json HTTP/1.1" 301 630 "-" "Mozilla/5.0 (X11; CrOS x86_64 14541.0.0) AppleWebKit/537.36 (KHTML, like Gecko) Chrome/125.0.0.0 Safari/537.36"
194.50.16.252 - - [31/Jan/2025:23:42:05 +0100] "GET /admin/appsettings.json HTTP/1.1" 301 620 "-" "Mozilla/5.0 (Kubuntu; Linux x86_64; rv:127.0) Gecko/20100101 Firefox/127.0"
198.235.24.146 - - [01/Feb/2025:04:11:25 +0100] "GET / HTTP/1.1" 301 557 "-" "-"
163.172.105.12 - - [01/Feb/2025:04:12:15 +0100] "POST /wp-cron.php?doing_wp_cron=1738379533.9314889907836914062500 HTTP/1.1" 200 4081 "-" "WordPress/6.6.2; https://startupclm.ncdesarrollos.com"
198.235.24.146 - - [01/Feb/2025:04:11:25 +0100] "GET / HTTP/1.1" 200 49989 "http://163.172.105.12:80/" "-"
163.172.105.12 - - [01/Feb/2025:04:44:35 +0100] "POST /wp-cron.php?doing_wp_cron=1738381473.0312399864196777343750 HTTP/1.1" 200 4081 "-" "WordPress/6.6.2; https://startupclm.ncdesarrollos.com"
198.235.24.170 - - [01/Feb/2025:04:44:27 +0100] "GET / HTTP/1.1" 200 63850 "-" "-"
163.172.105.12 - - [01/Feb/2025:05:07:43 +0100] "POST /wp-cron.php?doing_wp_cron=1738382861.3214049339294433593750 HTTP/1.1" 200 4081 "-" "WordPress/6.6.2; https://startupclm.ncdesarrollos.com"
207.154.212.47 - - [01/Feb/2025:05:07:40 +0100] "GET / HTTP/1.1" 200 3753 "-" "-"
163.172.105.12 - - [01/Feb/2025:05:07:44 +0100] "POST /wp-cron.php?doing_wp_cron=1738382862.3916640281677246093750 HTTP/1.1" 200 4081 "-" "WordPress/6.6.2; https://startupclm.ncdesarrollos.com"
207.154.212.47 - - [01/Feb/2025:05:07:44 +0100] "GET /actuator/env HTTP/1.1" 404 4246 "-" "Go-http-client/1.1"
207.154.212.47 - - [01/Feb/2025:05:07:44 +0100] "GET /server HTTP/1.1" 404 1041 "-" "Go-http-client/1.1"
207.154.212.47 - - [01/Feb/2025:05:07:44 +0100] "GET /.vscode/sftp.json HTTP/1.1" 404 1041 "-" "Go-http-client/1.1"
207.154.212.47 - - [01/Feb/2025:05:07:44 +0100] "GET /about HTTP/1.1" 404 1041 "-" "Go-http-client/1.1"
207.154.212.47 - - [01/Feb/2025:05:07:44 +0100] "GET /debug/default/view?panel=config HTTP/1.1" 404 1041 "-" "Go-http-client/1.1"
207.154.212.47 - - [01/Feb/2025:05:07:41 +0100] "GET / HTTP/1.1" 200 58266 "-" "Mozilla/5.0 (Linux; Android 6.0; HTC One M9 Build/MRA988726) AppleWebKit/537.36 (KHTML, like Gecko) Chrome/52.0.2745.98 Mobile Safari/537.3"
207.154.212.47 - - [01/Feb/2025:05:07:44 +0100] "GET /v2/_catalog HTTP/1.1" 404 1041 "-" "Go-http-client/1.1"
207.154.212.47 - - [01/Feb/2025:05:07:44 +0100] "GET /ecp/Current/exporttool/microsoft.exchange.ediscovery.exporttool.application HTTP/1.1" 404 1041 "-" "Go-http-client/1.1"
207.154.212.47 - - [01/Feb/2025:05:07:44 +0100] "GET /server-status HTTP/1.1" 403 1044 "-" "Go-http-client/1.1"
207.154.212.47 - - [01/Feb/2025:05:07:45 +0100] "GET /login.action HTTP/1.1" 404 1041 "-" "Go-http-client/1.1"
207.154.212.47 - - [01/Feb/2025:05:07:45 +0100] "GET /_all_dbs HTTP/1.1" 404 1041 "-" "Mozilla/5.0 (l9scan/2.0.2313e2530313e2237313e2336313; +https://leakix.net)"
207.154.212.47 - - [01/Feb/2025:05:07:45 +0100] "GET /.DS_Store HTTP/1.1" 404 1041 "-" "Go-http-client/1.1"
207.154.212.47 - - [01/Feb/2025:05:07:45 +0100] "GET /.env HTTP/1.1" 404 1041 "-" "Go-http-client/1.1"
207.154.212.47 - - [01/Feb/2025:05:07:45 +0100] "GET /.git/config HTTP/1.1" 404 1041 "-" "Go-http-client/1.1"
207.154.212.47 - - [01/Feb/2025:05:07:45 +0100] "GET /s/2313e2530313e2237313e2336313/_/;/META-INF/maven/com.atlassian.jira/jira-webapp-dist/pom.properties HTTP/1.1" 404 1041 "-" "Go-http-client/1.1"
207.154.212.47 - - [01/Feb/2025:05:07:45 +0100] "GET /config.json HTTP/1.1" 404 1041 "-" "Go-http-client/1.1"
207.154.212.47 - - [01/Feb/2025:05:07:46 +0100] "GET /telescope/requests HTTP/1.1" 404 1041 "-" "Go-http-client/1.1"
207.154.212.47 - - [01/Feb/2025:05:07:46 +0100] "GET /info.php HTTP/1.1" 404 779 "-" "Go-http-client/1.1"
207.154.212.47 - - [01/Feb/2025:05:07:46 +0100] "GET /?rest_route=/wp/v2/users/ HTTP/1.1" 200 548 "-" "Go-http-client/1.1"
194.50.16.252 - - [02/Feb/2025:01:22:22 +0100] "GET /api/appsettings.json HTTP/1.1" 301 616 "-" "Mozilla/5.0 (Windows NT 10.0; Win64; x64; rv:82.0) Gecko/20100101 Firefox/82.0"
163.172.105.12 - - [02/Feb/2025:09:10:44 +0100] "POST /wp-cron.php?doing_wp_cron=1738483842.8149659633636474609375 HTTP/1.1" 200 4081 "-" "WordPress/6.6.2; https://startupclm.ncdesarrollos.com"
163.172.105.12 - - [02/Feb/2025:09:10:45 +0100] "POST /wp-cron.php?doing_wp_cron=1738483842.8178501129150390625000 HTTP/1.1" 200 4081 "-" "WordPress/6.6.2; https://startupclm.ncdesarrollos.com"
139.59.231.238 - - [02/Feb/2025:09:09:33 +0100] "GET / HTTP/1.1" 200 3753 "-" "Mozilla/5.0 (Linux; Android 6.0; HTC One M9 Build/MRA988726) AppleWebKit/537.36 (KHTML, like Gecko) Chrome/52.0.2745.98 Mobile Safari/537.3"
139.59.231.238 - - [02/Feb/2025:09:09:31 +0100] "GET / HTTP/1.1" 200 3753 "-" "-"
163.172.105.12 - - [02/Feb/2025:09:11:43 +0100] "POST /wp-cron.php HTTP/1.1" 200 4081 "-" "WordPress/6.6.2; https://startupclm.ncdesarrollos.com"
163.172.105.12 - - [02/Feb/2025:09:11:45 +0100] "POST /wp-cron.php?doing_wp_cron=1738483904.3634040355682373046875 HTTP/1.1" 200 4081 "-" "WordPress/6.6.2; https://startupclm.ncdesarrollos.com"
163.172.105.12 - - [02/Feb/2025:09:11:43 +0100] "GET / HTTP/1.1" 200 16695 "-" "WordPress/6.6.2; https://startupclm.ncdesarrollos.com"
163.172.105.12 - - [02/Feb/2025:09:11:48 +0100] "GET / HTTP/1.1" 200 16695 "-" "WordPress/6.6.2; https://startupclm.ncdesarrollos.com"
163.172.105.12 - - [02/Feb/2025:09:11:50 +0100] "GET / HTTP/1.1" 200 16695 "-" "WordPress/6.6.2; https://startupclm.ncdesarrollos.com"
163.172.105.12 - - [02/Feb/2025:09:11:54 +0100] "GET / HTTP/1.1" 200 16695 "-" "WordPress/6.6.2; https://startupclm.ncdesarrollos.com"
163.172.105.12 - - [02/Feb/2025:09:16:27 +0100] "POST /wp-cron.php?doing_wp_cron=1738484184.8367209434509277343750 HTTP/1.1" 200 4081 "-" "WordPress/6.6.2; https://startupclm.ncdesarrollos.com"
163.172.105.12 - - [02/Feb/2025:09:16:23 +0100] "POST /wp-admin/admin-ajax.php?action=wp_1_wc_privacy_cleanup&nonce=24654990f8 HTTP/1.1" 200 4216 "-" "WordPress/6.6.2; https://startupclm.ncdesarrollos.com"
163.172.105.12 - - [03/Feb/2025:06:49:43 +0100] "POST /wp-cron.php?doing_wp_cron=1738561781.3040270805358886718750 HTTP/1.1" 200 4081 "-" "WordPress/6.6.2; https://startupclm.ncdesarrollos.com"
71.6.134.232 - - [03/Feb/2025:06:48:48 +0100] "GET / HTTP/1.1" 200 16629 "-" "Mozilla/5.0 (Windows NT 10.0; Win64; x64) AppleWebKit/537.36 (KHTML, like Gecko) Chrome/102.0.0.0 Safari/537.36"
163.172.105.12 - - [03/Feb/2025:06:54:54 +0100] "POST /wp-cron.php?doing_wp_cron=1738562093.4635579586029052734375 HTTP/1.1" 200 4081 "-" "WordPress/6.6.2; https://startupclm.ncdesarrollos.com"
163.172.105.12 - - [03/Feb/2025:06:54:50 +0100] "POST /wp-admin/admin-ajax.php?action=wp_1_wc_privacy_cleanup&nonce=a1e9db7f02 HTTP/1.1" 200 4216 "-" "WordPress/6.6.2; https://startupclm.ncdesarrollos.com"
163.172.105.12 - - [03/Feb/2025:16:40:10 +0100] "POST /wp-cron.php?doing_wp_cron=1738597209.9545419216156005859375 HTTP/1.1" 200 4081 "-" "WordPress/6.6.2; https://startupclm.ncdesarrollos.com"
18.201.149.158 - - [03/Feb/2025:16:40:08 +0100] "GET / HTTP/1.0" 200 57869 "-" "Mozilla/5.0 (compatible; NetcraftSurveyAgent/1.0; +info@netcraft.com)"
163.172.105.12 - - [03/Feb/2025:16:40:12 +0100] "POST /wp-admin/admin-ajax.php?action=wp_1_wc_privacy_cleanup&nonce=cd90702a53 HTTP/1.1" 200 4216 "-" "WordPress/6.6.2; https://startupclm.ncdesarrollos.com"
163.172.105.12 - - [03/Feb/2025:21:04:36 +0100] "POST /wp-cron.php?doing_wp_cron=1738613076.6727180480957031250000 HTTP/1.1" 200 4081 "-" "WordPress/6.6.2; https://startupclm.ncdesarrollos.com"
34.231.21.20 - - [03/Feb/2025:21:04:35 +0100] "GET / HTTP/1.1" 200 16648 "-" "Mozilla/5.0 (Macintosh; Intel Mac OS X 10_12_1) AppleWebKit/537.36 (KHTML, like Gecko) Chrome/75.0.3770.142 Safari/537.36"
34.231.21.20 - - [03/Feb/2025:21:05:31 +0100] "GET //startupclm.ncdesarrollos.com/wp-content/plugins/woocommerce/assets/js/frontend/add-to-cart.min.js HTTP/1.1" 404 4246 "-" "Mozilla/5.0 (X11; U; Linux i686; en-US; rv:1.9.1.2) Gecko/20090803 Ubuntu/9.04 (jaunty) Shiretoko/3.5.2"
34.231.21.20 - - [03/Feb/2025:21:05:31 +0100] "GET //startupclm.ncdesarrollos.com/wp-content/plugins/woocommerce/assets/js/sourcebuster/sourcebuster.min.js HTTP/1.1" 404 4246 "-" "Mozilla/5.0 (Windows NT 6.1; Win64; x64; rv:2.0.1) Gecko/20100101 Firefox/4.0.1"
34.231.21.20 - - [03/Feb/2025:21:05:31 +0100] "GET /wp-emoji-release.min.js HTTP/1.1" 404 4246 "-" "Mozilla/5.0 (Windows NT 6.1; WOW64) AppleWebKit/537.36 (KHTML, like Gecko) Chrome/45.0.2454.101 Safari/537.36"
34.231.21.20 - - [03/Feb/2025:21:05:31 +0100] "GET //startupclm.ncdesarrollos.com/wp-content/plugins/woocommerce/assets/js/frontend/woocommerce.min.js HTTP/1.1" 404 4246 "-" "Mozilla/5.0 (compatible; Konqueror/4.2; Linux) KHTML/4.2.4 (like Gecko) Slackware/13.0"
34.231.21.20 - - [03/Feb/2025:21:05:31 +0100] "GET //startupclm.ncdesarrollos.com/wp-includes/js/jquery/jquery.min.js HTTP/1.1" 404 4246 "-" "Mozilla/5.0 (Linux; Android 8.0.0; LG-H870DS) AppleWebKit/537.36 (KHTML, like Gecko) Chrome/76.0.3809.111 Mobile Safari/537.36"
34.231.21.20 - - [03/Feb/2025:21:05:31 +0100] "GET //startupclm.ncdesarrollos.com/wp-content/plugins/woocommerce/assets/js/js-cookie/js.cookie.min.js HTTP/1.1" 404 4246 "-" "Mozilla/5.0 (Linux; Android 7.0; LG-H820) AppleWebKit/537.36 (KHTML, like Gecko) Chrome/76.0.3809.111 Mobile Safari/537.36"
34.231.21.20 - - [03/Feb/2025:21:05:31 +0100] "GET //startupclm.ncdesarrollos.com/wp-content/plugins/woocommerce/assets/js/jquery-blockui/jquery.blockUI.min.js HTTP/1.1" 404 4246 "-" "Mozilla/5.0 (Linux; Android 9; Nokia 6.1) AppleWebKit/537.36 (KHTML, like Gecko) Chrome/75.0.3770.143 Mobile Safari/537.36"
34.231.21.20 - - [03/Feb/2025:21:05:32 +0100] "GET //startupclm.ncdesarrollos.com/wp-content/plugins/woocommerce/assets/js/frontend/order-attribution.min.js HTTP/1.1" 404 4246 "-" "Opera/9.80 (Android; Opera Mini/43.3.2254/150.36; U; en) Presto/2.12.423 Version/12.16"
34.231.21.20 - - [03/Feb/2025:21:05:33 +0100] "GET //startupclm.ncdesarrollos.com/wp-includes/js/jquery/jquery-migrate.min.js HTTP/1.1" 404 4246 "-" "Mozilla/5.0 (MSIE 9.0; Windows NT 10.0; Win64; x64) AppleWebKit/537.36 (KHTML, like Gecko) Chrome/51.0.2704.79 Safari/537.36 Edge/14.14931"
147.185.132.192 - - [03/Feb/2025:21:57:56 +0100] "GET / HTTP/1.1" 301 557 "-" "Expanse, a Palo Alto Networks company, searches across the global IPv4 space multiple times per day to identify customers' presences on the Internet. If you would like to be excluded from our scans, please send IP addresses/domains to: scaninfo@paloaltonetworks.com"
18.202.28.146 - - [04/Feb/2025:00:00:35 +0100] "GET / HTTP/1.0" 301 576 "-" "Mozilla/5.0 (compatible; NetcraftSurveyAgent/1.0; +info@netcraft.com)"
163.172.105.12 - - [04/Feb/2025:00:00:38 +0100] "POST /wp-cron.php?doing_wp_cron=1738623638.7635591030120849609375 HTTP/1.1" 200 4081 "-" "WordPress/6.6.2; https://startupclm.ncdesarrollos.com"
18.202.28.146 - - [04/Feb/2025:00:00:38 +0100] "GET / HTTP/1.0" 200 63369 "-" "Mozilla/5.0 (compatible; NetcraftSurveyAgent/1.0; +info@netcraft.com)"
163.172.105.12 - - [04/Feb/2025:05:09:36 +0100] "POST /wp-cron.php?doing_wp_cron=1738642176.0236799716949462890625 HTTP/1.1" 200 4081 "-" "WordPress/6.6.2; https://startupclm.ncdesarrollos.com"
163.172.105.12 - - [04/Feb/2025:05:09:36 +0100] "POST /wp-cron.php?doing_wp_cron=1738642176.0236799716949462890625 HTTP/1.1" 200 4081 "-" "WordPress/6.6.2; https://startupclm.ncdesarrollos.com"
178.128.207.138 - - [04/Feb/2025:05:09:26 +0100] "GET / HTTP/1.1" 200 3753 "-" "-"
178.128.207.138 - - [04/Feb/2025:05:09:27 +0100] "GET / HTTP/1.1" 200 63869 "-" "Mozilla/5.0 (Linux; Android 6.0; HTC One M9 Build/MRA988726) AppleWebKit/537.36 (KHTML, like Gecko) Chrome/52.0.2745.98 Mobile Safari/537.3"
178.128.207.138 - - [04/Feb/2025:05:09:36 +0100] "GET /actuator/env HTTP/1.1" 404 4246 "-" "Go-http-client/1.1"
178.128.207.138 - - [04/Feb/2025:05:09:37 +0100] "GET /server HTTP/1.1" 404 1041 "-" "Go-http-client/1.1"
178.128.207.138 - - [04/Feb/2025:05:09:37 +0100] "GET /.vscode/sftp.json HTTP/1.1" 404 1041 "-" "Go-http-client/1.1"
178.128.207.138 - - [04/Feb/2025:05:09:37 +0100] "GET /about HTTP/1.1" 404 1041 "-" "Go-http-client/1.1"
178.128.207.138 - - [04/Feb/2025:05:09:37 +0100] "GET /debug/default/view?panel=config HTTP/1.1" 404 1041 "-" "Go-http-client/1.1"
178.128.207.138 - - [04/Feb/2025:05:09:37 +0100] "GET /v2/_catalog HTTP/1.1" 404 1041 "-" "Go-http-client/1.1"
178.128.207.138 - - [04/Feb/2025:05:09:37 +0100] "GET /ecp/Current/exporttool/microsoft.exchange.ediscovery.exporttool.application HTTP/1.1" 404 1041 "-" "Go-http-client/1.1"
178.128.207.138 - - [04/Feb/2025:05:09:37 +0100] "GET /server-status HTTP/1.1" 403 1044 "-" "Go-http-client/1.1"
178.128.207.138 - - [04/Feb/2025:05:09:38 +0100] "GET /login.action HTTP/1.1" 404 1041 "-" "Go-http-client/1.1"
178.128.207.138 - - [04/Feb/2025:05:09:38 +0100] "GET /_all_dbs HTTP/1.1" 404 1041 "-" "Mozilla/5.0 (l9scan/2.0.2313e2530313e2237313e2336313; +https://leakix.net)"
178.128.207.138 - - [04/Feb/2025:05:09:38 +0100] "GET /.DS_Store HTTP/1.1" 404 1041 "-" "Go-http-client/1.1"
178.128.207.138 - - [04/Feb/2025:05:09:38 +0100] "GET /.env HTTP/1.1" 404 1041 "-" "Go-http-client/1.1"
178.128.207.138 - - [04/Feb/2025:05:09:38 +0100] "GET /.git/config HTTP/1.1" 404 1041 "-" "Go-http-client/1.1"
178.128.207.138 - - [04/Feb/2025:05:09:38 +0100] "GET /s/2313e2530313e2237313e2336313/_/;/META-INF/maven/com.atlassian.jira/jira-webapp-dist/pom.properties HTTP/1.1" 404 1041 "-" "Go-http-client/1.1"
178.128.207.138 - - [04/Feb/2025:05:09:38 +0100] "GET /config.json HTTP/1.1" 404 1041 "-" "Go-http-client/1.1"
178.128.207.138 - - [04/Feb/2025:05:09:39 +0100] "GET /telescope/requests HTTP/1.1" 404 1041 "-" "Go-http-client/1.1"
178.128.207.138 - - [04/Feb/2025:05:09:39 +0100] "GET /info.php HTTP/1.1" 404 779 "-" "Go-http-client/1.1"
178.128.207.138 - - [04/Feb/2025:05:09:40 +0100] "GET /?rest_route=/wp/v2/users/ HTTP/1.1" 200 548 "-" "Go-http-client/1.1"
34.219.159.38 - - [04/Feb/2025:20:40:12 +0100] "GET /.git/config HTTP/1.1" 301 598 "-" "Mozilla/5.0 (Linux; Android 9; SAMSUNG SM-G950F Build/PPR1.180610.011) AppleWebKit/537.36 (KHTML, like Gecko) SamsungBrowser/9.4 Chrome/67.0.3396.87 Mobile Safari/537.36"
163.172.105.12 - - [05/Feb/2025:15:43:39 +0100] "POST /wp-cron.php?doing_wp_cron=1738766619.6999709606170654296875 HTTP/1.1" 200 4081 "-" "WordPress/6.6.2; https://startupclm.ncdesarrollos.com"
147.185.132.204 - - [05/Feb/2025:15:43:27 +0100] "GET / HTTP/1.1" 200 58247 "-" "Expanse, a Palo Alto Networks company, searches across the global IPv4 space multiple times per day to identify customers' presences on the Internet. If you would like to be excluded from our scans, please send IP addresses/domains to: scaninfo@paloaltonetworks.com"
163.172.105.12 - - [05/Feb/2025:15:44:19 +0100] "POST /wp-admin/admin-ajax.php?action=wp_1_wc_privacy_cleanup&nonce=c019719914 HTTP/1.1" 200 4216 "-" "WordPress/6.6.2; https://startupclm.ncdesarrollos.com"
164.92.244.132 - - [06/Feb/2025:03:11:32 +0100] "GET /actuator/env HTTP/1.1" 404 4246 "-" "Go-http-client/1.1"
164.92.244.132 - - [06/Feb/2025:03:11:32 +0100] "GET /server HTTP/1.1" 404 1041 "-" "Go-http-client/1.1"
164.92.244.132 - - [06/Feb/2025:03:11:32 +0100] "GET /.vscode/sftp.json HTTP/1.1" 404 1041 "-" "Go-http-client/1.1"
164.92.244.132 - - [06/Feb/2025:03:11:32 +0100] "GET /about HTTP/1.1" 404 1041 "-" "Go-http-client/1.1"
164.92.244.132 - - [06/Feb/2025:03:11:32 +0100] "GET /debug/default/view?panel=config HTTP/1.1" 404 1041 "-" "Go-http-client/1.1"
164.92.244.132 - - [06/Feb/2025:03:11:32 +0100] "GET /v2/_catalog HTTP/1.1" 404 1041 "-" "Go-http-client/1.1"
164.92.244.132 - - [06/Feb/2025:03:11:33 +0100] "GET /ecp/Current/exporttool/microsoft.exchange.ediscovery.exporttool.application HTTP/1.1" 404 1041 "-" "Go-http-client/1.1"
164.92.244.132 - - [06/Feb/2025:03:11:33 +0100] "GET /server-status HTTP/1.1" 403 1044 "-" "Go-http-client/1.1"
164.92.244.132 - - [06/Feb/2025:03:11:33 +0100] "GET /login.action HTTP/1.1" 404 1041 "-" "Go-http-client/1.1"
164.92.244.132 - - [06/Feb/2025:03:11:33 +0100] "GET /_all_dbs HTTP/1.1" 404 1041 "-" "Mozilla/5.0 (l9scan/2.0.2313e2530313e2237313e2336313; +https://leakix.net)"
164.92.244.132 - - [06/Feb/2025:03:11:33 +0100] "GET /.DS_Store HTTP/1.1" 404 1041 "-" "Go-http-client/1.1"
164.92.244.132 - - [06/Feb/2025:03:11:33 +0100] "GET /.env HTTP/1.1" 404 1041 "-" "Go-http-client/1.1"
164.92.244.132 - - [06/Feb/2025:03:11:33 +0100] "GET /.git/config HTTP/1.1" 404 1041 "-" "Go-http-client/1.1"
164.92.244.132 - - [06/Feb/2025:03:11:34 +0100] "GET /s/2313e2530313e2237313e2336313/_/;/META-INF/maven/com.atlassian.jira/jira-webapp-dist/pom.properties HTTP/1.1" 404 1041 "-" "Go-http-client/1.1"
164.92.244.132 - - [06/Feb/2025:03:11:34 +0100] "GET /config.json HTTP/1.1" 404 1041 "-" "Go-http-client/1.1"
164.92.244.132 - - [06/Feb/2025:03:11:34 +0100] "GET /telescope/requests HTTP/1.1" 404 1041 "-" "Go-http-client/1.1"
164.92.244.132 - - [06/Feb/2025:03:11:34 +0100] "GET /info.php HTTP/1.1" 404 779 "-" "Go-http-client/1.1"
163.172.105.12 - - [06/Feb/2025:03:12:18 +0100] "POST /wp-cron.php?doing_wp_cron=1738807936.6133000850677490234375 HTTP/1.1" 200 4081 "-" "WordPress/6.6.2; https://startupclm.ncdesarrollos.com"
163.172.105.12 - - [06/Feb/2025:03:12:18 +0100] "POST /wp-cron.php?doing_wp_cron=1738807936.6132950782775878906250 HTTP/1.1" 200 4081 "-" "WordPress/6.6.2; https://startupclm.ncdesarrollos.com"
164.92.244.132 - - [06/Feb/2025:03:11:21 +0100] "GET / HTTP/1.1" 200 3753 "-" "-"
164.92.244.132 - - [06/Feb/2025:03:11:22 +0100] "GET / HTTP/1.1" 200 3753 "-" "Mozilla/5.0 (Linux; Android 6.0; HTC One M9 Build/MRA988726) AppleWebKit/537.36 (KHTML, like Gecko) Chrome/52.0.2745.98 Mobile Safari/537.3"
163.172.105.12 - - [06/Feb/2025:03:12:20 +0100] "POST /wp-cron.php?doing_wp_cron=1738807936.6132969856262207031250 HTTP/1.1" 200 4081 "-" "WordPress/6.6.2; https://startupclm.ncdesarrollos.com"
164.92.244.132 - - [06/Feb/2025:03:11:34 +0100] "GET /?rest_route=/wp/v2/users/ HTTP/1.1" 200 548 "-" "Go-http-client/1.1"
198.235.24.249 - - [07/Feb/2025:01:40:20 +0100] "GET / HTTP/1.1" 301 557 "-" "Expanse, a Palo Alto Networks company, searches across the global IPv4 space multiple times per day to identify customers' presences on the Internet. If you would like to be excluded from our scans, please send IP addresses/domains to: scaninfo@paloaltonetworks.com"
163.172.105.12 - - [08/Feb/2025:02:08:28 +0100] "POST /wp-cron.php?doing_wp_cron=1738976908.0180630683898925781250 HTTP/1.1" 200 4081 "-" "WordPress/6.6.2; https://startupclm.ncdesarrollos.com"
165.227.173.41 - - [08/Feb/2025:02:08:27 +0100] "GET / HTTP/1.1" 200 58266 "-" "-"
165.227.173.41 - - [08/Feb/2025:02:08:28 +0100] "GET / HTTP/1.1" 200 63869 "-" "Mozilla/5.0 (Linux; Android 6.0; HTC One M9 Build/MRA988726) AppleWebKit/537.36 (KHTML, like Gecko) Chrome/52.0.2745.98 Mobile Safari/537.3"
165.227.173.41 - - [08/Feb/2025:02:08:28 +0100] "GET /actuator/env HTTP/1.1" 404 4246 "-" "Go-http-client/1.1"
165.227.173.41 - - [08/Feb/2025:02:08:28 +0100] "GET /server HTTP/1.1" 404 1041 "-" "Go-http-client/1.1"
165.227.173.41 - - [08/Feb/2025:02:08:28 +0100] "GET /.vscode/sftp.json HTTP/1.1" 404 1041 "-" "Go-http-client/1.1"
165.227.173.41 - - [08/Feb/2025:02:08:28 +0100] "GET /about HTTP/1.1" 404 1041 "-" "Go-http-client/1.1"
165.227.173.41 - - [08/Feb/2025:02:08:28 +0100] "GET /debug/default/view?panel=config HTTP/1.1" 404 1041 "-" "Go-http-client/1.1"
165.227.173.41 - - [08/Feb/2025:02:08:29 +0100] "GET /v2/_catalog HTTP/1.1" 404 1041 "-" "Go-http-client/1.1"
165.227.173.41 - - [08/Feb/2025:02:08:29 +0100] "GET /ecp/Current/exporttool/microsoft.exchange.ediscovery.exporttool.application HTTP/1.1" 404 1041 "-" "Go-http-client/1.1"
165.227.173.41 - - [08/Feb/2025:02:08:29 +0100] "GET /server-status HTTP/1.1" 403 1044 "-" "Go-http-client/1.1"
165.227.173.41 - - [08/Feb/2025:02:08:29 +0100] "GET /login.action HTTP/1.1" 404 1041 "-" "Go-http-client/1.1"
165.227.173.41 - - [08/Feb/2025:02:08:29 +0100] "GET /_all_dbs HTTP/1.1" 404 1041 "-" "Mozilla/5.0 (l9scan/2.0.2313e2530313e2237313e2336313; +https://leakix.net)"
165.227.173.41 - - [08/Feb/2025:02:08:29 +0100] "GET /.DS_Store HTTP/1.1" 404 1041 "-" "Go-http-client/1.1"
165.227.173.41 - - [08/Feb/2025:02:08:29 +0100] "GET /.env HTTP/1.1" 404 1041 "-" "Go-http-client/1.1"
165.227.173.41 - - [08/Feb/2025:02:08:29 +0100] "GET /.git/config HTTP/1.1" 404 1041 "-" "Go-http-client/1.1"
165.227.173.41 - - [08/Feb/2025:02:08:29 +0100] "GET /s/2313e2530313e2237313e2336313/_/;/META-INF/maven/com.atlassian.jira/jira-webapp-dist/pom.properties HTTP/1.1" 404 1041 "-" "Go-http-client/1.1"
165.227.173.41 - - [08/Feb/2025:02:08:30 +0100] "GET /config.json HTTP/1.1" 404 1041 "-" "Go-http-client/1.1"
165.227.173.41 - - [08/Feb/2025:02:08:30 +0100] "GET /telescope/requests HTTP/1.1" 404 1041 "-" "Go-http-client/1.1"
165.227.173.41 - - [08/Feb/2025:02:08:30 +0100] "GET /info.php HTTP/1.1" 404 779 "-" "Go-http-client/1.1"
165.227.173.41 - - [08/Feb/2025:02:08:30 +0100] "GET /?rest_route=/wp/v2/users/ HTTP/1.1" 200 2598 "-" "Go-http-client/1.1"
163.172.105.12 - - [08/Feb/2025:02:08:36 +0100] "POST /wp-admin/admin-ajax.php?action=wp_1_wc_privacy_cleanup&nonce=d2a8ce54e0 HTTP/1.1" 200 4216 "-" "WordPress/6.6.2; https://startupclm.ncdesarrollos.com"
163.172.105.12 - - [08/Feb/2025:09:34:50 +0100] "POST /wp-cron.php?doing_wp_cron=1739003690.7944729328155517578125 HTTP/1.1" 200 4081 "-" "WordPress/6.6.2; https://startupclm.ncdesarrollos.com"
45.148.10.237 - - [08/Feb/2025:09:34:50 +0100] "GET / HTTP/1.1" 200 16648 "-" "Mozilla/5.0 (Linux; Android 7.0; XT1585) AppleWebKit/537.36 (KHTML, like Gecko) Chrome/75.0.3770.101 Mobile Safari/537.36"
45.148.10.237 - - [08/Feb/2025:09:35:06 +0100] "GET //startupclm.ncdesarrollos.com/wp-content/plugins/woocommerce/assets/js/frontend/add-to-cart.min.js HTTP/1.1" 404 4246 "-" "Mozilla/5.0 (Linux; Android 9; Pixel XL) AppleWebKit/537.36 (KHTML, like Gecko) Chrome/76.0.3809.111 Mobile Safari/537.36"
45.148.10.237 - - [08/Feb/2025:09:35:06 +0100] "GET //startupclm.ncdesarrollos.com/wp-content/plugins/woocommerce/assets/js/frontend/add-to-cart.min.js?ver=9 HTTP/1.1" 404 4246 "-" "Mozilla/5.0 (Linux; Android 9; SM-G973F) AppleWebKit/537.36 (KHTML, like Gecko) Chrome/76.0.3809.111 Mobile Safari/537.36"
45.148.10.237 - - [08/Feb/2025:09:35:06 +0100] "GET //startupclm.ncdesarrollos.com/wp-content/plugins/woocommerce/assets/js/frontend/order-attribution.min.js HTTP/1.1" 404 4246 "-" "Mozilla/5.0 (Linux; Android 9; RMX1851) AppleWebKit/537.36 (KHTML, like Gecko) Chrome/75.0.3770.143 Mobile Safari/537.36"
45.148.10.237 - - [08/Feb/2025:09:35:06 +0100] "GET //startupclm.ncdesarrollos.com/wp-includes/js/jquery/jquery-migrate.min.js?ver=3 HTTP/1.1" 404 4246 "-" "msnbot/1.0 ( http://search.msn.com/msnbot.htm)"
45.148.10.237 - - [08/Feb/2025:09:35:06 +0100] "GET //startupclm.ncdesarrollos.com/wp-content/plugins/woocommerce/assets/js/js-cookie/js.cookie.min.js?ver=2 HTTP/1.1" 404 4246 "-" "Mozilla/5.0 (Macintosh; Intel Mac OS X 10_13_6) AppleWebKit/537.36 (KHTML, like Gecko) Chrome/74.0.3729.169 Safari/537.36"
45.148.10.237 - - [08/Feb/2025:09:35:06 +0100] "GET //startupclm.ncdesarrollos.com/wp-content/plugins/woocommerce/assets/js/sourcebuster/sourcebuster.min.js?ver=9 HTTP/1.1" 404 4246 "-" "Mozilla/5.0 (iPhone; CPU iPhone OS 10_3_3 like Mac OS X) AppleWebKit/603.3.8 (KHTML, like Gecko) Mobile/14G60 MicroMessenger/7.0.4(0x17000428) NetType/WIFI Language/zh_CN"
45.148.10.237 - - [08/Feb/2025:09:35:06 +0100] "GET //startupclm.ncdesarrollos.com/wp-content/plugins/woocommerce/assets/js/sourcebuster/sourcebuster.min.js HTTP/1.1" 404 4246 "-" "Mozilla/5.0 (iPhone; CPU iPhone OS 12_4 like Mac OS X) AppleWebKit/605.1.15 (KHTML, like Gecko) Mobile/15E148 MicroMessenger/7.0.5(0x17000523) NetType/WIFI Language/zh_CN"
45.148.10.237 - - [08/Feb/2025:09:35:06 +0100] "GET //startupclm.ncdesarrollos.com/wp-content/plugins/woocommerce/assets/js/frontend/order-attribution.min.js?ver=9 HTTP/1.1" 404 4246 "-" "Mozilla/5.0 (X11; Linux i686; rv:28.0) Gecko/20100101 Firefox/28.0"
45.148.10.237 - - [08/Feb/2025:09:35:06 +0100] "GET /wp-emoji-release.min.js?ver=6 HTTP/1.1" 404 4246 "-" "Mozilla/5.0 (Linux; U; Android 3.0; en-us; Xoom Build/HRI39) AppleWebKit/525.10 (KHTML, like Gecko) Version/3.0.4 Mobile Safari/523.12.2"
45.148.10.237 - - [08/Feb/2025:09:35:06 +0100] "GET //startupclm.ncdesarrollos.com/wp-content/plugins/woocommerce/assets/js/jquery-blockui/jquery.blockUI.min.js HTTP/1.1" 404 4246 "-" "Mozilla/5.0 (Macintosh; Intel Mac OS X 10_12_6) AppleWebKit/605.1.15 (KHTML, like Gecko) Version/12.1.2 Safari/605.1.15"
45.148.10.237 - - [08/Feb/2025:09:35:06 +0100] "GET //startupclm.ncdesarrollos.com/wp-content/plugins/woocommerce/assets/js/frontend/woocommerce.min.js HTTP/1.1" 404 4246 "-" "Mozilla/5.0 (Linux; Android 8.0.0; HTC U Ultra) AppleWebKit/537.36 (KHTML, like Gecko) Chrome/76.0.3809.89 Mobile Safari/537.36"
45.148.10.237 - - [08/Feb/2025:09:35:06 +0100] "GET /%5C/s.w.org%5C/images%5C/core%5C/emoji%5C/15.0.3%5C/72x72%5C/%22,%22ext%22:%22.png%22,%22svgUrl%22:%22https:%5C/%5C/s.w.org%5C/images%5C/core%5C/emoji%5C/15.0.3%5C/svg%5C/%22,%22svgExt%22:%22.svg%22,%22source%22:%7B%22concatemoji%22:%22https:%5C/%5C/startupclm.ncdesarrollos.com%5C/wp-includes%5C/js%5C/wp-emoji-release.min.js HTTP/1.1" 404 4246 "-" "Mozilla/5.0 (Windows NT 6.1; Win64; x64) AppleWebKit/537.36 (KHTML, like Gecko) Chrome/74.0.3729.169 Safari/537.36"
45.148.10.237 - - [08/Feb/2025:09:35:06 +0100] "GET //startupclm.ncdesarrollos.com/wp-content/plugins/woocommerce/assets/js/frontend/woocommerce.min.js?ver=9 HTTP/1.1" 404 4246 "-" "Mozilla/5.0 (iPhone; CPU iPhone OS 12_4 like Mac OS X) AppleWebKit/605.1.15 (KHTML, like Gecko) Mobile/15E148 MicroMessenger/7.0.5(0x17000523) NetType/4G Language/zh_CN"
45.148.10.237 - - [08/Feb/2025:09:35:06 +0100] "GET //startupclm.ncdesarrollos.com/wp-includes/js/jquery/jquery.min.js?ver=3 HTTP/1.1" 404 4246 "-" "Googlebot-News"
45.148.10.237 - - [08/Feb/2025:09:35:06 +0100] "GET /wp-emoji-release.min.js HTTP/1.1" 404 4246 "-" "Mozilla/5.0 (Linux; Android 8.0.0; SAMSUNG SM-G935F Build/R16NW) AppleWebKit/537.36 (KHTML, like Gecko) SamsungBrowser/9.4 Chrome/67.0.3396.87 Mobile Safari/537.36"
45.148.10.237 - - [08/Feb/2025:09:35:06 +0100] "GET /%5C/startupclm.ncdesarrollos.com%5C/wp-includes%5C/js%5C/wp-emoji-release.min.js HTTP/1.1" 404 4246 "-" "Mozilla/5.0 (Macintosh; U; PPC Mac OS X 10.5; en-US; rv:1.9.0.3) Gecko/2008092414 Firefox/3.0.3"
45.148.10.237 - - [08/Feb/2025:09:35:06 +0100] "GET //startupclm.ncdesarrollos.com/wp-content/plugins/woocommerce/assets/js/js-cookie/js.cookie.min.js HTTP/1.1" 404 4246 "-" "Mozilla/5.0 (Macintosh; Intel Mac OS X 10_14_6) AppleWebKit/605.1.15 (KHTML, like Gecko) Version/13.0 Safari/605.1.15"
45.148.10.237 - - [08/Feb/2025:09:35:06 +0100] "GET //startupclm.ncdesarrollos.com/wp-content/plugins/woocommerce/assets/js/jquery-blockui/jquery.blockUI.min.js?ver=2 HTTP/1.1" 404 4246 "-" "Mozilla/5.0 (Windows NT 10.0; WOW64) AppleWebKit/537.36 (KHTML, like Gecko) Chrome/75.0.3770.143 YaBrowser/19.7.2.470 Yowser/2.5 Safari/537.36"
45.148.10.237 - - [08/Feb/2025:09:35:06 +0100] "GET //startupclm.ncdesarrollos.com/wp-includes/js/jquery/jquery-migrate.min.js HTTP/1.1" 404 4246 "-" "Mozilla/5.0 (WindowsCE 6.0; rv:2.0.1) Gecko/20100101 Firefox/4.0.1"
45.148.10.237 - - [08/Feb/2025:09:35:06 +0100] "GET //startupclm.ncdesarrollos.com/wp-includes/js/jquery/jquery.min.js HTTP/1.1" 404 4246 "-" "Mozilla/5.0 (Macintosh; Intel Mac OS X 10_13_6) AppleWebKit/537.36 (KHTML, like Gecko) Chrome/75.0.3770.142 Safari/537.36"
163.172.105.12 - - [08/Feb/2025:15:03:54 +0100] "POST /wp-cron.php?doing_wp_cron=1739023434.8380289077758789062500 HTTP/1.1" 200 4081 "-" "WordPress/6.6.2; https://startupclm.ncdesarrollos.com"
198.235.24.151 - - [08/Feb/2025:15:03:54 +0100] "GET / HTTP/1.1" 200 63850 "-" "-"
163.172.105.12 - - [08/Feb/2025:15:03:56 +0100] "POST /wp-cron.php HTTP/1.1" 200 4081 "-" "WordPress/6.6.2; https://startupclm.ncdesarrollos.com"
163.172.105.12 - - [08/Feb/2025:15:03:56 +0100] "GET / HTTP/1.1" 200 16695 "-" "WordPress/6.6.2; https://startupclm.ncdesarrollos.com"
163.172.105.12 - - [08/Feb/2025:15:03:56 +0100] "GET / HTTP/1.1" 200 16695 "-" "WordPress/6.6.2; https://startupclm.ncdesarrollos.com"
163.172.105.12 - - [08/Feb/2025:15:03:57 +0100] "GET / HTTP/1.1" 200 16695 "-" "WordPress/6.6.2; https://startupclm.ncdesarrollos.com"
163.172.105.12 - - [08/Feb/2025:15:03:57 +0100] "GET / HTTP/1.1" 200 16695 "-" "WordPress/6.6.2; https://startupclm.ncdesarrollos.com"
163.172.105.12 - - [08/Feb/2025:15:03:59 +0100] "POST /wp-admin/admin-ajax.php?action=wp_1_wc_privacy_cleanup&nonce=0f3c642aa3 HTTP/1.1" 200 4216 "-" "WordPress/6.6.2; https://startupclm.ncdesarrollos.com"
163.172.105.12 - - [09/Feb/2025:09:03:57 +0100] "POST /wp-cron.php?doing_wp_cron=1739088237.8582060337066650390625 HTTP/1.1" 200 4081 "-" "WordPress/6.6.2; https://startupclm.ncdesarrollos.com"
34.34.21.42 - - [09/Feb/2025:09:03:43 +0100] "GET / HTTP/1.1" 200 3753 "-" "Scrapy/2.11.2 (+https://scrapy.org)"
198.235.24.10 - - [09/Feb/2025:10:51:00 +0100] "GET / HTTP/1.1" 301 557 "-" "-"
163.172.105.12 - - [09/Feb/2025:10:51:03 +0100] "POST /wp-cron.php?doing_wp_cron=1739094663.0851800441741943359375 HTTP/1.1" 200 4081 "-" "WordPress/6.6.2; https://startupclm.ncdesarrollos.com"
198.235.24.10 - - [09/Feb/2025:10:51:01 +0100] "GET / HTTP/1.1" 200 63850 "http://163.172.105.12:80/" "-"
163.172.105.12 - - [09/Feb/2025:10:51:37 +0100] "POST /wp-admin/admin-ajax.php?action=wp_1_wc_privacy_cleanup&nonce=c95abe67c7 HTTP/1.1" 200 4216 "-" "WordPress/6.6.2; https://startupclm.ncdesarrollos.com"
138.68.86.32 - - [10/Feb/2025:03:07:59 +0100] "GET /actuator/env HTTP/1.1" 404 4246 "-" "Go-http-client/1.1"
138.68.86.32 - - [10/Feb/2025:03:08:00 +0100] "GET /server HTTP/1.1" 404 1041 "-" "Go-http-client/1.1"
138.68.86.32 - - [10/Feb/2025:03:08:00 +0100] "GET /.vscode/sftp.json HTTP/1.1" 404 1041 "-" "Go-http-client/1.1"
138.68.86.32 - - [10/Feb/2025:03:08:00 +0100] "GET /about HTTP/1.1" 404 1041 "-" "Go-http-client/1.1"
138.68.86.32 - - [10/Feb/2025:03:08:00 +0100] "GET /debug/default/view?panel=config HTTP/1.1" 404 1041 "-" "Go-http-client/1.1"
138.68.86.32 - - [10/Feb/2025:03:08:00 +0100] "GET /v2/_catalog HTTP/1.1" 404 1041 "-" "Go-http-client/1.1"
138.68.86.32 - - [10/Feb/2025:03:08:00 +0100] "GET /ecp/Current/exporttool/microsoft.exchange.ediscovery.exporttool.application HTTP/1.1" 404 1041 "-" "Go-http-client/1.1"
138.68.86.32 - - [10/Feb/2025:03:08:00 +0100] "GET /server-status HTTP/1.1" 403 1044 "-" "Go-http-client/1.1"
138.68.86.32 - - [10/Feb/2025:03:08:00 +0100] "GET /login.action HTTP/1.1" 404 1041 "-" "Go-http-client/1.1"
138.68.86.32 - - [10/Feb/2025:03:08:00 +0100] "GET /_all_dbs HTTP/1.1" 404 1041 "-" "Mozilla/5.0 (l9scan/2.0.2313e2530313e2237313e2336313; +https://leakix.net)"
138.68.86.32 - - [10/Feb/2025:03:08:00 +0100] "GET /.DS_Store HTTP/1.1" 404 1041 "-" "Go-http-client/1.1"
138.68.86.32 - - [10/Feb/2025:03:08:00 +0100] "GET /.env HTTP/1.1" 404 1041 "-" "Go-http-client/1.1"
138.68.86.32 - - [10/Feb/2025:03:08:00 +0100] "GET /.git/config HTTP/1.1" 404 1041 "-" "Go-http-client/1.1"
138.68.86.32 - - [10/Feb/2025:03:08:01 +0100] "GET /s/2313e2530313e2237313e2336313/_/;/META-INF/maven/com.atlassian.jira/jira-webapp-dist/pom.properties HTTP/1.1" 404 1041 "-" "Go-http-client/1.1"
138.68.86.32 - - [10/Feb/2025:03:08:02 +0100] "GET /config.json HTTP/1.1" 404 1041 "-" "Go-http-client/1.1"
138.68.86.32 - - [10/Feb/2025:03:08:02 +0100] "GET /telescope/requests HTTP/1.1" 404 1041 "-" "Go-http-client/1.1"
138.68.86.32 - - [10/Feb/2025:03:08:02 +0100] "GET /info.php HTTP/1.1" 404 779 "-" "Go-http-client/1.1"
163.172.105.12 - - [10/Feb/2025:03:08:13 +0100] "POST /wp-cron.php?doing_wp_cron=1739153292.4731409549713134765625 HTTP/1.1" 200 4081 "-" "WordPress/6.6.2; https://startupclm.ncdesarrollos.com"
163.172.105.12 - - [10/Feb/2025:03:08:13 +0100] "POST /wp-cron.php?doing_wp_cron=1739153292.4731409549713134765625 HTTP/1.1" 200 4081 "-" "WordPress/6.6.2; https://startupclm.ncdesarrollos.com"
163.172.105.12 - - [10/Feb/2025:03:08:13 +0100] "POST /wp-cron.php?doing_wp_cron=1739153292.4735760688781738281250 HTTP/1.1" 200 4081 "-" "WordPress/6.6.2; https://startupclm.ncdesarrollos.com"
138.68.86.32 - - [10/Feb/2025:03:07:49 +0100] "GET / HTTP/1.1" 200 3753 "-" "Mozilla/5.0 (Linux; Android 6.0; HTC One M9 Build/MRA988726) AppleWebKit/537.36 (KHTML, like Gecko) Chrome/52.0.2745.98 Mobile Safari/537.3"
138.68.86.32 - - [10/Feb/2025:03:07:48 +0100] "GET / HTTP/1.1" 200 3753 "-" "-"
138.68.86.32 - - [10/Feb/2025:03:08:02 +0100] "GET /?rest_route=/wp/v2/users/ HTTP/1.1" 200 548 "-" "Go-http-client/1.1"
198.235.24.112 - - [11/Feb/2025:05:05:18 +0100] "GET / HTTP/1.1" 301 557 "-" "Expanse, a Palo Alto Networks company, searches across the global IPv4 space multiple times per day to identify customers' presences on the Internet. If you would like to be excluded from our scans, please send IP addresses/domains to: scaninfo@paloaltonetworks.com"
165.227.43.164 - - [11/Feb/2025:07:31:47 +0100] "GET / HTTP/1.1" 301 557 "-" "Mozilla/5.0 (compatible)"
165.227.43.164 - - [11/Feb/2025:07:31:48 +0100] "GET /ads.txt HTTP/1.1" 301 571 "-" "Mozilla/5.0 (compatible)"
163.172.105.12 - - [11/Feb/2025:07:31:49 +0100] "POST /wp-cron.php?doing_wp_cron=1739255509.2691171169281005859375 HTTP/1.1" 200 4081 "-" "WordPress/6.6.2; https://startupclm.ncdesarrollos.com"
165.227.43.164 - - [11/Feb/2025:07:31:48 +0100] "GET / HTTP/1.1" 200 16629 "-" "Mozilla/5.0 (compatible)"
163.172.105.12 - - [11/Feb/2025:07:31:51 +0100] "POST /wp-admin/admin-ajax.php?action=wp_1_wc_privacy_cleanup&nonce=cde6aea6a0 HTTP/1.1" 200 4216 "-" "WordPress/6.6.2; https://startupclm.ncdesarrollos.com"
165.227.43.164 - - [11/Feb/2025:07:31:52 +0100] "GET /favicon.ico HTTP/1.1" 404 4227 "https://startupclm.ncdesarrollos.com/" "Mozilla/5.0 (compatible)"
165.227.43.164 - - [11/Feb/2025:07:31:52 +0100] "GET /ads.txt HTTP/1.1" 404 4227 "-" "Mozilla/5.0 (compatible)"
163.172.105.12 - - [11/Feb/2025:12:15:15 +0100] "POST /wp-cron.php?doing_wp_cron=1739272515.8850231170654296875000 HTTP/1.1" 200 4081 "-" "WordPress/6.6.2; https://startupclm.ncdesarrollos.com"
51.81.46.212 - - [11/Feb/2025:12:15:15 +0100] "GET / HTTP/1.1" 200 63850 "-" "-"
163.172.105.12 - - [11/Feb/2025:14:49:04 +0100] "POST /wp-cron.php?doing_wp_cron=1739281744.4508008956909179687500 HTTP/1.1" 200 4081 "-" "WordPress/6.6.2; https://startupclm.ncdesarrollos.com"
71.6.134.233 - - [11/Feb/2025:14:49:04 +0100] "GET / HTTP/1.1" 200 16629 "-" "Mozilla/5.0 (Windows NT 10.0; Win64; x64) AppleWebKit/537.36 (KHTML, like Gecko) Chrome/102.0.0.0 Safari/537.36"
163.172.105.12 - - [11/Feb/2025:14:49:06 +0100] "POST /wp-admin/admin-ajax.php?action=wp_1_wc_privacy_cleanup&nonce=e382ed5118 HTTP/1.1" 200 4216 "-" "WordPress/6.6.2; https://startupclm.ncdesarrollos.com"
71.6.134.233 - - [11/Feb/2025:14:53:12 +0100] "GET /favicon.ico HTTP/1.1" 404 4274 "-" "Mozilla/5.0 (Windows NT 10.0; Win64; x64) AppleWebKit/537.36 (KHTML, like Gecko) Chrome/102.0.0.0 Safari/537.36"
163.172.105.12 - - [11/Feb/2025:15:54:59 +0100] "POST /wp-cron.php?doing_wp_cron=1739285699.9133861064910888671875 HTTP/1.1" 200 4081 "-" "WordPress/6.6.2; https://startupclm.ncdesarrollos.com"
205.210.31.210 - - [11/Feb/2025:15:54:59 +0100] "GET / HTTP/1.1" 200 63850 "-" "Expanse, a Palo Alto Networks company, searches across the global IPv4 space multiple times per day to identify customers' presences on the Internet. If you would like to be excluded from our scans, please send IP addresses/domains to: scaninfo@paloaltonetworks.com"
