163.172.105.12 - - [04/Dec/2024:20:27:47 +0100] "POST /wp-admin/admin-ajax.php?action=wp_1_wc_privacy_cleanup&nonce=443635ac2b HTTP/1.1" 200 4213 "-" "WordPress/6.6.2; https://startupclm.ncdesarrollos.com"
163.172.105.12 - - [05/Dec/2024:13:19:05 +0100] "POST /wp-cron.php?doing_wp_cron=1733401145.3327150344848632812500 HTTP/1.1" 200 4078 "-" "WordPress/6.6.2; https://startupclm.ncdesarrollos.com"
45.148.10.236 - - [05/Dec/2024:13:19:04 +0100] "GET / HTTP/1.1" 200 16645 "-" "Mozilla/5.0 (Macintosh; Intel Mac OS X 10_12_6) AppleWebKit/537.36 (KHTML, like Gecko) Chrome/69.0.3497.100 Safari/537.36"
45.148.10.236 - - [05/Dec/2024:13:19:18 +0100] "GET //startupclm.ncdesarrollos.com/wp-includes/js/jquery/jquery-migrate.min.js?ver=3 HTTP/1.1" 404 4243 "-" "Mozilla/5.0 (Windows NT 6.3; WOW64) AppleWebKit/537.36 (KHTML, like Gecko) Chrome/73.0.3800.0 Iron Safari/537.36"
45.148.10.236 - - [05/Dec/2024:13:19:18 +0100] "GET //startupclm.ncdesarrollos.com/wp-content/plugins/woocommerce/assets/js/frontend/add-to-cart.min.js HTTP/1.1" 404 4243 "-" "Mozilla/5.0 (Windows NT 6.2; rv:19.0) Gecko/20121129 Firefox/19.0"
45.148.10.236 - - [05/Dec/2024:13:19:18 +0100] "GET //startupclm.ncdesarrollos.com/wp-content/plugins/woocommerce/assets/js/frontend/add-to-cart.min.js?ver=9 HTTP/1.1" 404 4243 "-" "Mozilla/5.0 (Linux; Android 7.1.2; Redmi 4X) AppleWebKit/537.36 (KHTML, like Gecko) Chrome/76.0.3809.111 Mobile Safari/537.36"
45.148.10.236 - - [05/Dec/2024:13:19:18 +0100] "GET //startupclm.ncdesarrollos.com/wp-content/plugins/woocommerce/assets/js/frontend/order-attribution.min.js HTTP/1.1" 404 4243 "-" "Mozilla/4.0 (compatible; MSIE 7.0; Windows NT 6.0; Trident/4.0)"
45.148.10.236 - - [05/Dec/2024:13:19:18 +0100] "GET //startupclm.ncdesarrollos.com/wp-content/plugins/woocommerce/assets/js/frontend/order-attribution.min.js?ver=9 HTTP/1.1" 404 4243 "-" "Mozilla/5.0 (iPhone; CPU iPhone OS 12_4 like Mac OS X) AppleWebKit/605.1.15 (KHTML, like Gecko) Mobile/15E148"
45.148.10.236 - - [05/Dec/2024:13:19:18 +0100] "GET //startupclm.ncdesarrollos.com/wp-content/plugins/woocommerce/assets/js/frontend/woocommerce.min.js HTTP/1.1" 404 4243 "-" "WebCopier v4.6"
45.148.10.236 - - [05/Dec/2024:13:19:18 +0100] "GET //startupclm.ncdesarrollos.com/wp-content/plugins/woocommerce/assets/js/frontend/woocommerce.min.js?ver=9 HTTP/1.1" 404 4243 "-" "Mozilla/5.0 (Linux; Android 9; SM-G965U) AppleWebKit/537.36 (KHTML, like Gecko) Chrome/76.0.3809.111 Mobile Safari/537.36"
45.148.10.236 - - [05/Dec/2024:13:19:18 +0100] "GET //startupclm.ncdesarrollos.com/wp-content/plugins/woocommerce/assets/js/jquery-blockui/jquery.blockUI.min.js HTTP/1.1" 404 4243 "-" "Mozilla/5.0 (Windows NT 10.0; WOW64) AppleWebKit/537.36 (KHTML, like Gecko) Chrome/65.0.3325.181 Safari/537.36"
45.148.10.236 - - [05/Dec/2024:13:19:18 +0100] "GET //startupclm.ncdesarrollos.com/wp-content/plugins/woocommerce/assets/js/jquery-blockui/jquery.blockUI.min.js?ver=2 HTTP/1.1" 404 4243 "-" "Mozilla/5.0 (X11; Linux i686; rv:40.0) Gecko/20100101 Firefox/40.0"
45.148.10.236 - - [05/Dec/2024:13:19:18 +0100] "GET //startupclm.ncdesarrollos.com/wp-content/plugins/woocommerce/assets/js/js-cookie/js.cookie.min.js HTTP/1.1" 404 4243 "-" "Mozilla/5.0 (Windows NT 6.1; Win64; x64) AppleWebKit/537.36 (KHTML, like Gecko) Chrome/63.0.3239.108 Safari/537.36"
45.148.10.236 - - [05/Dec/2024:13:19:18 +0100] "GET //startupclm.ncdesarrollos.com/wp-content/plugins/woocommerce/assets/js/js-cookie/js.cookie.min.js?ver=2 HTTP/1.1" 404 4243 "-" "FAST-WebCrawler/3.8 (crawler at trd dot overture dot com; http://www.alltheweb.com/help/webmaster/crawler)"
45.148.10.236 - - [05/Dec/2024:13:19:18 +0100] "GET //startupclm.ncdesarrollos.com/wp-content/plugins/woocommerce/assets/js/sourcebuster/sourcebuster.min.js HTTP/1.1" 404 4243 "-" "Mozilla/5.0 (X11; U; Linux x86_64; sv-SE; rv:1.8.1.12) Gecko/20080207 Ubuntu/7.10 (gutsy) Firefox/2.0.0.12"
45.148.10.236 - - [05/Dec/2024:13:19:18 +0100] "GET //startupclm.ncdesarrollos.com/wp-content/plugins/woocommerce/assets/js/sourcebuster/sourcebuster.min.js?ver=9 HTTP/1.1" 404 4243 "-" "Mozilla/5.0 (Linux; Android 5.0.2; SAMSUNG SM-T530NU Build/LRX22G) AppleWebKit/537.36 (KHTML, like Gecko) SamsungBrowser/3.2 Chrome/38.0.2125.102 Safari/537.36"
45.148.10.236 - - [05/Dec/2024:13:19:18 +0100] "GET //startupclm.ncdesarrollos.com/wp-includes/js/jquery/jquery-migrate.min.js HTTP/1.1" 404 4243 "-" "Mozilla/5.0 (X11; Linux x86_64) AppleWebKit/537.36 (KHTML, like Gecko) Chrome/70.0.3538.113 Safari/537.36 Vivaldi/2.1.1337.51"
45.148.10.236 - - [05/Dec/2024:13:19:18 +0100] "GET /wp-emoji-release.min.js?ver=6 HTTP/1.1" 404 4243 "-" "SonyEricssonT100/R101"
45.148.10.236 - - [05/Dec/2024:13:19:18 +0100] "GET /%5C/s.w.org%5C/images%5C/core%5C/emoji%5C/15.0.3%5C/72x72%5C/%22,%22ext%22:%22.png%22,%22svgUrl%22:%22https:%5C/%5C/s.w.org%5C/images%5C/core%5C/emoji%5C/15.0.3%5C/svg%5C/%22,%22svgExt%22:%22.svg%22,%22source%22:%7B%22concatemoji%22:%22https:%5C/%5C/startupclm.ncdesarrollos.com%5C/wp-includes%5C/js%5C/wp-emoji-release.min.js HTTP/1.1" 404 4243 "-" "Mozilla/5.0 (Macintosh; Intel Mac OS X 10_13_6) AppleWebKit/605.1.15 (KHTML, like Gecko) Version/12.0.2 Safari/605.1.15"
45.148.10.236 - - [05/Dec/2024:13:19:18 +0100] "GET /wp-emoji-release.min.js HTTP/1.1" 404 4243 "-" "Opera/9.80 (Android; Opera Mini/7.5.33361/31.1543; U; en) Presto/2.8.119 Version/11.1010"
45.148.10.236 - - [05/Dec/2024:13:19:18 +0100] "GET //startupclm.ncdesarrollos.com/wp-includes/js/jquery/jquery.min.js HTTP/1.1" 404 4243 "-" "Mozilla/5.0 (Macintosh; Intel Mac OS X 10_14_0) AppleWebKit/537.36 (KHTML, like Gecko) Chrome/74.0.3729.131 Safari/537.36"
45.148.10.236 - - [05/Dec/2024:13:19:18 +0100] "GET /%5C/startupclm.ncdesarrollos.com%5C/wp-includes%5C/js%5C/wp-emoji-release.min.js HTTP/1.1" 404 4243 "-" "Mozilla/5.0 (SymbianOS/9.2; U; Series60/3.1 Nokia6120c/3.70; Profile/MIDP-2.0 Configuration/CLDC-1.1) AppleWebKit/413 (KHTML, like Gecko) Safari/413"
45.148.10.236 - - [05/Dec/2024:13:19:18 +0100] "GET //startupclm.ncdesarrollos.com/wp-includes/js/jquery/jquery.min.js?ver=3 HTTP/1.1" 404 4243 "-" "Mozilla/5.0 (Windows NT 10.0; WOW64) AppleWebKit/537.36 (KHTML, like Gecko) Chrome/74.0.3729.169 Safari/537.36"
163.172.105.12 - - [06/Dec/2024:08:24:40 +0100] "POST /wp-cron.php?doing_wp_cron=1733469880.4095408916473388671875 HTTP/1.1" 200 4078 "-" "WordPress/6.6.2; https://startupclm.ncdesarrollos.com"
52.209.148.248 - - [06/Dec/2024:08:24:39 +0100] "GET / HTTP/1.0" 200 63366 "-" "Mozilla/5.0 (compatible; NetcraftSurveyAgent/1.0; +info@netcraft.com)"
163.172.105.12 - - [06/Dec/2024:08:24:46 +0100] "POST /wp-admin/admin-ajax.php?action=wp_1_wc_privacy_cleanup&nonce=d728a8985f HTTP/1.1" 200 4213 "-" "WordPress/6.6.2; https://startupclm.ncdesarrollos.com"
147.185.132.94 - - [10/Dec/2024:08:25:03 +0100] "GET / HTTP/1.1" 301 557 "-" "Expanse, a Palo Alto Networks company, searches across the global IPv4 space multiple times per day to identify customers' presences on the Internet. If you would like to be excluded from our scans, please send IP addresses/domains to: scaninfo@paloaltonetworks.com"
163.172.105.12 - - [10/Dec/2024:10:48:45 +0100] "POST /wp-cron.php?doing_wp_cron=1733824124.4531710147857666015625 HTTP/1.1" 200 4078 "-" "WordPress/6.6.2; https://startupclm.ncdesarrollos.com"
205.210.31.76 - - [10/Dec/2024:10:48:06 +0100] "GET / HTTP/1.1" 200 58244 "-" "Expanse, a Palo Alto Networks company, searches across the global IPv4 space multiple times per day to identify customers' presences on the Internet. If you would like to be excluded from our scans, please send IP addresses/domains to: scaninfo@paloaltonetworks.com"
163.172.105.12 - - [10/Dec/2024:17:22:11 +0100] "POST /wp-cron.php?doing_wp_cron=1733847731.3990690708160400390625 HTTP/1.1" 200 4078 "-" "WordPress/6.6.2; https://startupclm.ncdesarrollos.com"
54.88.179.33 - - [10/Dec/2024:17:22:03 +0100] "GET / HTTP/1.1" 200 63894 "-" "Mozilla/5.0 \\(Windows NT 10.0\\; Win64\\; x64\\) AppleWebKit/537.36 \\(KHTML, like Gecko\\) Chrome/100.0.4896.60 Safari/537.36"
54.88.179.33 - - [10/Dec/2024:17:22:16 +0100] "GET / HTTP/1.1" 301 557 "-" "Mozilla/5.0 \\(Windows NT 10.0\\; Win64\\; x64\\) AppleWebKit/537.36 \\(KHTML, like Gecko\\) Chrome/100.0.4896.60 Safari/537.36"
54.88.179.33 - - [10/Dec/2024:17:22:16 +0100] "GET / HTTP/1.1" 200 60097 "-" "Mozilla/5.0 \\(Windows NT 10.0\\; Win64\\; x64\\) AppleWebKit/537.36 \\(KHTML, like Gecko\\) Chrome/100.0.4896.60 Safari/537.36"
163.172.105.12 - - [10/Dec/2024:17:24:30 +0100] "POST /wp-cron.php?doing_wp_cron=1733847869.8536939620971679687500 HTTP/1.1" 200 4078 "-" "WordPress/6.6.2; https://startupclm.ncdesarrollos.com"
163.172.105.12 - - [10/Dec/2024:17:24:28 +0100] "POST /wp-admin/admin-ajax.php?action=wp_1_wc_privacy_cleanup&nonce=936bcae3e8 HTTP/1.1" 200 4213 "-" "WordPress/6.6.2; https://startupclm.ncdesarrollos.com"
163.172.105.12 - - [10/Dec/2024:17:24:59 +0100] "POST /wp-cron.php HTTP/1.1" 200 4078 "-" "WordPress/6.6.2; https://startupclm.ncdesarrollos.com"
163.172.105.12 - - [10/Dec/2024:17:24:59 +0100] "GET / HTTP/1.1" 200 16692 "-" "WordPress/6.6.2; https://startupclm.ncdesarrollos.com"
163.172.105.12 - - [10/Dec/2024:17:25:02 +0100] "GET / HTTP/1.1" 200 16692 "-" "WordPress/6.6.2; https://startupclm.ncdesarrollos.com"
163.172.105.12 - - [10/Dec/2024:17:25:03 +0100] "GET / HTTP/1.1" 200 16692 "-" "WordPress/6.6.2; https://startupclm.ncdesarrollos.com"
163.172.105.12 - - [10/Dec/2024:17:25:05 +0100] "GET / HTTP/1.1" 200 16692 "-" "WordPress/6.6.2; https://startupclm.ncdesarrollos.com"
147.185.132.55 - - [13/Dec/2024:11:16:30 +0100] "GET / HTTP/1.1" 301 557 "-" "Expanse, a Palo Alto Networks company, searches across the global IPv4 space multiple times per day to identify customers' presences on the Internet. If you would like to be excluded from our scans, please send IP addresses/domains to: scaninfo@paloaltonetworks.com"
162.142.125.217 - - [13/Dec/2024:11:27:23 +0100] "GET / HTTP/1.1" 301 557 "-" "Mozilla/5.0 (compatible; CensysInspect/1.1; +https://about.censys.io/)"
163.172.105.12 - - [13/Dec/2024:11:28:01 +0100] "POST /wp-cron.php?doing_wp_cron=1734085681.2496550083160400390625 HTTP/1.1" 200 4078 "-" "WordPress/6.6.2; https://startupclm.ncdesarrollos.com"
162.142.125.217 - - [13/Dec/2024:11:27:28 +0100] "GET / HTTP/1.1" 200 16626 "-" "Mozilla/5.0 (compatible; CensysInspect/1.1; +https://about.censys.io/)"
163.172.105.12 - - [13/Dec/2024:11:31:19 +0100] "POST /wp-cron.php?doing_wp_cron=1734085878.7476449012756347656250 HTTP/1.1" 200 4078 "-" "WordPress/6.6.2; https://startupclm.ncdesarrollos.com"
163.172.105.12 - - [13/Dec/2024:11:31:16 +0100] "POST /wp-admin/admin-ajax.php?action=wp_1_wc_privacy_cleanup&nonce=17d67be6ca HTTP/1.1" 200 4213 "-" "WordPress/6.6.2; https://startupclm.ncdesarrollos.com"
163.172.105.12 - - [13/Dec/2024:12:26:35 +0100] "POST /wp-cron.php?doing_wp_cron=1734089195.3277881145477294921875 HTTP/1.1" 200 4078 "-" "WordPress/6.6.2; https://startupclm.ncdesarrollos.com"
167.94.145.110 - - [13/Dec/2024:12:26:30 +0100] "GET / HTTP/1.1" 200 16626 "-" "Mozilla/5.0 (compatible; CensysInspect/1.1; +https://about.censys.io/)"
167.94.145.110 - - [13/Dec/2024:12:26:36 +0100] "GET /favicon.ico HTTP/1.1" 404 4243 "-" "Mozilla/5.0 (compatible; CensysInspect/1.1; +https://about.censys.io/)"
163.172.105.12 - - [14/Dec/2024:09:14:47 +0100] "POST /wp-cron.php?doing_wp_cron=1734164085.9610440731048583984375 HTTP/1.1" 200 4078 "-" "WordPress/6.6.2; https://startupclm.ncdesarrollos.com"
205.210.31.195 - - [14/Dec/2024:09:14:15 +0100] "GET / HTTP/1.1" 200 58244 "-" "Expanse, a Palo Alto Networks company, searches across the global IPv4 space multiple times per day to identify customers' presences on the Internet. If you would like to be excluded from our scans, please send IP addresses/domains to: scaninfo@paloaltonetworks.com"
205.210.31.22 - - [14/Dec/2024:12:57:30 +0100] "GET / HTTP/1.1" 301 557 "-" "-"
163.172.105.12 - - [14/Dec/2024:12:57:35 +0100] "POST /wp-cron.php?doing_wp_cron=1734177454.5271809101104736328125 HTTP/1.1" 200 4078 "-" "WordPress/6.6.2; https://startupclm.ncdesarrollos.com"
205.210.31.22 - - [14/Dec/2024:12:57:30 +0100] "GET / HTTP/1.1" 200 63847 "http://163.172.105.12:80/" "-"
163.172.105.12 - - [14/Dec/2024:12:58:00 +0100] "POST /wp-cron.php HTTP/1.1" 200 4078 "-" "WordPress/6.6.2; https://startupclm.ncdesarrollos.com"
163.172.105.12 - - [14/Dec/2024:12:58:00 +0100] "GET / HTTP/1.1" 200 16692 "-" "WordPress/6.6.2; https://startupclm.ncdesarrollos.com"
163.172.105.12 - - [14/Dec/2024:12:58:01 +0100] "GET / HTTP/1.1" 200 16692 "-" "WordPress/6.6.2; https://startupclm.ncdesarrollos.com"
163.172.105.12 - - [14/Dec/2024:12:58:02 +0100] "GET / HTTP/1.1" 200 16692 "-" "WordPress/6.6.2; https://startupclm.ncdesarrollos.com"
163.172.105.12 - - [14/Dec/2024:12:58:05 +0100] "GET / HTTP/1.1" 200 16692 "-" "WordPress/6.6.2; https://startupclm.ncdesarrollos.com"
163.172.105.12 - - [14/Dec/2024:13:00:16 +0100] "POST /wp-cron.php?doing_wp_cron=1734177615.8793060779571533203125 HTTP/1.1" 200 4078 "-" "WordPress/6.6.2; https://startupclm.ncdesarrollos.com"
163.172.105.12 - - [14/Dec/2024:13:00:14 +0100] "POST /wp-admin/admin-ajax.php?action=wp_1_wc_privacy_cleanup&nonce=629e0dbb47 HTTP/1.1" 200 4213 "-" "WordPress/6.6.2; https://startupclm.ncdesarrollos.com"
34.41.63.187 - - [14/Dec/2024:13:36:39 +0100] "GET / HTTP/1.1" 301 613 "-" "Mozilla/5.0 (Macintosh; Intel Mac OS X 10_15_7) AppleWebKit/537.36 (KHTML, like Gecko) Chrome/127.0.0.0 Safari/537.36"
163.172.105.12 - - [14/Dec/2024:13:36:42 +0100] "POST /wp-cron.php?doing_wp_cron=1734179802.5027320384979248046875 HTTP/1.1" 200 4078 "-" "WordPress/6.6.2; https://startupclm.ncdesarrollos.com"
34.41.63.187 - - [14/Dec/2024:13:36:39 +0100] "GET / HTTP/1.1" 200 16729 "http://startupclm.ncdesarrollos.com/" "Mozilla/5.0 (Macintosh; Intel Mac OS X 10_15_7) AppleWebKit/537.36 (KHTML, like Gecko) Chrome/127.0.0.0 Safari/537.36"
34.41.63.187 - - [14/Dec/2024:13:36:44 +0100] "GET /app/ HTTP/1.1" 404 529 "-" "Mozilla/5.0 (Macintosh; Intel Mac OS X 10_15_7) AppleWebKit/537.36 (KHTML, like Gecko) Chrome/127.0.0.0 Safari/537.36"
34.41.63.187 - - [14/Dec/2024:13:36:44 +0100] "GET /login/ HTTP/1.1" 404 529 "-" "Mozilla/5.0 (Macintosh; Intel Mac OS X 10_15_7) AppleWebKit/537.36 (KHTML, like Gecko) Chrome/127.0.0.0 Safari/537.36"
163.172.105.12 - - [15/Dec/2024:03:33:04 +0100] "POST /wp-cron.php?doing_wp_cron=1734229983.3486649990081787109375 HTTP/1.1" 200 4078 "-" "WordPress/6.6.2; https://startupclm.ncdesarrollos.com"
205.210.31.16 - - [15/Dec/2024:03:32:26 +0100] "GET / HTTP/1.1" 200 58244 "-" "-"
199.45.155.105 - - [16/Dec/2024:07:23:16 +0100] "GET / HTTP/1.1" 301 557 "-" "Mozilla/5.0 (compatible; CensysInspect/1.1; +https://about.censys.io/)"
163.172.105.12 - - [16/Dec/2024:07:24:12 +0100] "POST /wp-cron.php?doing_wp_cron=1734330251.0376129150390625000000 HTTP/1.1" 200 4078 "-" "WordPress/6.6.2; https://startupclm.ncdesarrollos.com"
199.45.155.105 - - [16/Dec/2024:07:23:23 +0100] "GET / HTTP/1.1" 200 16626 "-" "Mozilla/5.0 (compatible; CensysInspect/1.1; +https://about.censys.io/)"
163.172.105.12 - - [16/Dec/2024:07:28:11 +0100] "POST /wp-cron.php?doing_wp_cron=1734330490.4816639423370361328125 HTTP/1.1" 200 4078 "-" "WordPress/6.6.2; https://startupclm.ncdesarrollos.com"
163.172.105.12 - - [16/Dec/2024:07:28:08 +0100] "POST /wp-admin/admin-ajax.php?action=wp_1_wc_privacy_cleanup&nonce=9da8fd44d7 HTTP/1.1" 200 4213 "-" "WordPress/6.6.2; https://startupclm.ncdesarrollos.com"
163.172.105.12 - - [16/Dec/2024:12:21:42 +0100] "POST /wp-cron.php?doing_wp_cron=1734348102.2242538928985595703125 HTTP/1.1" 200 4078 "-" "WordPress/6.6.2; https://startupclm.ncdesarrollos.com"
199.45.155.87 - - [16/Dec/2024:12:21:41 +0100] "GET / HTTP/1.1" 200 16626 "-" "Mozilla/5.0 (compatible; CensysInspect/1.1; +https://about.censys.io/)"
163.172.105.12 - - [16/Dec/2024:12:21:44 +0100] "POST /wp-admin/admin-ajax.php?action=wp_1_wc_privacy_cleanup&nonce=9da8fd44d7 HTTP/1.1" 200 4213 "-" "WordPress/6.6.2; https://startupclm.ncdesarrollos.com"
199.45.155.87 - - [16/Dec/2024:12:21:45 +0100] "GET /favicon.ico HTTP/1.1" 404 4243 "-" "Mozilla/5.0 (compatible; CensysInspect/1.1; +https://about.censys.io/)"
68.183.207.88 - - [17/Dec/2024:03:22:19 +0100] "GET / HTTP/1.1" 301 557 "-" "Mozilla/5.0 (compatible)"
68.183.207.88 - - [17/Dec/2024:03:22:19 +0100] "GET /ads.txt HTTP/1.1" 301 571 "-" "Mozilla/5.0 (compatible)"
163.172.105.12 - - [17/Dec/2024:03:22:20 +0100] "POST /wp-cron.php?doing_wp_cron=1734402140.8907179832458496093750 HTTP/1.1" 200 4078 "-" "WordPress/6.6.2; https://startupclm.ncdesarrollos.com"
68.183.207.88 - - [17/Dec/2024:03:22:20 +0100] "GET / HTTP/1.1" 200 16626 "-" "Mozilla/5.0 (compatible)"
68.183.207.88 - - [17/Dec/2024:03:22:23 +0100] "GET /favicon.ico HTTP/1.1" 404 4224 "https://startupclm.ncdesarrollos.com/" "Mozilla/5.0 (compatible)"
68.183.207.88 - - [17/Dec/2024:03:22:23 +0100] "GET /ads.txt HTTP/1.1" 404 4224 "-" "Mozilla/5.0 (compatible)"
23.178.112.103 - - [17/Dec/2024:22:00:16 +0100] "GET /.well-known/acme-challenge/M9Pk5YjXibDiU9cH8MrI3tMzXXOP-1njR2nr407_nPk HTTP/1.1" 200 308 "-" "Mozilla/5.0 (compatible; Let's Encrypt validation server; +https://www.letsencrypt.org)"
13.53.169.243 - - [17/Dec/2024:22:00:17 +0100] "GET /.well-known/acme-challenge/M9Pk5YjXibDiU9cH8MrI3tMzXXOP-1njR2nr407_nPk HTTP/1.1" 200 308 "-" "Mozilla/5.0 (compatible; Let's Encrypt validation server; +https://www.letsencrypt.org)"
3.138.106.198 - - [17/Dec/2024:22:00:17 +0100] "GET /.well-known/acme-challenge/M9Pk5YjXibDiU9cH8MrI3tMzXXOP-1njR2nr407_nPk HTTP/1.1" 200 308 "-" "Mozilla/5.0 (compatible; Let's Encrypt validation server; +https://www.letsencrypt.org)"
34.222.243.255 - - [17/Dec/2024:22:00:17 +0100] "GET /.well-known/acme-challenge/M9Pk5YjXibDiU9cH8MrI3tMzXXOP-1njR2nr407_nPk HTTP/1.1" 200 308 "-" "Mozilla/5.0 (compatible; Let's Encrypt validation server; +https://www.letsencrypt.org)"
13.250.4.170 - - [17/Dec/2024:22:00:17 +0100] "GET /.well-known/acme-challenge/M9Pk5YjXibDiU9cH8MrI3tMzXXOP-1njR2nr407_nPk HTTP/1.1" 200 308 "-" "Mozilla/5.0 (compatible; Let's Encrypt validation server; +https://www.letsencrypt.org)"
163.172.105.12 - - [17/Dec/2024:22:00:36 +0100] "POST /wp-cron.php?doing_wp_cron=1734469236.8365008831024169921875 HTTP/1.1" 200 4081 "-" "WordPress/6.6.2; https://startupclm.ncdesarrollos.com"
154.28.229.252 - - [17/Dec/2024:22:00:35 +0100] "GET / HTTP/1.1" 200 16732 "-" "Mozilla/5.0 (X11; Linux x86_64) AppleWebKit/537.36 (KHTML, like Gecko) Chrome/116.0.0.0 Safari/537.36"
104.164.173.142 - - [17/Dec/2024:22:00:40 +0100] "GET / HTTP/1.1" 200 16732 "-" "Mozilla/5.0 (Macintosh; Intel Mac OS X 10_15_7) AppleWebKit/537.36 (KHTML, like Gecko) Chrome/117.0.0.0 Safari/537.36"
163.172.105.12 - - [17/Dec/2024:22:00:42 +0100] "POST /wp-admin/admin-ajax.php?action=wp_1_wc_privacy_cleanup&nonce=25ed3a63c2 HTTP/1.1" 200 4216 "-" "WordPress/6.6.2; https://startupclm.ncdesarrollos.com"
154.28.229.252 - - [17/Dec/2024:22:00:48 +0100] "GET / HTTP/1.1" 200 16732 "-" "Mozilla/5.0 (Windows NT 10.0; Win64; x64) AppleWebKit/537.36 (KHTML, like Gecko) Chrome/117.0.0.0 Safari/537.36"
154.28.229.252 - - [17/Dec/2024:22:00:49 +0100] "GET /index.php/feed/ HTTP/1.1" 200 1220 "-" "Mozilla/5.0 (Windows NT 10.0; Win64; x64) AppleWebKit/537.36 (KHTML, like Gecko) Chrome/117.0.0.0 Safari/537.36"
68.183.9.16 - - [17/Dec/2024:22:01:34 +0100] "GET / HTTP/1.1" 301 576 "-" "-"
68.183.9.16 - - [17/Dec/2024:22:01:34 +0100] "GET / HTTP/1.1" 301 576 "-" "Mozilla/5.0 (Linux; Android 6.0; HTC One M9 Build/MRA988726) AppleWebKit/537.36 (KHTML, like Gecko) Chrome/52.0.2745.98 Mobile Safari/537.3"
68.183.9.16 - - [17/Dec/2024:22:01:34 +0100] "GET /actuator/env HTTP/1.1" 301 600 "-" "Go-http-client/1.1"
68.183.9.16 - - [17/Dec/2024:22:01:34 +0100] "GET /server HTTP/1.1" 301 588 "-" "Go-http-client/1.1"
68.183.9.16 - - [17/Dec/2024:22:01:34 +0100] "GET /.vscode/sftp.json HTTP/1.1" 301 610 "-" "Go-http-client/1.1"
68.183.9.16 - - [17/Dec/2024:22:01:34 +0100] "GET /about HTTP/1.1" 301 586 "-" "Go-http-client/1.1"
68.183.9.16 - - [17/Dec/2024:22:01:34 +0100] "GET /debug/default/view?panel=config HTTP/1.1" 301 638 "-" "Go-http-client/1.1"
68.183.9.16 - - [17/Dec/2024:22:01:35 +0100] "GET /v2/_catalog HTTP/1.1" 301 598 "-" "Go-http-client/1.1"
68.183.9.16 - - [17/Dec/2024:22:01:35 +0100] "GET /ecp/Current/exporttool/microsoft.exchange.ediscovery.exporttool.application HTTP/1.1" 301 726 "-" "Go-http-client/1.1"
138.68.86.32 - - [17/Dec/2024:22:01:34 +0100] "GET / HTTP/1.1" 200 63869 "-" "-"
68.183.9.16 - - [17/Dec/2024:22:01:35 +0100] "GET /server-status HTTP/1.1" 301 602 "-" "Go-http-client/1.1"
34.122.147.229 - - [17/Dec/2024:22:01:35 +0100] "GET / HTTP/1.1" 301 613 "-" "Mozilla/5.0 (X11; Linux x86_64) AppleWebKit/537.36 (KHTML, like Gecko) HeadlessChrome/125.0.6422.60 Safari/537.36"
68.183.9.16 - - [17/Dec/2024:22:01:36 +0100] "GET /login.action HTTP/1.1" 301 600 "-" "Go-http-client/1.1"
68.183.9.16 - - [17/Dec/2024:22:01:36 +0100] "GET /_all_dbs HTTP/1.1" 301 592 "-" "Mozilla/5.0 (l9scan/2.0.2313e2530313e2237313e2336313; +https://leakix.net)"
68.183.9.16 - - [17/Dec/2024:22:01:36 +0100] "GET /.DS_Store HTTP/1.1" 301 594 "-" "Go-http-client/1.1"
68.183.9.16 - - [17/Dec/2024:22:01:36 +0100] "GET /.env HTTP/1.1" 301 584 "-" "Go-http-client/1.1"
68.183.9.16 - - [17/Dec/2024:22:01:37 +0100] "GET /.git/config HTTP/1.1" 301 598 "-" "Go-http-client/1.1"
68.183.9.16 - - [17/Dec/2024:22:01:37 +0100] "GET /s/2313e2530313e2237313e2336313/_/;/META-INF/maven/com.atlassian.jira/jira-webapp-dist/pom.properties HTTP/1.1" 301 776 "-" "Go-http-client/1.1"
68.183.9.16 - - [17/Dec/2024:22:01:37 +0100] "GET /config.json HTTP/1.1" 301 598 "-" "Go-http-client/1.1"
68.183.9.16 - - [17/Dec/2024:22:01:37 +0100] "GET /telescope/requests HTTP/1.1" 301 612 "-" "Go-http-client/1.1"
68.183.9.16 - - [17/Dec/2024:22:01:37 +0100] "GET /info.php HTTP/1.1" 301 592 "-" "Go-http-client/1.1"
163.172.105.12 - - [17/Dec/2024:22:01:38 +0100] "POST /wp-cron.php?doing_wp_cron=1734469297.6041901111602783203125 HTTP/1.1" 200 4081 "-" "WordPress/6.6.2; https://startupclm.ncdesarrollos.com"
68.183.9.16 - - [17/Dec/2024:22:01:38 +0100] "GET /?rest_route=/wp/v2/users/ HTTP/1.1" 301 626 "-" "Go-http-client/1.1"
34.122.147.229 - - [17/Dec/2024:22:01:36 +0100] "GET / HTTP/1.1" 200 16732 "-" "Mozilla/5.0 (X11; Linux x86_64) AppleWebKit/537.36 (KHTML, like Gecko) HeadlessChrome/125.0.6422.60 Safari/537.36"
34.122.147.229 - - [17/Dec/2024:22:01:38 +0100] "GET /wp-includes/blocks/cover/style.min.css?ver=6.6.2 HTTP/1.1" 200 1989 "https://startupclm.ncdesarrollos.com/" "Mozilla/5.0 (X11; Linux x86_64) AppleWebKit/537.36 (KHTML, like Gecko) HeadlessChrome/125.0.6422.60 Safari/537.36"
34.122.147.229 - - [17/Dec/2024:22:01:39 +0100] "GET /wp-content/plugins/woocommerce/assets/client/blocks/wc-blocks.css?ver=wc-9.3.3 HTTP/1.1" 200 2959 "https://startupclm.ncdesarrollos.com/" "Mozilla/5.0 (X11; Linux x86_64) AppleWebKit/537.36 (KHTML, like Gecko) HeadlessChrome/125.0.6422.60 Safari/537.36"
34.122.147.229 - - [17/Dec/2024:22:01:39 +0100] "GET /wp-content/plugins/woocommerce/assets/client/blocks/coming-soon.css?ver=wc-9.3.3 HTTP/1.1" 200 2155 "https://startupclm.ncdesarrollos.com/" "Mozilla/5.0 (X11; Linux x86_64) AppleWebKit/537.36 (KHTML, like Gecko) HeadlessChrome/125.0.6422.60 Safari/537.36"
34.122.147.229 - - [17/Dec/2024:22:01:39 +0100] "GET /wp-content/plugins/woocommerce/assets/css/woocommerce-layout.css?ver=9.3.3 HTTP/1.1" 200 6777 "https://startupclm.ncdesarrollos.com/" "Mozilla/5.0 (X11; Linux x86_64) AppleWebKit/537.36 (KHTML, like Gecko) HeadlessChrome/125.0.6422.60 Safari/537.36"
34.122.147.229 - - [17/Dec/2024:22:01:39 +0100] "GET /wp-content/plugins/woocommerce/assets/css/woocommerce.css?ver=9.3.3 HTTP/1.1" 200 10418 "https://startupclm.ncdesarrollos.com/" "Mozilla/5.0 (X11; Linux x86_64) AppleWebKit/537.36 (KHTML, like Gecko) HeadlessChrome/125.0.6422.60 Safari/537.36"
34.122.147.229 - - [17/Dec/2024:22:01:39 +0100] "GET /wp-content/plugins/woocommerce/assets/css/woocommerce-blocktheme.css?ver=9.3.3 HTTP/1.1" 200 2350 "https://startupclm.ncdesarrollos.com/" "Mozilla/5.0 (X11; Linux x86_64) AppleWebKit/537.36 (KHTML, like Gecko) HeadlessChrome/125.0.6422.60 Safari/537.36"
34.122.147.229 - - [17/Dec/2024:22:01:39 +0100] "GET /wp-includes/js/jquery/jquery.min.js?ver=3.7.1 HTTP/1.1" 200 30853 "https://startupclm.ncdesarrollos.com/" "Mozilla/5.0 (X11; Linux x86_64) AppleWebKit/537.36 (KHTML, like Gecko) HeadlessChrome/125.0.6422.60 Safari/537.36"
34.122.147.229 - - [17/Dec/2024:22:01:39 +0100] "GET /wp-includes/js/jquery/jquery-migrate.min.js?ver=3.4.1 HTTP/1.1" 200 5289 "https://startupclm.ncdesarrollos.com/" "Mozilla/5.0 (X11; Linux x86_64) AppleWebKit/537.36 (KHTML, like Gecko) HeadlessChrome/125.0.6422.60 Safari/537.36"
34.122.147.229 - - [17/Dec/2024:22:01:39 +0100] "GET /wp-content/plugins/woocommerce/assets/js/sourcebuster/sourcebuster.min.js?ver=9.3.3 HTTP/1.1" 200 5224 "https://startupclm.ncdesarrollos.com/" "Mozilla/5.0 (X11; Linux x86_64) AppleWebKit/537.36 (KHTML, like Gecko) HeadlessChrome/125.0.6422.60 Safari/537.36"
34.122.147.229 - - [17/Dec/2024:22:01:39 +0100] "GET /wp-content/plugins/woocommerce/assets/js/frontend/order-attribution.min.js?ver=9.3.3 HTTP/1.1" 200 1509 "https://startupclm.ncdesarrollos.com/" "Mozilla/5.0 (X11; Linux x86_64) AppleWebKit/537.36 (KHTML, like Gecko) HeadlessChrome/125.0.6422.60 Safari/537.36"
34.122.147.229 - - [17/Dec/2024:22:01:39 +0100] "GET /wp-content/plugins/woocommerce/assets/js/jquery-blockui/jquery.blockUI.min.js?ver=2.7.0-wc.9.3.3 HTTP/1.1" 200 3954 "https://startupclm.ncdesarrollos.com/" "Mozilla/5.0 (X11; Linux x86_64) AppleWebKit/537.36 (KHTML, like Gecko) HeadlessChrome/125.0.6422.60 Safari/537.36"
34.122.147.229 - - [17/Dec/2024:22:01:39 +0100] "GET /wp-content/plugins/woocommerce/assets/js/frontend/add-to-cart.min.js?ver=9.3.3 HTTP/1.1" 200 1721 "https://startupclm.ncdesarrollos.com/" "Mozilla/5.0 (X11; Linux x86_64) AppleWebKit/537.36 (KHTML, like Gecko) HeadlessChrome/125.0.6422.60 Safari/537.36"
34.122.147.229 - - [17/Dec/2024:22:01:39 +0100] "GET /wp-content/plugins/woocommerce/assets/js/js-cookie/js.cookie.min.js?ver=2.1.4-wc.9.3.3 HTTP/1.1" 200 1204 "https://startupclm.ncdesarrollos.com/" "Mozilla/5.0 (X11; Linux x86_64) AppleWebKit/537.36 (KHTML, like Gecko) HeadlessChrome/125.0.6422.60 Safari/537.36"
34.72.176.129 - - [17/Dec/2024:22:01:39 +0100] "GET /wp-content/plugins/woocommerce/assets/js/frontend/woocommerce.min.js?ver=9.3.3 HTTP/1.1" 200 2080 "https://startupclm.ncdesarrollos.com/" "Mozilla/5.0 (X11; Linux x86_64) AppleWebKit/537.36 (KHTML, like Gecko) HeadlessChrome/125.0.6422.60 Safari/537.36"
34.122.147.229 - - [17/Dec/2024:22:01:39 +0100] "GET /wp-content/plugins/woocommerce/assets/css/woocommerce-smallscreen.css?ver=9.3.3 HTTP/1.1" 200 1540 "https://startupclm.ncdesarrollos.com/" "Mozilla/5.0 (X11; Linux x86_64) AppleWebKit/537.36 (KHTML, like Gecko) HeadlessChrome/125.0.6422.60 Safari/537.36"
34.72.176.129 - - [17/Dec/2024:22:01:39 +0100] "GET /wp-includes/js/wp-emoji-release.min.js?ver=6.6.2 HTTP/1.1" 200 5479 "https://startupclm.ncdesarrollos.com/" "Mozilla/5.0 (X11; Linux x86_64) AppleWebKit/537.36 (KHTML, like Gecko) HeadlessChrome/125.0.6422.60 Safari/537.36"
138.68.86.32 - - [17/Dec/2024:22:01:39 +0100] "GET / HTTP/1.1" 200 63869 "-" "Mozilla/5.0 (Linux; Android 6.0; HTC One M9 Build/MRA988726) AppleWebKit/537.36 (KHTML, like Gecko) Chrome/52.0.2745.98 Mobile Safari/537.3"
138.68.86.32 - - [17/Dec/2024:22:01:40 +0100] "GET /actuator/env HTTP/1.1" 404 4246 "-" "Go-http-client/1.1"
138.68.86.32 - - [17/Dec/2024:22:01:40 +0100] "GET /server HTTP/1.1" 404 1041 "-" "Go-http-client/1.1"
138.68.86.32 - - [17/Dec/2024:22:01:40 +0100] "GET /.vscode/sftp.json HTTP/1.1" 404 1041 "-" "Go-http-client/1.1"
138.68.86.32 - - [17/Dec/2024:22:01:40 +0100] "GET /about HTTP/1.1" 404 1041 "-" "Go-http-client/1.1"
138.68.86.32 - - [17/Dec/2024:22:01:40 +0100] "GET /debug/default/view?panel=config HTTP/1.1" 404 1041 "-" "Go-http-client/1.1"
138.68.86.32 - - [17/Dec/2024:22:01:40 +0100] "GET /v2/_catalog HTTP/1.1" 404 1041 "-" "Go-http-client/1.1"
138.68.86.32 - - [17/Dec/2024:22:01:40 +0100] "GET /ecp/Current/exporttool/microsoft.exchange.ediscovery.exporttool.application HTTP/1.1" 404 1041 "-" "Go-http-client/1.1"
138.68.86.32 - - [17/Dec/2024:22:01:41 +0100] "GET /server-status HTTP/1.1" 403 1044 "-" "Go-http-client/1.1"
138.68.86.32 - - [17/Dec/2024:22:01:42 +0100] "GET /login.action HTTP/1.1" 404 1041 "-" "Go-http-client/1.1"
138.68.86.32 - - [17/Dec/2024:22:01:42 +0100] "GET /_all_dbs HTTP/1.1" 404 1041 "-" "Mozilla/5.0 (l9scan/2.0.2313e2530313e2237313e2336313; +https://leakix.net)"
138.68.86.32 - - [17/Dec/2024:22:01:42 +0100] "GET /.DS_Store HTTP/1.1" 404 1041 "-" "Go-http-client/1.1"
138.68.86.32 - - [17/Dec/2024:22:01:42 +0100] "GET /.env HTTP/1.1" 404 1041 "-" "Go-http-client/1.1"
138.68.86.32 - - [17/Dec/2024:22:01:42 +0100] "GET /.git/config HTTP/1.1" 404 1041 "-" "Go-http-client/1.1"
138.68.86.32 - - [17/Dec/2024:22:01:42 +0100] "GET /s/2313e2530313e2237313e2336313/_/;/META-INF/maven/com.atlassian.jira/jira-webapp-dist/pom.properties HTTP/1.1" 404 1041 "-" "Go-http-client/1.1"
138.68.86.32 - - [17/Dec/2024:22:01:42 +0100] "GET /config.json HTTP/1.1" 404 1041 "-" "Go-http-client/1.1"
138.68.86.32 - - [17/Dec/2024:22:01:43 +0100] "GET /telescope/requests HTTP/1.1" 404 1041 "-" "Go-http-client/1.1"
138.68.86.32 - - [17/Dec/2024:22:01:43 +0100] "GET /info.php HTTP/1.1" 404 779 "-" "Go-http-client/1.1"
205.169.39.142 - - [17/Dec/2024:22:01:44 +0100] "GET / HTTP/1.1" 301 613 "-" "Mozilla/5.0 (Windows NT 6.1; Win64; x64) AppleWebKit/537.36 (KHTML, like Gecko) Chrome/83.0.4103.61 Safari/537.36"
138.68.86.32 - - [17/Dec/2024:22:01:43 +0100] "GET /?rest_route=/wp/v2/users/ HTTP/1.1" 200 2598 "-" "Go-http-client/1.1"
106.75.132.125 - - [17/Dec/2024:22:01:44 +0100] "GET / HTTP/1.1" 301 576 "http://a.internationalholidayhomes.com" "Mozilla/5.0 (Windows NT 6.1) AppleWebKit/537.36 (KHTML, like Gecko) Chrome/49.0.2623.112 Safari/537.36"
205.169.39.142 - - [17/Dec/2024:22:01:45 +0100] "GET / HTTP/1.1" 200 16734 "-" "Mozilla/5.0 (Windows NT 6.1; Win64; x64) AppleWebKit/537.36 (KHTML, like Gecko) Chrome/83.0.4103.61 Safari/537.36"
205.169.39.142 - - [17/Dec/2024:22:01:46 +0100] "GET /wp-includes/js/jquery/jquery.min.js?ver=3.7.1 HTTP/1.1" 200 30853 "https://startupclm.ncdesarrollos.com/" "Mozilla/5.0 (Windows NT 6.1; Win64; x64) AppleWebKit/537.36 (KHTML, like Gecko) Chrome/83.0.4103.61 Safari/537.36"
205.169.39.142 - - [17/Dec/2024:22:01:46 +0100] "GET /wp-includes/js/jquery/jquery-migrate.min.js?ver=3.4.1 HTTP/1.1" 200 5289 "https://startupclm.ncdesarrollos.com/" "Mozilla/5.0 (Windows NT 6.1; Win64; x64) AppleWebKit/537.36 (KHTML, like Gecko) Chrome/83.0.4103.61 Safari/537.36"
205.169.39.142 - - [17/Dec/2024:22:01:46 +0100] "GET /wp-content/plugins/woocommerce/assets/js/jquery-blockui/jquery.blockUI.min.js?ver=2.7.0-wc.9.3.3 HTTP/1.1" 200 3954 "https://startupclm.ncdesarrollos.com/" "Mozilla/5.0 (Windows NT 6.1; Win64; x64) AppleWebKit/537.36 (KHTML, like Gecko) Chrome/83.0.4103.61 Safari/537.36"
205.169.39.142 - - [17/Dec/2024:22:01:47 +0100] "GET /wp-content/plugins/woocommerce/assets/js/frontend/add-to-cart.min.js?ver=9.3.3 HTTP/1.1" 200 1721 "https://startupclm.ncdesarrollos.com/" "Mozilla/5.0 (Windows NT 6.1; Win64; x64) AppleWebKit/537.36 (KHTML, like Gecko) Chrome/83.0.4103.61 Safari/537.36"
205.169.39.142 - - [17/Dec/2024:22:01:47 +0100] "GET /wp-content/plugins/woocommerce/assets/js/js-cookie/js.cookie.min.js?ver=2.1.4-wc.9.3.3 HTTP/1.1" 200 1204 "https://startupclm.ncdesarrollos.com/" "Mozilla/5.0 (Windows NT 6.1; Win64; x64) AppleWebKit/537.36 (KHTML, like Gecko) Chrome/83.0.4103.61 Safari/537.36"
205.169.39.142 - - [17/Dec/2024:22:01:47 +0100] "GET /wp-content/plugins/woocommerce/assets/js/frontend/woocommerce.min.js?ver=9.3.3 HTTP/1.1" 200 1500 "https://startupclm.ncdesarrollos.com/" "Mozilla/5.0 (Windows NT 6.1; Win64; x64) AppleWebKit/537.36 (KHTML, like Gecko) Chrome/83.0.4103.61 Safari/537.36"
205.169.39.142 - - [17/Dec/2024:22:01:47 +0100] "GET /wp-content/plugins/woocommerce/assets/js/sourcebuster/sourcebuster.min.js?ver=9.3.3 HTTP/1.1" 200 5224 "https://startupclm.ncdesarrollos.com/" "Mozilla/5.0 (Windows NT 6.1; Win64; x64) AppleWebKit/537.36 (KHTML, like Gecko) Chrome/83.0.4103.61 Safari/537.36"
205.169.39.142 - - [17/Dec/2024:22:01:47 +0100] "GET /wp-content/plugins/woocommerce/assets/js/frontend/order-attribution.min.js?ver=9.3.3 HTTP/1.1" 200 1509 "https://startupclm.ncdesarrollos.com/" "Mozilla/5.0 (Windows NT 6.1; Win64; x64) AppleWebKit/537.36 (KHTML, like Gecko) Chrome/83.0.4103.61 Safari/537.36"
106.75.132.125 - - [17/Dec/2024:22:01:47 +0100] "GET / HTTP/1.1" 200 63869 "http://a.internationalholidayhomes.com" "Mozilla/5.0 (Windows NT 6.1) AppleWebKit/537.36 (KHTML, like Gecko) Chrome/49.0.2623.112 Safari/537.36"
205.169.39.142 - - [17/Dec/2024:22:01:50 +0100] "GET / HTTP/1.1" 301 613 "-" "Mozilla/5.0 (Windows NT 10.0; Win64; x64) AppleWebKit/537.36 (KHTML, like Gecko) Chrome/79.0.3945.79 Safari/537.36"
205.169.39.142 - - [17/Dec/2024:22:01:50 +0100] "GET / HTTP/1.1" 200 16732 "-" "Mozilla/5.0 (Windows NT 10.0; Win64; x64) AppleWebKit/537.36 (KHTML, like Gecko) Chrome/79.0.3945.79 Safari/537.36"
205.169.39.142 - - [17/Dec/2024:22:01:51 +0100] "GET /wp-includes/blocks/cover/style.min.css?ver=6.6.2 HTTP/1.1" 200 1989 "https://startupclm.ncdesarrollos.com/" "Mozilla/5.0 (Windows NT 10.0; Win64; x64) AppleWebKit/537.36 (KHTML, like Gecko) Chrome/79.0.3945.79 Safari/537.36"
205.169.39.142 - - [17/Dec/2024:22:01:51 +0100] "GET /wp-content/plugins/woocommerce/assets/client/blocks/wc-blocks.css?ver=wc-9.3.3 HTTP/1.1" 200 2959 "https://startupclm.ncdesarrollos.com/" "Mozilla/5.0 (Windows NT 10.0; Win64; x64) AppleWebKit/537.36 (KHTML, like Gecko) Chrome/79.0.3945.79 Safari/537.36"
205.169.39.142 - - [17/Dec/2024:22:01:51 +0100] "GET /wp-content/plugins/woocommerce/assets/client/blocks/coming-soon.css?ver=wc-9.3.3 HTTP/1.1" 200 2155 "https://startupclm.ncdesarrollos.com/" "Mozilla/5.0 (Windows NT 10.0; Win64; x64) AppleWebKit/537.36 (KHTML, like Gecko) Chrome/79.0.3945.79 Safari/537.36"
205.169.39.142 - - [17/Dec/2024:22:01:51 +0100] "GET /wp-content/plugins/woocommerce/assets/css/woocommerce-layout.css?ver=9.3.3 HTTP/1.1" 200 3556 "https://startupclm.ncdesarrollos.com/" "Mozilla/5.0 (Windows NT 10.0; Win64; x64) AppleWebKit/537.36 (KHTML, like Gecko) Chrome/79.0.3945.79 Safari/537.36"
205.169.39.142 - - [17/Dec/2024:22:01:51 +0100] "GET /wp-content/plugins/woocommerce/assets/css/woocommerce.css?ver=9.3.3 HTTP/1.1" 200 10418 "https://startupclm.ncdesarrollos.com/" "Mozilla/5.0 (Windows NT 10.0; Win64; x64) AppleWebKit/537.36 (KHTML, like Gecko) Chrome/79.0.3945.79 Safari/537.36"
205.169.39.142 - - [17/Dec/2024:22:01:51 +0100] "GET /wp-content/plugins/woocommerce/assets/css/woocommerce-blocktheme.css?ver=9.3.3 HTTP/1.1" 200 6151 "https://startupclm.ncdesarrollos.com/" "Mozilla/5.0 (Windows NT 10.0; Win64; x64) AppleWebKit/537.36 (KHTML, like Gecko) Chrome/79.0.3945.79 Safari/537.36"
205.169.39.142 - - [17/Dec/2024:22:01:51 +0100] "GET /wp-includes/js/jquery/jquery-migrate.min.js?ver=3.4.1 HTTP/1.1" 200 9090 "https://startupclm.ncdesarrollos.com/" "Mozilla/5.0 (Windows NT 10.0; Win64; x64) AppleWebKit/537.36 (KHTML, like Gecko) Chrome/79.0.3945.79 Safari/537.36"
205.169.39.142 - - [17/Dec/2024:22:01:51 +0100] "GET /wp-includes/js/jquery/jquery.min.js?ver=3.7.1 HTTP/1.1" 200 34654 "https://startupclm.ncdesarrollos.com/" "Mozilla/5.0 (Windows NT 10.0; Win64; x64) AppleWebKit/537.36 (KHTML, like Gecko) Chrome/79.0.3945.79 Safari/537.36"
106.75.169.16 - - [17/Dec/2024:22:01:50 +0100] "GET / HTTP/1.1" 200 63869 "https://jmbafe.se" "Mozilla/5.0 (Windows NT 6.1) AppleWebKit/537.36 (KHTML, like Gecko) Chrome/49.0.2623.112 Safari/537.36"
205.169.39.142 - - [17/Dec/2024:22:01:51 +0100] "GET /wp-content/plugins/woocommerce/assets/js/sourcebuster/sourcebuster.min.js?ver=9.3.3 HTTP/1.1" 200 5224 "https://startupclm.ncdesarrollos.com/" "Mozilla/5.0 (Windows NT 10.0; Win64; x64) AppleWebKit/537.36 (KHTML, like Gecko) Chrome/79.0.3945.79 Safari/537.36"
205.169.39.142 - - [17/Dec/2024:22:01:51 +0100] "GET /wp-content/plugins/woocommerce/assets/js/frontend/order-attribution.min.js?ver=9.3.3 HTTP/1.1" 200 1509 "https://startupclm.ncdesarrollos.com/" "Mozilla/5.0 (Windows NT 10.0; Win64; x64) AppleWebKit/537.36 (KHTML, like Gecko) Chrome/79.0.3945.79 Safari/537.36"
205.169.39.142 - - [17/Dec/2024:22:01:51 +0100] "GET /wp-content/plugins/woocommerce/assets/js/jquery-blockui/jquery.blockUI.min.js?ver=2.7.0-wc.9.3.3 HTTP/1.1" 200 3954 "https://startupclm.ncdesarrollos.com/" "Mozilla/5.0 (Windows NT 10.0; Win64; x64) AppleWebKit/537.36 (KHTML, like Gecko) Chrome/79.0.3945.79 Safari/537.36"
205.169.39.142 - - [17/Dec/2024:22:01:51 +0100] "GET /wp-content/plugins/woocommerce/assets/js/frontend/add-to-cart.min.js?ver=9.3.3 HTTP/1.1" 200 1721 "https://startupclm.ncdesarrollos.com/" "Mozilla/5.0 (Windows NT 10.0; Win64; x64) AppleWebKit/537.36 (KHTML, like Gecko) Chrome/79.0.3945.79 Safari/537.36"
205.169.39.142 - - [17/Dec/2024:22:01:51 +0100] "GET /wp-content/plugins/woocommerce/assets/js/js-cookie/js.cookie.min.js?ver=2.1.4-wc.9.3.3 HTTP/1.1" 200 1204 "https://startupclm.ncdesarrollos.com/" "Mozilla/5.0 (Windows NT 10.0; Win64; x64) AppleWebKit/537.36 (KHTML, like Gecko) Chrome/79.0.3945.79 Safari/537.36"
205.169.39.142 - - [17/Dec/2024:22:01:51 +0100] "GET /wp-content/plugins/woocommerce/assets/js/frontend/woocommerce.min.js?ver=9.3.3 HTTP/1.1" 200 1500 "https://startupclm.ncdesarrollos.com/" "Mozilla/5.0 (Windows NT 10.0; Win64; x64) AppleWebKit/537.36 (KHTML, like Gecko) Chrome/79.0.3945.79 Safari/537.36"
205.169.39.142 - - [17/Dec/2024:22:01:51 +0100] "GET /wp-content/plugins/woocommerce/assets/css/woocommerce-smallscreen.css?ver=9.3.3 HTTP/1.1" 200 1540 "https://startupclm.ncdesarrollos.com/" "Mozilla/5.0 (Windows NT 10.0; Win64; x64) AppleWebKit/537.36 (KHTML, like Gecko) Chrome/79.0.3945.79 Safari/537.36"
205.169.39.142 - - [17/Dec/2024:22:01:52 +0100] "GET /wp-includes/js/wp-emoji-release.min.js?ver=6.6.2 HTTP/1.1" 200 5479 "https://startupclm.ncdesarrollos.com/" "Mozilla/5.0 (Windows NT 10.0; Win64; x64) AppleWebKit/537.36 (KHTML, like Gecko) Chrome/79.0.3945.79 Safari/537.36"
106.75.132.125 - - [17/Dec/2024:22:01:55 +0100] "GET /favicon.ico HTTP/1.1" 404 4246 "https://startupclm.ncdesarrollos.com" "Mozilla/5.0 (Windows NT 6.1) AppleWebKit/537.36 (KHTML, like Gecko) Chrome/49.0.2623.112 Safari/537.36"
106.75.132.125 - - [17/Dec/2024:22:01:58 +0100] "GET /wp-includes/js/jquery/jquery.min.js?ver=3.7.1 HTTP/1.1" 200 91748 "https://78.29.49.146" "Mozilla/5.0 (Windows NT 6.1) AppleWebKit/537.36 (KHTML, like Gecko) Chrome/49.0.2623.112 Safari/537.36"
106.75.169.16 - - [17/Dec/2024:22:02:00 +0100] "GET /favicon.ico HTTP/1.1" 404 4246 "https://startupclm.ncdesarrollos.com" "Mozilla/5.0 (Windows NT 6.1) AppleWebKit/537.36 (KHTML, like Gecko) Chrome/49.0.2623.112 Safari/537.36"
106.75.132.125 - - [17/Dec/2024:22:02:02 +0100] "GET /wp-includes/js/jquery/jquery-migrate.min.js?ver=3.4.1 HTTP/1.1" 200 17661 "https://www.dankofarms.com" "Mozilla/5.0 (Windows NT 6.1) AppleWebKit/537.36 (KHTML, like Gecko) Chrome/49.0.2623.112 Safari/537.36"
106.75.132.125 - - [17/Dec/2024:22:02:06 +0100] "GET /wp-content/plugins/woocommerce/assets/js/jquery-blockui/jquery.blockUI.min.js?ver=2.7.0-wc.9.3.3 HTTP/1.1" 200 13719 "https://zporner.com" "Mozilla/5.0 (Windows NT 6.1) AppleWebKit/537.36 (KHTML, like Gecko) Chrome/49.0.2623.112 Safari/537.36"
106.75.169.16 - - [17/Dec/2024:22:02:06 +0100] "GET /wp-includes/js/jquery/jquery.min.js?ver=3.7.1 HTTP/1.1" 200 91748 "https://dayfielddesigns.com" "Mozilla/5.0 (Windows NT 6.1) AppleWebKit/537.36 (KHTML, like Gecko) Chrome/49.0.2623.112 Safari/537.36"
106.75.132.125 - - [17/Dec/2024:22:02:09 +0100] "GET /wp-content/plugins/woocommerce/assets/js/frontend/add-to-cart.min.js?ver=9.3.3 HTTP/1.1" 200 8079 "https://arc.corp.amazon.com" "Mozilla/5.0 (Windows NT 6.1) AppleWebKit/537.36 (KHTML, like Gecko) Chrome/49.0.2623.112 Safari/537.36"
106.75.169.16 - - [17/Dec/2024:22:02:09 +0100] "GET /wp-includes/js/jquery/jquery-migrate.min.js?ver=3.4.1 HTTP/1.1" 200 17661 "http://mail.youthempowerment.co.nz" "Mozilla/5.0 (Windows NT 6.1) AppleWebKit/537.36 (KHTML, like Gecko) Chrome/49.0.2623.112 Safari/537.36"
106.75.132.125 - - [17/Dec/2024:22:02:11 +0100] "GET /wp-content/plugins/woocommerce/assets/js/js-cookie/js.cookie.min.js?ver=2.1.4-wc.9.3.3 HTTP/1.1" 200 5780 "http://golf.prerelease-env.biz:443" "Mozilla/5.0 (Windows NT 6.1) AppleWebKit/537.36 (KHTML, like Gecko) Chrome/49.0.2623.112 Safari/537.36"
106.75.169.16 - - [17/Dec/2024:22:02:12 +0100] "GET /wp-content/plugins/woocommerce/assets/js/jquery-blockui/jquery.blockUI.min.js?ver=2.7.0-wc.9.3.3 HTTP/1.1" 200 13719 "http://a.s3-control.ap-northeast-1.amazonaws.com" "Mozilla/5.0 (Windows NT 6.1) AppleWebKit/537.36 (KHTML, like Gecko) Chrome/49.0.2623.112 Safari/537.36"
106.75.132.125 - - [17/Dec/2024:22:02:13 +0100] "GET /wp-content/plugins/woocommerce/assets/js/frontend/woocommerce.min.js?ver=9.3.3 HTTP/1.1" 200 6903 "http://forum1.prerelease-env.biz" "Mozilla/5.0 (Windows NT 6.1) AppleWebKit/537.36 (KHTML, like Gecko) Chrome/49.0.2623.112 Safari/537.36"
106.75.169.16 - - [17/Dec/2024:22:02:14 +0100] "GET /wp-content/plugins/woocommerce/assets/js/frontend/add-to-cart.min.js?ver=9.3.3 HTTP/1.1" 200 8079 "https://bakamal.com.pk" "Mozilla/5.0 (Windows NT 6.1) AppleWebKit/537.36 (KHTML, like Gecko) Chrome/49.0.2623.112 Safari/537.36"
106.75.169.16 - - [17/Dec/2024:22:02:16 +0100] "GET /wp-content/plugins/woocommerce/assets/js/js-cookie/js.cookie.min.js?ver=2.1.4-wc.9.3.3 HTTP/1.1" 200 5780 "http://a.longhong.com.tw" "Mozilla/5.0 (Windows NT 6.1) AppleWebKit/537.36 (KHTML, like Gecko) Chrome/49.0.2623.112 Safari/537.36"
106.75.169.16 - - [17/Dec/2024:22:02:17 +0100] "GET /wp-content/plugins/woocommerce/assets/js/frontend/woocommerce.min.js?ver=9.3.3 HTTP/1.1" 200 6903 "https://www.daglibrugsengadstrup.dk" "Mozilla/5.0 (Windows NT 6.1) AppleWebKit/537.36 (KHTML, like Gecko) Chrome/49.0.2623.112 Safari/537.36"
116.90.75.173 - - [17/Dec/2024:22:02:37 +0100] "GET /favicon.ico HTTP/1.1" 301 579 "-" "Go-http-client/1.1"
146.70.59.173 - - [17/Dec/2024:22:02:43 +0100] "GET /favicon.ico HTTP/1.1" 404 4274 "http://startupclm.ncdesarrollos.com:80/favicon.ico" "Go-http-client/1.1"
163.172.105.12 - - [17/Dec/2024:22:04:18 +0100] "POST /wp-cron.php?doing_wp_cron=1734469458.2245600223541259765625 HTTP/1.1" 200 4081 "-" "WordPress/6.6.2; https://startupclm.ncdesarrollos.com"
106.75.156.65 - - [17/Dec/2024:22:04:18 +0100] "GET / HTTP/1.1" 301 576 "http://85.28.59.101:1294" "Mozilla/5.0 (Windows NT 6.1) AppleWebKit/537.36 (KHTML, like Gecko) Chrome/49.0.2623.112 Safari/537.36"
106.75.130.42 - - [17/Dec/2024:22:04:17 +0100] "GET / HTTP/1.1" 200 63869 "https://112.106.134.249" "Mozilla/5.0 (Windows NT 6.1) AppleWebKit/537.36 (KHTML, like Gecko) Chrome/49.0.2623.112 Safari/537.36"
106.75.130.42 - - [17/Dec/2024:22:04:21 +0100] "GET /favicon.ico HTTP/1.1" 404 4246 "https://startupclm.ncdesarrollos.com" "Mozilla/5.0 (Windows NT 6.1) AppleWebKit/537.36 (KHTML, like Gecko) Chrome/49.0.2623.112 Safari/537.36"
106.75.156.65 - - [17/Dec/2024:22:04:20 +0100] "GET / HTTP/1.1" 200 63869 "http://85.28.59.101:1294" "Mozilla/5.0 (Windows NT 6.1) AppleWebKit/537.36 (KHTML, like Gecko) Chrome/49.0.2623.112 Safari/537.36"
106.75.130.42 - - [17/Dec/2024:22:04:22 +0100] "GET /wp-includes/js/jquery/jquery.min.js?ver=3.7.1 HTTP/1.1" 200 91748 "https://antoonkarg.com" "Mozilla/5.0 (Windows NT 6.1) AppleWebKit/537.36 (KHTML, like Gecko) Chrome/49.0.2623.112 Safari/537.36"
106.75.156.65 - - [17/Dec/2024:22:04:24 +0100] "GET /favicon.ico HTTP/1.1" 404 4246 "https://startupclm.ncdesarrollos.com" "Mozilla/5.0 (Windows NT 6.1) AppleWebKit/537.36 (KHTML, like Gecko) Chrome/49.0.2623.112 Safari/537.36"
106.75.130.42 - - [17/Dec/2024:22:04:25 +0100] "GET /wp-includes/js/jquery/jquery-migrate.min.js?ver=3.4.1 HTTP/1.1" 200 17661 "https://drpaulopadovez.com" "Mozilla/5.0 (Windows NT 6.1) AppleWebKit/537.36 (KHTML, like Gecko) Chrome/49.0.2623.112 Safari/537.36"
106.75.156.65 - - [17/Dec/2024:22:04:25 +0100] "GET /wp-includes/js/jquery/jquery.min.js?ver=3.7.1 HTTP/1.1" 200 91748 "https://www.monicarving.nl" "Mozilla/5.0 (Windows NT 6.1) AppleWebKit/537.36 (KHTML, like Gecko) Chrome/49.0.2623.112 Safari/537.36"
106.75.130.42 - - [17/Dec/2024:22:04:26 +0100] "GET /wp-content/plugins/woocommerce/assets/js/jquery-blockui/jquery.blockUI.min.js?ver=2.7.0-wc.9.3.3 HTTP/1.1" 200 13719 "https://www.hyperoffroad.ir" "Mozilla/5.0 (Windows NT 6.1) AppleWebKit/537.36 (KHTML, like Gecko) Chrome/49.0.2623.112 Safari/537.36"
106.75.156.65 - - [17/Dec/2024:22:04:27 +0100] "GET /wp-includes/js/jquery/jquery-migrate.min.js?ver=3.4.1 HTTP/1.1" 200 17661 "https://axtracom.com" "Mozilla/5.0 (Windows NT 6.1) AppleWebKit/537.36 (KHTML, like Gecko) Chrome/49.0.2623.112 Safari/537.36"
106.75.130.42 - - [17/Dec/2024:22:04:28 +0100] "GET /wp-content/plugins/woocommerce/assets/js/frontend/add-to-cart.min.js?ver=9.3.3 HTTP/1.1" 200 8079 "http://shopgrabb.online" "Mozilla/5.0 (Windows NT 6.1) AppleWebKit/537.36 (KHTML, like Gecko) Chrome/49.0.2623.112 Safari/537.36"
106.75.156.65 - - [17/Dec/2024:22:04:28 +0100] "GET /wp-content/plugins/woocommerce/assets/js/jquery-blockui/jquery.blockUI.min.js?ver=2.7.0-wc.9.3.3 HTTP/1.1" 200 13719 "https://landing.oversight.co.il" "Mozilla/5.0 (Windows NT 6.1) AppleWebKit/537.36 (KHTML, like Gecko) Chrome/49.0.2623.112 Safari/537.36"
106.75.130.42 - - [17/Dec/2024:22:04:29 +0100] "GET /wp-content/plugins/woocommerce/assets/js/js-cookie/js.cookie.min.js?ver=2.1.4-wc.9.3.3 HTTP/1.1" 200 5780 "https://pushpedrasingh.site" "Mozilla/5.0 (Windows NT 6.1) AppleWebKit/537.36 (KHTML, like Gecko) Chrome/49.0.2623.112 Safari/537.36"
106.75.130.42 - - [17/Dec/2024:22:04:30 +0100] "GET /wp-content/plugins/woocommerce/assets/js/frontend/woocommerce.min.js?ver=9.3.3 HTTP/1.1" 200 6903 "https://benefits3.filice.com" "Mozilla/5.0 (Windows NT 6.1) AppleWebKit/537.36 (KHTML, like Gecko) Chrome/49.0.2623.112 Safari/537.36"
106.75.156.65 - - [17/Dec/2024:22:04:30 +0100] "GET /wp-content/plugins/woocommerce/assets/js/frontend/add-to-cart.min.js?ver=9.3.3 HTTP/1.1" 200 8079 "https://login-uat.unitec.ac.nz:2083" "Mozilla/5.0 (Windows NT 6.1) AppleWebKit/537.36 (KHTML, like Gecko) Chrome/49.0.2623.112 Safari/537.36"
106.75.156.65 - - [17/Dec/2024:22:04:31 +0100] "GET /wp-content/plugins/woocommerce/assets/js/js-cookie/js.cookie.min.js?ver=2.1.4-wc.9.3.3 HTTP/1.1" 200 5780 "https://brand.unipart.com" "Mozilla/5.0 (Windows NT 6.1) AppleWebKit/537.36 (KHTML, like Gecko) Chrome/49.0.2623.112 Safari/537.36"
106.75.156.65 - - [17/Dec/2024:22:04:32 +0100] "GET /wp-content/plugins/woocommerce/assets/js/frontend/woocommerce.min.js?ver=9.3.3 HTTP/1.1" 200 6903 "http://lculdt.tiantangtv.cn" "Mozilla/5.0 (Windows NT 6.1) AppleWebKit/537.36 (KHTML, like Gecko) Chrome/49.0.2623.112 Safari/537.36"
91.90.126.141 - - [17/Dec/2024:22:05:07 +0100] "GET /favicon.ico HTTP/1.1" 404 4274 "-" "Go-http-client/1.1"
106.75.168.236 - - [17/Dec/2024:22:05:31 +0100] "GET / HTTP/1.1" 301 576 "https://www.testing.gompels.co.uk" "Mozilla/5.0 (Windows NT 6.1) AppleWebKit/537.36 (KHTML, like Gecko) Chrome/49.0.2623.112 Safari/537.36"
163.172.105.12 - - [17/Dec/2024:22:05:33 +0100] "POST /wp-cron.php?doing_wp_cron=1734469533.5735580921173095703125 HTTP/1.1" 200 4081 "-" "WordPress/6.6.2; https://startupclm.ncdesarrollos.com"
106.75.168.236 - - [17/Dec/2024:22:05:32 +0100] "GET / HTTP/1.1" 200 63869 "https://www.testing.gompels.co.uk" "Mozilla/5.0 (Windows NT 6.1) AppleWebKit/537.36 (KHTML, like Gecko) Chrome/49.0.2623.112 Safari/537.36"
106.75.168.236 - - [17/Dec/2024:22:05:37 +0100] "GET /favicon.ico HTTP/1.1" 404 4246 "https://startupclm.ncdesarrollos.com" "Mozilla/5.0 (Windows NT 6.1) AppleWebKit/537.36 (KHTML, like Gecko) Chrome/49.0.2623.112 Safari/537.36"
106.75.168.5 - - [17/Dec/2024:22:05:37 +0100] "GET / HTTP/1.1" 200 63869 "http://whm.apsolon.com:2082" "Mozilla/5.0 (Windows NT 6.1) AppleWebKit/537.36 (KHTML, like Gecko) Chrome/49.0.2623.112 Safari/537.36"
106.75.168.236 - - [17/Dec/2024:22:05:38 +0100] "GET /wp-includes/js/jquery/jquery.min.js?ver=3.7.1 HTTP/1.1" 200 91748 "https://brz-la-degustation-box.s3.eu-central-1.amazonaws.com" "Mozilla/5.0 (Windows NT 6.1) AppleWebKit/537.36 (KHTML, like Gecko) Chrome/49.0.2623.112 Safari/537.36"
106.75.168.236 - - [17/Dec/2024:22:05:40 +0100] "GET /wp-includes/js/jquery/jquery-migrate.min.js?ver=3.4.1 HTTP/1.1" 200 17661 "http://test.sure.com:2086" "Mozilla/5.0 (Windows NT 6.1) AppleWebKit/537.36 (KHTML, like Gecko) Chrome/49.0.2623.112 Safari/537.36"
106.75.168.5 - - [17/Dec/2024:22:05:41 +0100] "GET /favicon.ico HTTP/1.1" 404 4246 "https://startupclm.ncdesarrollos.com" "Mozilla/5.0 (Windows NT 6.1) AppleWebKit/537.36 (KHTML, like Gecko) Chrome/49.0.2623.112 Safari/537.36"
106.75.168.236 - - [17/Dec/2024:22:05:41 +0100] "GET /wp-content/plugins/woocommerce/assets/js/jquery-blockui/jquery.blockUI.min.js?ver=2.7.0-wc.9.3.3 HTTP/1.1" 200 13719 "http://www.mcqueenpro.com" "Mozilla/5.0 (Windows NT 6.1) AppleWebKit/537.36 (KHTML, like Gecko) Chrome/49.0.2623.112 Safari/537.36"
106.75.168.5 - - [17/Dec/2024:22:05:42 +0100] "GET /wp-includes/js/jquery/jquery.min.js?ver=3.7.1 HTTP/1.1" 200 91748 "https://mail.catvet.co.il" "Mozilla/5.0 (Windows NT 6.1) AppleWebKit/537.36 (KHTML, like Gecko) Chrome/49.0.2623.112 Safari/537.36"
106.75.168.236 - - [17/Dec/2024:22:05:43 +0100] "GET /wp-content/plugins/woocommerce/assets/js/frontend/add-to-cart.min.js?ver=9.3.3 HTTP/1.1" 200 8079 "http://www.mcqueenpro.com" "Mozilla/5.0 (Windows NT 6.1) AppleWebKit/537.36 (KHTML, like Gecko) Chrome/49.0.2623.112 Safari/537.36"
