163.172.105.12 - - [19/Oct/2024:15:00:24 +0200] "POST /wp-cron.php?doing_wp_cron=1729342823.9291589260101318359375 HTTP/1.1" 200 4078 "-" "WordPress/6.6.2; https://startupclm.ncdesarrollos.com"
87.236.176.91 - - [19/Oct/2024:15:00:23 +0200] "GET / HTTP/1.1" 200 16645 "http://startupclm.ncdesarrollos.com" "Mozilla/5.0 (compatible; InternetMeasurement/1.0; +https://internet-measurement.com/)"
87.236.176.166 - - [19/Oct/2024:15:00:24 +0200] "GET /favicon.ico HTTP/1.1" 404 4290 "-" "Mozilla/5.0 (compatible; InternetMeasurement/1.0; +https://internet-measurement.com/)"
206.189.7.178 - - [19/Oct/2024:15:00:24 +0200] "GET /favicon.ico HTTP/1.1" 404 4290 "-" "Mozilla/5.0 (compatible; InternetMeasurement/1.0; +https://internet-measurement.com/)"
109.70.100.2 - - [19/Oct/2024:15:00:26 +0200] "GET /favicon.ico HTTP/1.1" 404 4290 "-" "Mozilla/5.0 (Windows NT 10.0; Win64; x64) AppleWebKit/537.36 (KHTML, like Gecko) Chrome/95.0.4638.69 Safari/537.36"
167.99.207.138 - - [19/Oct/2024:15:20:44 +0200] "GET / HTTP/1.1" 301 557 "-" "Mozilla/5.0 (Windows NT 10.0; Win64; x64) AppleWebKit/537.36 (KHTML, like Gecko) Chrome/126.0.0.0 Safari/537.36"
163.172.105.12 - - [19/Oct/2024:15:20:44 +0200] "POST /wp-cron.php?doing_wp_cron=1729344044.8036680221557617187500 HTTP/1.1" 200 4078 "-" "WordPress/6.6.2; https://startupclm.ncdesarrollos.com"
167.99.207.138 - - [19/Oct/2024:15:20:44 +0200] "GET / HTTP/1.1" 200 16626 "-" "Mozilla/5.0 (Windows NT 10.0; Win64; x64) AppleWebKit/537.36 (KHTML, like Gecko) Chrome/126.0.0.0 Safari/537.36"
167.99.207.138 - - [19/Oct/2024:15:20:45 +0200] "GET /favicon.ico HTTP/1.1" 404 4224 "https://startupclm.ncdesarrollos.com/" "Mozilla/5.0 (Windows NT 10.0; Win64; x64) AppleWebKit/537.36 (KHTML, like Gecko) Chrome/126.0.0.0 Safari/537.36"
163.172.105.12 - - [19/Oct/2024:16:26:16 +0200] "POST /wp-cron.php?doing_wp_cron=1729347976.8143179416656494140625 HTTP/1.1" 200 4078 "-" "WordPress/6.6.2; https://startupclm.ncdesarrollos.com"
104.166.80.228 - - [19/Oct/2024:16:26:16 +0200] "GET / HTTP/1.1" 200 16729 "-" "Mozilla/5.0 (X11; Linux i686; rv:109.0) Gecko/20100101 Firefox/120.0"
163.172.105.12 - - [19/Oct/2024:18:33:56 +0200] "POST /wp-cron.php?doing_wp_cron=1729355636.4156610965728759765625 HTTP/1.1" 200 4078 "-" "WordPress/6.6.2; https://startupclm.ncdesarrollos.com"
87.236.176.251 - - [19/Oct/2024:18:33:55 +0200] "GET / HTTP/1.1" 200 16645 "-" "Mozilla/5.0 (compatible; InternetMeasurement/1.0; +https://internet-measurement.com/)"
45.148.10.172 - - [19/Oct/2024:19:29:05 +0200] "GET /.env HTTP/1.1" 404 4243 "-" "Mozilla/5.0 (Windows NT 10.0; Win64; x64) AppleWebKit/537.36 (KHTML, like Gecko) Chrome/74.0.3850.0 Iron Safari/537.36"
163.172.105.12 - - [19/Oct/2024:20:05:22 +0200] "POST /wp-cron.php?doing_wp_cron=1729361122.2406709194183349609375 HTTP/1.1" 200 4078 "-" "WordPress/6.6.2; https://startupclm.ncdesarrollos.com"
104.166.80.4 - - [19/Oct/2024:20:05:21 +0200] "GET / HTTP/1.1" 200 16729 "-" "Mozilla/5.0 (X11; Linux i686; rv:109.0) Gecko/20100101 Firefox/120.0"
178.128.103.14 - - [20/Oct/2024:05:33:35 +0200] "GET /wp-admin/setup-config.php?step=1 HTTP/1.1" 301 621 "-" "Apache/2.4.34 (Ubuntu) OpenSSL/1.1.1 (internal dummy connection)"
178.128.103.14 - - [20/Oct/2024:05:33:36 +0200] "GET /wp-admin/setup-config.php?step=1 HTTP/1.1" 409 6805 "http://startupclm.ncdesarrollos.com/wp-admin/setup-config.php?step=1" "Apache/2.4.34 (Ubuntu) OpenSSL/1.1.1 (internal dummy connection)"
178.128.103.14 - - [20/Oct/2024:05:33:36 +0200] "GET /wordpress/wp-admin/setup-config.php?step=1 HTTP/1.1" 301 641 "-" "Apache/2.4.34 (Ubuntu) OpenSSL/1.1.1 (internal dummy connection)"
178.128.103.14 - - [20/Oct/2024:05:33:37 +0200] "GET /wordpress/wp-admin/setup-config.php?step=1 HTTP/1.1" 404 474 "http://startupclm.ncdesarrollos.com/wordpress/wp-admin/setup-config.php?step=1" "Apache/2.4.34 (Ubuntu) OpenSSL/1.1.1 (internal dummy connection)"
205.169.39.8 - - [20/Oct/2024:12:38:58 +0200] "GET / HTTP/1.1" 301 557 "-" "Mozilla/5.0 (Windows NT 10.0) AppleWebKit/537.36 (KHTML, like Gecko) Chrome/106.0.0.0 Safari/537.36"
163.172.105.12 - - [20/Oct/2024:12:38:59 +0200] "POST /wp-cron.php?doing_wp_cron=1729420739.6421051025390625000000 HTTP/1.1" 200 4078 "-" "WordPress/6.6.2; https://startupclm.ncdesarrollos.com"
205.169.39.8 - - [20/Oct/2024:12:38:58 +0200] "GET / HTTP/1.1" 200 16626 "http://startupclm.ncdesarrollos.com" "Mozilla/5.0 (Windows NT 10.0) AppleWebKit/537.36 (KHTML, like Gecko) Chrome/106.0.0.0 Safari/537.36"
163.172.105.12 - - [20/Oct/2024:12:39:03 +0200] "POST /wp-admin/admin-ajax.php?action=wp_1_wc_privacy_cleanup&nonce=03ac86ffaa HTTP/1.1" 200 4213 "-" "WordPress/6.6.2; https://startupclm.ncdesarrollos.com"
20.243.122.251 - - [20/Oct/2024:16:11:18 +0200] "GET / HTTP/1.1" 301 613 "-" "Mozilla/5.0 (Windows NT 10.0; Win64; x64) AppleWebKit/537.36 (KHTML, like Gecko) Chrome/58.0.3029.110 Safari/537.3"
163.172.105.12 - - [20/Oct/2024:16:11:19 +0200] "POST /wp-cron.php?doing_wp_cron=1729433479.4868810176849365234375 HTTP/1.1" 200 4078 "-" "WordPress/6.6.2; https://startupclm.ncdesarrollos.com"
20.243.122.251 - - [20/Oct/2024:16:11:18 +0200] "GET / HTTP/1.1" 200 16729 "-" "Mozilla/5.0 (Windows NT 10.0; Win64; x64) AppleWebKit/537.36 (KHTML, like Gecko) Chrome/58.0.3029.110 Safari/537.3"
163.172.105.12 - - [21/Oct/2024:03:56:40 +0200] "POST /wp-cron.php?doing_wp_cron=1729475800.4245100021362304687500 HTTP/1.1" 200 4078 "-" "WordPress/6.6.2; https://startupclm.ncdesarrollos.com"
18.212.136.31 - - [21/Oct/2024:03:56:39 +0200] "GET / HTTP/1.1" 200 16645 "-" "Mozilla/5.0 (Linux; Android 8.0.0; BLA-L29) AppleWebKit/537.36 (KHTML, like Gecko) Chrome/76.0.3809.111 Mobile Safari/537.36"
18.212.136.31 - - [21/Oct/2024:03:56:58 +0200] "GET //startupclm.ncdesarrollos.com/wp-content/plugins/woocommerce/assets/js/sourcebuster/sourcebuster.min.js HTTP/1.1" 404 4243 "-" "Mozilla/5.0 (X11; U; Linux x86_64; sv-SE; rv:1.8.1.12) Gecko/20080207 Ubuntu/7.10 (gutsy) Firefox/2.0.0.12"
18.212.136.31 - - [21/Oct/2024:03:56:58 +0200] "GET //startupclm.ncdesarrollos.com/wp-content/plugins/woocommerce/assets/js/jquery-blockui/jquery.blockUI.min.js HTTP/1.1" 404 4243 "-" "Mozilla/5.0 (X11; Linux x86_64) AppleWebKit/537.36 (KHTML, like Gecko) Chrome/76.0.3809.100 Safari/537.36"
18.212.136.31 - - [21/Oct/2024:03:56:58 +0200] "GET //startupclm.ncdesarrollos.com/wp-includes/js/jquery/jquery.min.js HTTP/1.1" 404 4243 "-" "Mozilla/5.0 (iPhone; CPU iPhone OS 12_0 like Mac OS X) AppleWebKit/604.1.34 (KHTML, like Gecko) CriOS/67.0.3396.69 Mobile/16A366 Safari/604.1"
18.212.136.31 - - [21/Oct/2024:03:56:58 +0200] "GET /wp-emoji-release.min.js HTTP/1.1" 404 4243 "-" "Mozilla/5.0 (Windows NT 5.1) AppleWebKit/537.36 (KHTML, like Gecko) Chrome/36.0.1985.67 Safari/537.36"
18.212.136.31 - - [21/Oct/2024:03:56:58 +0200] "GET //startupclm.ncdesarrollos.com/wp-content/plugins/woocommerce/assets/js/frontend/add-to-cart.min.js HTTP/1.1" 404 4243 "-" "Mozilla/4.77 [en] (X11; I; IRIX;64 6.5 IP30)"
18.212.136.31 - - [21/Oct/2024:03:56:58 +0200] "GET //startupclm.ncdesarrollos.com/wp-includes/js/jquery/jquery-migrate.min.js HTTP/1.1" 404 4243 "-" "Mozilla/5.0 (Windows NT 6.1; Win64; x64) AppleWebKit/537.36 (KHTML, like Gecko) Chrome/63.0.3239.108 Safari/537.36"
18.212.136.31 - - [21/Oct/2024:03:56:58 +0200] "GET //startupclm.ncdesarrollos.com/wp-content/plugins/woocommerce/assets/js/frontend/order-attribution.min.js HTTP/1.1" 404 4243 "-" "Mozilla/5.0 (Windows NT 6.0) AppleWebKit/537.36 (KHTML, like Gecko) Chrome/45.0.2454.93 Safari/537.36"
18.212.136.31 - - [21/Oct/2024:03:56:59 +0200] "GET //startupclm.ncdesarrollos.com/wp-content/plugins/woocommerce/assets/js/frontend/woocommerce.min.js HTTP/1.1" 404 4243 "-" "Mozilla/5.0 (Linux; Android 7.0; PRA-LX1 Build/HUAWEIPRA-LX1) AppleWebKit/537.36 (KHTML, like Gecko) Chrome/68.0.3440.91 Mobile Safari/537.36"
18.212.136.31 - - [21/Oct/2024:03:57:00 +0200] "GET //startupclm.ncdesarrollos.com/wp-content/plugins/woocommerce/assets/js/js-cookie/js.cookie.min.js HTTP/1.1" 404 4243 "-" "Mozilla/5.0 (Linux; Android 9; SM-G973F) AppleWebKit/537.36 (KHTML, like Gecko) Chrome/76.0.3809.111 Mobile Safari/537.36"
18.212.136.31 - - [21/Oct/2024:03:57:44 +0200] "GET //startupclm.ncdesarrollos.com/wp-content/plugins/woocommerce/assets/js/js-cookie/js.cookie.min.js HTTP/1.1" 404 4243 "-" "Mozilla/5.0 (Linux; Android 9; LM-G710) AppleWebKit/537.36 (KHTML, like Gecko) Chrome/76.0.3809.111 Mobile Safari/537.36"
18.212.136.31 - - [21/Oct/2024:03:57:44 +0200] "GET //startupclm.ncdesarrollos.com/wp-content/plugins/woocommerce/assets/js/frontend/woocommerce.min.js HTTP/1.1" 404 4243 "-" "Mozilla/5.0 (Linux; Android 9; moto g(6)) AppleWebKit/537.36 (KHTML, like Gecko) Chrome/76.0.3809.89 Mobile Safari/537.36"
18.212.136.31 - - [21/Oct/2024:03:57:44 +0200] "GET //startupclm.ncdesarrollos.com/wp-content/plugins/woocommerce/assets/js/jquery-blockui/jquery.blockUI.min.js HTTP/1.1" 404 4243 "-" "Mozilla/5.0 (hp-tablet; Linux; hpwOS/3.0.2; U; de-DE) AppleWebKit/534.6 (KHTML, like Gecko) wOSBrowser/234.40.1 Safari/534.6 TouchPad/1.0"
18.212.136.31 - - [21/Oct/2024:03:57:44 +0200] "GET //startupclm.ncdesarrollos.com/wp-content/plugins/woocommerce/assets/js/sourcebuster/sourcebuster.min.js HTTP/1.1" 404 4243 "-" "Mozilla/5.0 (Linux; Android 5.1.1; A37f Build/LMY47V) AppleWebKit/537.36 (KHTML, like Gecko) Chrome/66.0.3359.126 Mobile Safari/537.36"
18.212.136.31 - - [21/Oct/2024:03:57:44 +0200] "GET //startupclm.ncdesarrollos.com/wp-includes/js/jquery/jquery-migrate.min.js HTTP/1.1" 404 4243 "-" "BlackBerry7100i/4.1.0 Profile/MIDP-2.0 Configuration/CLDC-1.1 VendorID/103"
18.212.136.31 - - [21/Oct/2024:03:57:44 +0200] "GET /wp-emoji-release.min.js HTTP/1.1" 404 4243 "-" "Mozilla/5.0 (Windows NT 6.1; WOW64) AppleWebKit/537.1 (KHTML, like Gecko) Chrome/22.0.1207.1 Safari/537.1"
18.212.136.31 - - [21/Oct/2024:03:57:44 +0200] "GET //startupclm.ncdesarrollos.com/wp-includes/js/jquery/jquery.min.js HTTP/1.1" 404 4243 "-" "Mozilla/5.0 (X11; Linux x86_64) AppleWebKit/537.36 (KHTML, like Gecko) Chrome/73.0.3683.75 Safari/537.36"
18.212.136.31 - - [21/Oct/2024:03:57:44 +0200] "GET //startupclm.ncdesarrollos.com/wp-content/plugins/woocommerce/assets/js/frontend/add-to-cart.min.js HTTP/1.1" 404 4243 "-" "Mozilla/5.0 (Windows; U; WinNT4.0; en-US; rv:1.2b) Gecko/20021001 Phoenix/0.2"
18.212.136.31 - - [21/Oct/2024:03:57:44 +0200] "GET //startupclm.ncdesarrollos.com/wp-content/plugins/woocommerce/assets/js/frontend/order-attribution.min.js HTTP/1.1" 404 4243 "-" "Mozilla/5.0 (Macintosh; Intel Mac OS X 10_14_5) AppleWebKit/537.36 (KHTML, like Gecko) Chrome/74.0.3729.131 Safari/537.36"
18.212.136.31 - - [21/Oct/2024:03:58:31 +0200] "GET //startupclm.ncdesarrollos.com/wp-content/plugins/woocommerce/assets/js/jquery-blockui/jquery.blockUI.min.js HTTP/1.1" 404 4243 "-" "Mozilla/5.0 (Linux; Android 4.4; Nexus 5 Build/BuildID) AppleWebKit/537.36 (KHTML, like Gecko) Version/4.0 Chrome/30.0.0.0 Mobile Safari/537.36"
18.212.136.31 - - [21/Oct/2024:03:58:31 +0200] "GET //startupclm.ncdesarrollos.com/wp-includes/js/jquery/jquery-migrate.min.js HTTP/1.1" 404 4243 "-" "Mozilla/5.0 (Macintosh; Intel Mac OS X 10_14_1) AppleWebKit/537.36 (KHTML, like Gecko) Chrome/75.0.3770.100 Safari/537.36"
18.212.136.31 - - [21/Oct/2024:03:58:31 +0200] "GET //startupclm.ncdesarrollos.com/wp-content/plugins/woocommerce/assets/js/sourcebuster/sourcebuster.min.js HTTP/1.1" 404 4243 "-" "Mozilla/5.0 (X11; Linux x86_64) AppleWebKit/537.36 (KHTML, like Gecko) Chrome/58.0.3029.110 Safari/537.36"
18.212.136.31 - - [21/Oct/2024:03:58:31 +0200] "GET /wp-emoji-release.min.js HTTP/1.1" 404 4243 "-" "Mozilla/5.0 (Windows NT 6.1; Win64; x64) AppleWebKit/537.36 (KHTML, like Gecko) Chrome/70.0.3538.110 Safari/537.36"
18.212.136.31 - - [21/Oct/2024:03:58:31 +0200] "GET //startupclm.ncdesarrollos.com/wp-includes/js/jquery/jquery.min.js HTTP/1.1" 404 4243 "-" "Mozilla/5.0 (Linux; Android 5.1.1; SM-E700H) AppleWebKit/537.36 (KHTML, like Gecko) Chrome/74.0.3729.157 Mobile Safari/537.36"
18.212.136.31 - - [21/Oct/2024:03:58:32 +0200] "GET //startupclm.ncdesarrollos.com/wp-content/plugins/woocommerce/assets/js/frontend/add-to-cart.min.js HTTP/1.1" 404 4243 "-" "Mozilla/5.0 (Windows NT 10.0; WOW64) AppleWebKit/537.36 (KHTML, like Gecko) Chrome/70.0.3538.25 Safari/537.36 Core/1.70.3722.400 QQBrowser/10.5.3739.400"
18.212.136.31 - - [21/Oct/2024:03:58:32 +0200] "GET //startupclm.ncdesarrollos.com/wp-content/plugins/woocommerce/assets/js/frontend/order-attribution.min.js HTTP/1.1" 404 4243 "-" "Mozilla/1.22 (compatible; MSIE 5.01; PalmOS 3.0) EudoraWeb 2.1"
18.212.136.31 - - [21/Oct/2024:03:58:34 +0200] "GET //startupclm.ncdesarrollos.com/wp-content/plugins/woocommerce/assets/js/frontend/woocommerce.min.js HTTP/1.1" 404 4243 "-" "Mozilla/5.0 (Windows NT 6.1; WOW64) AppleWebKit/537.36 (KHTML, like Gecko) Chrome/69.0.3947.100 Safari/537.36"
18.212.136.31 - - [21/Oct/2024:03:58:34 +0200] "GET //startupclm.ncdesarrollos.com/wp-content/plugins/woocommerce/assets/js/js-cookie/js.cookie.min.js HTTP/1.1" 404 4243 "-" "Mozilla/5.0 (Linux; Android 8.0.0; LG-H873) AppleWebKit/537.36 (KHTML, like Gecko) Chrome/76.0.3809.111 Mobile Safari/537.36"
18.212.136.31 - - [21/Oct/2024:03:59:19 +0200] "GET //startupclm.ncdesarrollos.com/wp-content/plugins/woocommerce/assets/js/sourcebuster/sourcebuster.min.js HTTP/1.1" 404 4243 "-" "Mozilla/5.0 (X11; U; Linux i686; en-US; rv:1.8.1.16) Gecko/20080716 (Gentoo) Galeon/2.0.6"
18.212.136.31 - - [21/Oct/2024:03:59:19 +0200] "GET //startupclm.ncdesarrollos.com/wp-includes/js/jquery/jquery-migrate.min.js HTTP/1.1" 404 4243 "-" "Mozilla/5.0 (compatible; Konqueror/4.5; FreeBSD) KHTML/4.5.4 (like Gecko)"
18.212.136.31 - - [21/Oct/2024:03:59:19 +0200] "GET //startupclm.ncdesarrollos.com/wp-content/plugins/woocommerce/assets/js/frontend/order-attribution.min.js HTTP/1.1" 404 4243 "-" "Mozilla/5.0 (X11; Linux x86_64) AppleWebKit/537.36 (KHTML, like Gecko) Chrome/64.0.3282.140 Safari/537.36"
18.212.136.31 - - [21/Oct/2024:03:59:19 +0200] "GET //startupclm.ncdesarrollos.com/wp-content/plugins/woocommerce/assets/js/js-cookie/js.cookie.min.js HTTP/1.1" 404 4243 "-" "Mozilla/5.0 (Linux; Android 9; Redmi Note 7 Pro) AppleWebKit/537.36 (KHTML, like Gecko) Chrome/76.0.3809.111 Mobile Safari/537.36"
18.212.136.31 - - [21/Oct/2024:03:59:20 +0200] "GET //startupclm.ncdesarrollos.com/wp-content/plugins/woocommerce/assets/js/jquery-blockui/jquery.blockUI.min.js HTTP/1.1" 404 4243 "-" "Mozilla/5.0 (X11; U; Linux armv7l like Android; en-us) AppleWebKit/531.2+ (KHTML, like Gecko) Version/5.0 Safari/533.2+ Kindle/3.0+"
18.212.136.31 - - [21/Oct/2024:03:59:20 +0200] "GET //startupclm.ncdesarrollos.com/wp-content/plugins/woocommerce/assets/js/frontend/woocommerce.min.js HTTP/1.1" 404 4243 "-" "Mozilla/5.0 (Linux; Android 9; H3223) AppleWebKit/537.36 (KHTML, like Gecko) Chrome/76.0.3809.111 Mobile Safari/537.36"
18.212.136.31 - - [21/Oct/2024:03:59:20 +0200] "GET //startupclm.ncdesarrollos.com/wp-includes/js/jquery/jquery.min.js HTTP/1.1" 404 4243 "-" "Mozilla/5.0 (Macintosh; Intel Mac OS X 10_14_6) AppleWebKit/537.36 (KHTML, like Gecko) Chrome/72.0.3626.121 Safari/537.36"
18.212.136.31 - - [21/Oct/2024:03:59:21 +0200] "GET /wp-emoji-release.min.js HTTP/1.1" 404 4243 "-" "Mozilla/5.0 (Linux; U; Android 2.1; en-us; HTC Legend Build/cupcake) AppleWebKit/530.17 (KHTML, like Gecko) Version/4.0 Mobile Safari/530.17"
18.212.136.31 - - [21/Oct/2024:03:59:23 +0200] "GET //startupclm.ncdesarrollos.com/wp-content/plugins/woocommerce/assets/js/frontend/add-to-cart.min.js HTTP/1.1" 404 4243 "-" "Mozilla/5.0 (Windows NT 10.0; WOW64) AppleWebKit/537.36 (KHTML, like Gecko) Chrome/70.0.3538.25 Safari/537.36 Core/1.70.3676.400 QQBrowser/10.4.3469.400"
18.212.136.31 - - [21/Oct/2024:04:00:07 +0200] "GET //startupclm.ncdesarrollos.com/wp-content/plugins/woocommerce/assets/js/frontend/woocommerce.min.js HTTP/1.1" 404 4243 "-" "Mozilla/5.0 (Macintosh; Intel Mac OS X 10_13_0) AppleWebKit/537.36 (KHTML, like Gecko) Chrome/74.0.3729.169 Safari/537.36"
18.212.136.31 - - [21/Oct/2024:04:00:07 +0200] "GET //startupclm.ncdesarrollos.com/wp-content/plugins/woocommerce/assets/js/sourcebuster/sourcebuster.min.js HTTP/1.1" 404 4243 "-" "Mozilla/5.0 (Linux; Android 4.4.2; GT-I9190) AppleWebKit/537.36 (KHTML, like Gecko) Chrome/76.0.3809.89 Mobile Safari/537.36"
18.212.136.31 - - [21/Oct/2024:04:00:07 +0200] "GET //startupclm.ncdesarrollos.com/wp-content/plugins/woocommerce/assets/js/jquery-blockui/jquery.blockUI.min.js HTTP/1.1" 404 4243 "-" "Mozilla/5.0 (Linux; Android 5.1; Lenovo P70-A) AppleWebKit/537.36 (KHTML, like Gecko) Chrome/76.0.3809.111 Mobile Safari/537.36"
18.212.136.31 - - [21/Oct/2024:04:00:07 +0200] "GET //startupclm.ncdesarrollos.com/wp-content/plugins/woocommerce/assets/js/js-cookie/js.cookie.min.js HTTP/1.1" 404 4243 "-" "Mozilla/5.0 (Windows NT 10.0; WOW64) AppleWebKit/537.36 (KHTML, like Gecko) Chrome/73.0.3683.103 Whale/1.5.75.9 Safari/537.36"
18.212.136.31 - - [21/Oct/2024:04:00:07 +0200] "GET //startupclm.ncdesarrollos.com/wp-includes/js/jquery/jquery.min.js HTTP/1.1" 404 4243 "-" "Mozilla/5.0 (Linux; Android 8.0.0; SM-G935U) AppleWebKit/537.36 (KHTML, like Gecko) Chrome/76.0.3809.111 Mobile Safari/537.36"
18.212.136.31 - - [21/Oct/2024:04:00:07 +0200] "GET /wp-emoji-release.min.js HTTP/1.1" 404 4243 "-" "Mozilla/5.0 (Linux; Android 9; Pixel 2 XL) AppleWebKit/537.36 (KHTML, like Gecko) Chrome/76.0.3809.111 Mobile Safari/537.36"
18.212.136.31 - - [21/Oct/2024:04:00:07 +0200] "GET //startupclm.ncdesarrollos.com/wp-includes/js/jquery/jquery-migrate.min.js HTTP/1.1" 404 4243 "-" "Mozilla/5.0 (Linux; Android 8.1.0; Moto G (5S) Plus) AppleWebKit/537.36 (KHTML, like Gecko) Chrome/75.0.3770.101 Mobile Safari/537.36"
18.212.136.31 - - [21/Oct/2024:04:00:08 +0200] "GET //startupclm.ncdesarrollos.com/wp-content/plugins/woocommerce/assets/js/frontend/order-attribution.min.js HTTP/1.1" 404 4243 "-" "SonyEricssonK610i/R1CB Browser/NetFront/3.3 Profile/MIDP-2.0 Configuration/CLDC-1.1"
18.212.136.31 - - [21/Oct/2024:04:00:09 +0200] "GET //startupclm.ncdesarrollos.com/wp-content/plugins/woocommerce/assets/js/frontend/add-to-cart.min.js HTTP/1.1" 404 4243 "-" "Mozilla/5.0 (iPhone; CPU iPhone OS 13_0 like Mac OS X) AppleWebKit/605.1.15 (KHTML, like Gecko) Version/13.0 Mobile/15E148 Safari/604.1"
24.144.101.129 - - [21/Oct/2024:14:09:49 +0200] "GET / HTTP/1.1" 301 557 "-" "Mozilla/5.0 (Windows NT 10.0; Win64; x64) AppleWebKit/537.36 (KHTML, like Gecko) Chrome/126.0.0.0 Safari/537.36"
163.172.105.12 - - [21/Oct/2024:14:09:50 +0200] "POST /wp-cron.php?doing_wp_cron=1729512590.4769980907440185546875 HTTP/1.1" 200 4078 "-" "WordPress/6.6.2; https://startupclm.ncdesarrollos.com"
24.144.101.129 - - [21/Oct/2024:14:09:49 +0200] "GET / HTTP/1.1" 200 16626 "-" "Mozilla/5.0 (Windows NT 10.0; Win64; x64) AppleWebKit/537.36 (KHTML, like Gecko) Chrome/126.0.0.0 Safari/537.36"
24.144.101.129 - - [21/Oct/2024:14:09:52 +0200] "GET /favicon.ico HTTP/1.1" 404 4224 "https://startupclm.ncdesarrollos.com/" "Mozilla/5.0 (Windows NT 10.0; Win64; x64) AppleWebKit/537.36 (KHTML, like Gecko) Chrome/126.0.0.0 Safari/537.36"
163.172.105.12 - - [21/Oct/2024:14:09:52 +0200] "POST /wp-admin/admin-ajax.php?action=wp_1_wc_privacy_cleanup&nonce=0e0e99e816 HTTP/1.1" 200 4213 "-" "WordPress/6.6.2; https://startupclm.ncdesarrollos.com"
163.172.105.12 - - [21/Oct/2024:17:05:55 +0200] "POST /wp-cron.php?doing_wp_cron=1729523155.6727659702301025390625 HTTP/1.1" 200 4078 "-" "WordPress/6.6.2; https://startupclm.ncdesarrollos.com"
104.166.80.36 - - [21/Oct/2024:17:05:54 +0200] "GET / HTTP/1.1" 200 16729 "-" "Mozilla/5.0 (X11; Linux i686; rv:109.0) Gecko/20100101 Firefox/120.0"
163.172.105.12 - - [21/Oct/2024:20:25:17 +0200] "POST /wp-cron.php?doing_wp_cron=1729535117.3033070564270019531250 HTTP/1.1" 200 4078 "-" "WordPress/6.6.2; https://startupclm.ncdesarrollos.com"
104.166.80.177 - - [21/Oct/2024:20:25:16 +0200] "GET / HTTP/1.1" 200 16729 "-" "Mozilla/5.0 (X11; Linux i686; rv:109.0) Gecko/20100101 Firefox/120.0"
167.94.145.106 - - [22/Oct/2024:01:13:05 +0200] "GET / HTTP/1.1" 301 557 "-" "Mozilla/5.0 (compatible; CensysInspect/1.1; +https://about.censys.io/)"
163.172.105.12 - - [22/Oct/2024:01:13:09 +0200] "POST /wp-cron.php?doing_wp_cron=1729552389.8876020908355712890625 HTTP/1.1" 200 4078 "-" "WordPress/6.6.2; https://startupclm.ncdesarrollos.com"
167.94.145.106 - - [22/Oct/2024:01:13:09 +0200] "GET / HTTP/1.1" 200 16626 "-" "Mozilla/5.0 (compatible; CensysInspect/1.1; +https://about.censys.io/)"
167.94.145.106 - - [22/Oct/2024:01:13:10 +0200] "GET /favicon.ico HTTP/1.1" 404 4243 "-" "Mozilla/5.0 (compatible; CensysInspect/1.1; +https://about.censys.io/)"
45.148.10.206 - - [22/Oct/2024:01:22:30 +0200] "GET /.git/config HTTP/1.1" 404 4243 "-" "Mozilla/5.0 (Windows NT 5.1; rv:31.0) Gecko/20100101 Firefox/31.0"
174.138.93.138 - - [22/Oct/2024:03:46:01 +0200] "GET / HTTP/1.1" 301 557 "-" "Mozilla/5.0 (Windows NT 10.0; Win64; x64) AppleWebKit/537.36 (KHTML, like Gecko) Chrome/126.0.0.0 Safari/537.36"
163.172.105.12 - - [22/Oct/2024:03:46:03 +0200] "POST /wp-cron.php?doing_wp_cron=1729561563.2760879993438720703125 HTTP/1.1" 200 4078 "-" "WordPress/6.6.2; https://startupclm.ncdesarrollos.com"
174.138.93.138 - - [22/Oct/2024:03:46:02 +0200] "GET / HTTP/1.1" 200 16626 "-" "Mozilla/5.0 (Windows NT 10.0; Win64; x64) AppleWebKit/537.36 (KHTML, like Gecko) Chrome/126.0.0.0 Safari/537.36"
174.138.93.138 - - [22/Oct/2024:03:46:05 +0200] "GET /favicon.ico HTTP/1.1" 404 4224 "https://startupclm.ncdesarrollos.com/" "Mozilla/5.0 (Windows NT 10.0; Win64; x64) AppleWebKit/537.36 (KHTML, like Gecko) Chrome/126.0.0.0 Safari/537.36"
163.172.105.12 - - [22/Oct/2024:17:07:57 +0200] "POST /wp-cron.php?doing_wp_cron=1729609677.4609029293060302734375 HTTP/1.1" 200 4078 "-" "WordPress/6.6.2; https://startupclm.ncdesarrollos.com"
104.166.80.113 - - [22/Oct/2024:17:07:56 +0200] "GET / HTTP/1.1" 200 16729 "-" "Mozilla/5.0 (X11; Linux i686; rv:109.0) Gecko/20100101 Firefox/120.0"
163.172.105.12 - - [22/Oct/2024:17:07:59 +0200] "POST /wp-admin/admin-ajax.php?action=wp_1_wc_privacy_cleanup&nonce=9099d2b3bc HTTP/1.1" 200 4213 "-" "WordPress/6.6.2; https://startupclm.ncdesarrollos.com"
163.172.105.12 - - [22/Oct/2024:20:11:32 +0200] "POST /wp-cron.php?doing_wp_cron=1729620692.4745109081268310546875 HTTP/1.1" 200 4078 "-" "WordPress/6.6.2; https://startupclm.ncdesarrollos.com"
45.148.10.59 - - [22/Oct/2024:20:11:31 +0200] "GET / HTTP/1.1" 200 16645 "-" "Mozilla/5.0 (hp-tablet; Linux; hpwOS/3.0.2; U; de-DE) AppleWebKit/534.6 (KHTML, like Gecko) wOSBrowser/234.40.1 Safari/534.6 TouchPad/1.0"
45.148.10.59 - - [22/Oct/2024:20:11:43 +0200] "GET //startupclm.ncdesarrollos.com/wp-content/plugins/woocommerce/assets/js/frontend/add-to-cart.min.js HTTP/1.1" 404 4243 "-" "Mozilla/4.0 (compatible; MSIE 8.0; Windows NT 5.1; Trident/4.0; .NET CLR 2.0.50727; .NET CLR 3.0.04506.648; .NET CLR 3.5.21022; .NET CLR 3.0.4506.2152; .NET CLR 3.5.30729)"
45.148.10.59 - - [22/Oct/2024:20:11:43 +0200] "GET //startupclm.ncdesarrollos.com/wp-content/plugins/woocommerce/assets/js/frontend/woocommerce.min.js?ver=9 HTTP/1.1" 404 4243 "-" "Mozilla/5.0 (X11; Linux i686; rv:6.0a2) Gecko/20110615 Firefox/6.0a2 Iceweasel/6.0a2"
45.148.10.59 - - [22/Oct/2024:20:11:43 +0200] "GET //startupclm.ncdesarrollos.com/wp-content/plugins/woocommerce/assets/js/jquery-blockui/jquery.blockUI.min.js HTTP/1.1" 404 4243 "-" "Mozilla/5.0 (Linux; Android 8.0.0; SM-G955F) AppleWebKit/537.36 (KHTML, like Gecko) Chrome/76.0.3809.111 Mobile Safari/537.36"
45.148.10.59 - - [22/Oct/2024:20:11:43 +0200] "GET //startupclm.ncdesarrollos.com/wp-content/plugins/woocommerce/assets/js/frontend/woocommerce.min.js HTTP/1.1" 404 4243 "-" "Mozilla/5.0 (Macintosh; Intel Mac OS X 10_10_5) AppleWebKit/600.8.9 (KHTML, like Gecko) Maxthon/4.5.2"
45.148.10.59 - - [22/Oct/2024:20:11:43 +0200] "GET //startupclm.ncdesarrollos.com/wp-content/plugins/woocommerce/assets/js/sourcebuster/sourcebuster.min.js HTTP/1.1" 404 4243 "-" "Mozilla/5.0 (Linux; Android 6.0.1; SM-N910S) AppleWebKit/537.36 (KHTML, like Gecko) Chrome/75.0.3770.143 Mobile Safari/537.36"
45.148.10.59 - - [22/Oct/2024:20:11:43 +0200] "GET //startupclm.ncdesarrollos.com/wp-content/plugins/woocommerce/assets/js/frontend/order-attribution.min.js HTTP/1.1" 404 4243 "-" "Mozilla/5.0 (Macintosh; Intel Mac OS X 10_14_5) AppleWebKit/537.36 (KHTML, like Gecko) Chrome/75.0.3770.90 Safari/537.36"
45.148.10.59 - - [22/Oct/2024:20:11:43 +0200] "GET //startupclm.ncdesarrollos.com/wp-includes/js/jquery/jquery.min.js?ver=3 HTTP/1.1" 404 4243 "-" "Mozilla/5.0 (Linux; U; Android 6.0; en-US; Redmi Note 4 Build/MRA58K) AppleWebKit/537.36 (KHTML, like Gecko) Version/4.0 Chrome/57.0.2987.108 UCBrowser/12.13.0.1207 Mobile Safari/537.36"
45.148.10.59 - - [22/Oct/2024:20:11:43 +0200] "GET //startupclm.ncdesarrollos.com/wp-includes/js/jquery/jquery.min.js HTTP/1.1" 404 4243 "-" "Mozilla/4.0 (compatible; MSIE 7.0; Windows NT 6.3; Trident/7.0; .NET4.0E; .NET4.0C)"
45.148.10.59 - - [22/Oct/2024:20:11:43 +0200] "GET /wp-emoji-release.min.js?ver=6 HTTP/1.1" 404 4243 "-" "Mozilla/5.0 (Linux; Android 8.0.0; SM-G930F) AppleWebKit/537.36 (KHTML, like Gecko) Chrome/76.0.3809.89 Mobile Safari/537.36"
45.148.10.59 - - [22/Oct/2024:20:11:43 +0200] "GET //startupclm.ncdesarrollos.com/wp-includes/js/jquery/jquery-migrate.min.js?ver=3 HTTP/1.1" 404 4243 "-" "Mozilla/5.0 (Windows NT 10.0; WOW64) AppleWebKit/537.36 (KHTML, like Gecko) Chrome/69.0.3497.92 Safari/537.36"
45.148.10.59 - - [22/Oct/2024:20:11:43 +0200] "GET //startupclm.ncdesarrollos.com/wp-content/plugins/woocommerce/assets/js/jquery-blockui/jquery.blockUI.min.js?ver=2 HTTP/1.1" 404 4243 "-" "msnbot-media/1.1 ( http://search.msn.com/msnbot.htm)"
45.148.10.59 - - [22/Oct/2024:20:11:43 +0200] "GET /%5C/startupclm.ncdesarrollos.com%5C/wp-includes%5C/js%5C/wp-emoji-release.min.js HTTP/1.1" 404 4243 "-" "Mozilla/5.0 (Macintosh; Intel Mac OS X 10_11_6) AppleWebKit/537.36 (KHTML, like Gecko) Chrome/75.0.3770.142 Safari/537.36"
45.148.10.59 - - [22/Oct/2024:20:11:43 +0200] "GET /%5C/s.w.org%5C/images%5C/core%5C/emoji%5C/15.0.3%5C/72x72%5C/%22,%22ext%22:%22.png%22,%22svgUrl%22:%22https:%5C/%5C/s.w.org%5C/images%5C/core%5C/emoji%5C/15.0.3%5C/svg%5C/%22,%22svgExt%22:%22.svg%22,%22source%22:%7B%22concatemoji%22:%22https:%5C/%5C/startupclm.ncdesarrollos.com%5C/wp-includes%5C/js%5C/wp-emoji-release.min.js HTTP/1.1" 404 4243 "-" "Mozilla/5.0 (compatible; Konqueror/3.5; NetBSD 4.0_RC3; X11) KHTML/3.5.7 (like Gecko)"
45.148.10.59 - - [22/Oct/2024:20:11:43 +0200] "GET /wp-emoji-release.min.js HTTP/1.1" 404 4243 "-" "Mozilla/5.0 (Linux; Android 5.1; A1601) AppleWebKit/537.36 (KHTML, like Gecko) Chrome/76.0.3809.111 Mobile Safari/537.36"
45.148.10.59 - - [22/Oct/2024:20:11:43 +0200] "GET //startupclm.ncdesarrollos.com/wp-includes/js/jquery/jquery-migrate.min.js HTTP/1.1" 404 4243 "-" "Mozilla/5.0 (Linux; Android 7.0; Vivo 8) AppleWebKit/537.36 (KHTML, like Gecko) Chrome/76.0.3809.111 Mobile Safari/537.36"
45.148.10.59 - - [22/Oct/2024:20:11:44 +0200] "GET //startupclm.ncdesarrollos.com/wp-content/plugins/woocommerce/assets/js/js-cookie/js.cookie.min.js HTTP/1.1" 404 4243 "-" "Mozilla/5.0 (Linux; Android 7.1.2; OC105) AppleWebKit/537.36 (KHTML, like Gecko) Chrome/74.0.3729.157 Mobile Safari/537.36"
45.148.10.59 - - [22/Oct/2024:20:11:45 +0200] "GET //startupclm.ncdesarrollos.com/wp-content/plugins/woocommerce/assets/js/js-cookie/js.cookie.min.js?ver=2 HTTP/1.1" 404 4243 "-" "Mozilla/5.0 (Linux; Android 6.0.1; SM-N910S) AppleWebKit/537.36 (KHTML, like Gecko) Chrome/75.0.3770.143 Mobile Safari/537.36"
45.148.10.59 - - [22/Oct/2024:20:11:47 +0200] "GET //startupclm.ncdesarrollos.com/wp-content/plugins/woocommerce/assets/js/sourcebuster/sourcebuster.min.js?ver=9 HTTP/1.1" 404 4243 "-" "Mozilla/5.0 (Windows NT 6.1; Win64; x64) AppleWebKit/537.36 (KHTML, like Gecko) Chrome/60.0.3112.90 Safari/537.36"
45.148.10.59 - - [22/Oct/2024:20:11:47 +0200] "GET //startupclm.ncdesarrollos.com/wp-content/plugins/woocommerce/assets/js/frontend/add-to-cart.min.js?ver=9 HTTP/1.1" 404 4243 "-" "Mozilla/4.0 (compatible; MSIE 5.5; Windows 98; Win 9x 4.90)"
45.148.10.59 - - [22/Oct/2024:20:11:48 +0200] "GET //startupclm.ncdesarrollos.com/wp-content/plugins/woocommerce/assets/js/frontend/order-attribution.min.js?ver=9 HTTP/1.1" 301 794 "-" "Mozilla/5.0 (Windows NT 6.3; WOW64) AppleWebKit/537.36 (KHTML, like Gecko) Chrome/61.0.3163.79 Safari/537.36 Maxthon/5.2.7.5000"
163.172.105.12 - - [22/Oct/2024:20:25:42 +0200] "POST /wp-cron.php?doing_wp_cron=1729621542.7714290618896484375000 HTTP/1.1" 200 4078 "-" "WordPress/6.6.2; https://startupclm.ncdesarrollos.com"
104.166.80.6 - - [22/Oct/2024:20:25:42 +0200] "GET / HTTP/1.1" 200 16729 "-" "Mozilla/5.0 (X11; Linux i686; rv:109.0) Gecko/20100101 Firefox/120.0"
163.172.105.12 - - [23/Oct/2024:08:13:27 +0200] "POST /wp-cron.php?doing_wp_cron=1729664007.7132198810577392578125 HTTP/1.1" 200 4078 "-" "WordPress/6.6.2; https://startupclm.ncdesarrollos.com"
183.129.153.157 - - [23/Oct/2024:08:13:26 +0200] "GET / HTTP/1.1" 200 16001 "-" "Mozilla/5.0 (Windows NT 10.0; Win64; x64) AppleWebKit/537.36 (KHTML, like Gecko) Chrome/63.0.3239.108 Safari/537.36"
143.244.135.121 - - [23/Oct/2024:14:33:51 +0200] "GET / HTTP/1.1" 301 557 "-" "Mozilla/5.0 (Windows NT 10.0; Win64; x64) AppleWebKit/537.36 (KHTML, like Gecko) Chrome/126.0.0.0 Safari/537.36"
163.172.105.12 - - [23/Oct/2024:14:33:52 +0200] "POST /wp-cron.php?doing_wp_cron=1729686832.6397991180419921875000 HTTP/1.1" 200 4078 "-" "WordPress/6.6.2; https://startupclm.ncdesarrollos.com"
143.244.135.121 - - [23/Oct/2024:14:33:51 +0200] "GET / HTTP/1.1" 200 16626 "-" "Mozilla/5.0 (Windows NT 10.0; Win64; x64) AppleWebKit/537.36 (KHTML, like Gecko) Chrome/126.0.0.0 Safari/537.36"
163.172.105.12 - - [23/Oct/2024:14:33:54 +0200] "POST /wp-admin/admin-ajax.php?action=wp_1_wc_privacy_cleanup&nonce=4dbf7628eb HTTP/1.1" 200 4213 "-" "WordPress/6.6.2; https://startupclm.ncdesarrollos.com"
143.244.135.121 - - [23/Oct/2024:14:33:56 +0200] "GET /favicon.ico HTTP/1.1" 404 4224 "https://startupclm.ncdesarrollos.com/" "Mozilla/5.0 (Windows NT 10.0; Win64; x64) AppleWebKit/537.36 (KHTML, like Gecko) Chrome/126.0.0.0 Safari/537.36"
163.172.105.12 - - [23/Oct/2024:17:16:57 +0200] "POST /wp-cron.php?doing_wp_cron=1729696617.7348101139068603515625 HTTP/1.1" 200 4078 "-" "WordPress/6.6.2; https://startupclm.ncdesarrollos.com"
104.166.80.181 - - [23/Oct/2024:17:16:57 +0200] "GET / HTTP/1.1" 200 16729 "-" "Mozilla/5.0 (X11; Linux i686; rv:109.0) Gecko/20100101 Firefox/120.0"
163.172.105.12 - - [23/Oct/2024:20:45:54 +0200] "POST /wp-cron.php?doing_wp_cron=1729709153.9168589115142822265625 HTTP/1.1" 200 4078 "-" "WordPress/6.6.2; https://startupclm.ncdesarrollos.com"
104.166.80.222 - - [23/Oct/2024:20:45:53 +0200] "GET / HTTP/1.1" 200 16729 "-" "Mozilla/5.0 (X11; Linux i686; rv:109.0) Gecko/20100101 Firefox/120.0"
79.143.187.60 - - [24/Oct/2024:00:26:27 +0200] "GET /.env HTTP/1.1" 404 4280 "-" "Mozilla/5.0 (X11; Linux x86_64; rv:83.0) Gecko/20100101 Firefox/83.0"
163.172.105.12 - - [24/Oct/2024:00:26:28 +0200] "POST /wp-cron.php?doing_wp_cron=1729722387.9133880138397216796875 HTTP/1.1" 200 4078 "-" "WordPress/6.6.2; https://startupclm.ncdesarrollos.com"
79.143.187.60 - - [24/Oct/2024:00:26:27 +0200] "POST / HTTP/1.1" 200 16682 "-" "Mozilla/5.0 (X11; Linux x86_64; rv:83.0) Gecko/20100101 Firefox/83.0"
163.172.105.12 - - [24/Oct/2024:00:43:19 +0200] "POST /wp-cron.php?doing_wp_cron=1729723399.3681440353393554687500 HTTP/1.1" 200 4078 "-" "WordPress/6.6.2; https://startupclm.ncdesarrollos.com"
87.120.127.103 - - [24/Oct/2024:00:43:18 +0200] "GET / HTTP/1.1" 200 16645 "-" "Mozilla/5.0 (Linux; Android 5.1; OPPO A59s Build/LMY47I; wv) AppleWebKit/537.36 (KHTML, like Gecko) Version/4.0 Chrome/66.0.3359.126 MQQBrowser/6.2 TBS/044813 Mobile Safari/537.36 MMWEBID/6148 MicroMessenger/7.0.6.1460(0x27000634) Process/tools NetType/WIFI Language/zh_CN"
87.120.127.103 - - [24/Oct/2024:00:43:51 +0200] "GET //startupclm.ncdesarrollos.com/wp-includes/js/jquery/jquery.min.js HTTP/1.1" 404 4243 "-" "Mozilla/5.0 (Macintosh; Intel Mac OS X 10_12_4) AppleWebKit/537.36 (KHTML, like Gecko) Chrome/75.0.3770.142 Safari/537.36"
87.120.127.103 - - [24/Oct/2024:00:43:51 +0200] "GET /wp-emoji-release.min.js HTTP/1.1" 404 4243 "-" "Mozilla/5.0 (Macintosh; U; PPC Mac OS X; en-US) AppleWebKit/125.4 (KHTML, like Gecko, Safari) OmniWeb/v563.15"
87.120.127.103 - - [24/Oct/2024:00:43:51 +0200] "GET //startupclm.ncdesarrollos.com/wp-includes/js/jquery/jquery-migrate.min.js HTTP/1.1" 301 720 "-" "Mozilla/5.0 (Windows NT 6.1; Win64; x64) AppleWebKit/537.36 (KHTML, like Gecko) Chrome/77.0.3835.0 Safari/537.36"
87.120.127.103 - - [24/Oct/2024:00:43:51 +0200] "GET //startupclm.ncdesarrollos.com/wp-content/plugins/woocommerce/assets/js/js-cookie/js.cookie.min.js HTTP/1.1" 301 768 "-" "Mozilla/5.0 (Macintosh; Intel Mac OS X 10_7_2) AppleWebKit/535.1 (KHTML, like Gecko) Chrome/14.0.835.186 Safari/535.1"
87.120.127.103 - - [24/Oct/2024:00:43:51 +0200] "GET //startupclm.ncdesarrollos.com/wp-content/plugins/woocommerce/assets/js/jquery-blockui/jquery.blockUI.min.js HTTP/1.1" 301 788 "-" "Mozilla/5.0 (Macintosh; Intel Mac OS X 10_14_6) AppleWebKit/537.36 (KHTML, like Gecko) Chrome/76.0.3809.100 Safari/537.36"
87.120.127.103 - - [24/Oct/2024:00:43:52 +0200] "GET //startupclm.ncdesarrollos.com/wp-content/plugins/woocommerce/assets/js/sourcebuster/sourcebuster.min.js HTTP/1.1" 301 780 "-" "Mozilla/5.0 (iPhone; CPU iPhone OS 12_4 like Mac OS X) AppleWebKit/605.1.15 (KHTML, like Gecko) Version/12.1.2 Mobile/15E148 Safari/604.1"
87.120.127.103 - - [24/Oct/2024:00:43:56 +0200] "GET //startupclm.ncdesarrollos.com/wp-content/plugins/woocommerce/assets/js/frontend/woocommerce.min.js HTTP/1.1" 301 770 "-" "Mozilla/5.0 (Linux; U; Android 6.0; he-il; Redmi Note 4X Build/MRA58K) AppleWebKit/537.36 (KHTML, like Gecko) Version/4.0 Chrome/71.0.3578.141 Mobile Safari/537.36 XiaoMi/MiuiBrowser/10.9.7-g"
87.120.127.103 - - [24/Oct/2024:00:43:58 +0200] "GET //startupclm.ncdesarrollos.com/wp-content/plugins/woocommerce/assets/js/frontend/order-attribution.min.js HTTP/1.1" 301 782 "-" "Mozilla/5.0 (Linux; U; Android 1.5; en-us; htc_bahamas Build/CRB17) AppleWebKit/528.5 (KHTML, like Gecko) Version/3.1.2 Mobile Safari/525.20.1"
87.120.127.103 - - [24/Oct/2024:00:44:31 +0200] "GET //startupclm.ncdesarrollos.com/wp-content/plugins/woocommerce/assets/js/frontend/add-to-cart.min.js HTTP/1.1" 404 4243 "-" "Mozilla/5.0 (X11; U; Linux i686; pt-PT; rv:1.9.2.3) Gecko/20100402 Iceweasel/3.6.3 (like Firefox/3.6.3) GTB7.0"
87.120.127.103 - - [24/Oct/2024:00:44:31 +0200] "GET //startupclm.ncdesarrollos.com/wp-content/plugins/woocommerce/assets/js/sourcebuster/sourcebuster.min.js HTTP/1.1" 404 4243 "-" "Mozilla/5.0 (Linux; Android 8.0.0; LG-H873) AppleWebKit/537.36 (KHTML, like Gecko) Chrome/76.0.3809.89 Mobile Safari/537.36"
87.120.127.103 - - [24/Oct/2024:00:44:31 +0200] "GET //startupclm.ncdesarrollos.com/wp-content/plugins/woocommerce/assets/js/frontend/order-attribution.min.js HTTP/1.1" 404 4243 "-" "Mozilla/5.0 (Linux; Android 9; ASUS_X01BDA) AppleWebKit/537.36 (KHTML, like Gecko) Chrome/76.0.3809.111 Mobile Safari/537.36"
87.120.127.103 - - [24/Oct/2024:00:44:34 +0200] "GET //startupclm.ncdesarrollos.com/wp-content/plugins/woocommerce/assets/js/js-cookie/js.cookie.min.js HTTP/1.1" 301 768 "-" "Mozilla/5.0 (Macintosh; Intel Mac OS X 10_13_0) AppleWebKit/537.36 (KHTML, like Gecko) Chrome/74.0.3729.169 Safari/537.36"
87.120.127.103 - - [24/Oct/2024:00:44:34 +0200] "GET //startupclm.ncdesarrollos.com/wp-includes/js/jquery/jquery.min.js HTTP/1.1" 301 704 "-" "NokiaN70-1/5.0609.2.0.1 Series60/2.8 Profile/MIDP-2.0 Configuration/CLDC-1.1 UP.Link/6.3.1.13.0"
87.120.127.103 - - [24/Oct/2024:00:44:34 +0200] "GET /wp-emoji-release.min.js HTTP/1.1" 301 622 "-" "Mozilla/5.0 (Windows NT 10.0; Win64; x64) AppleWebKit/537.36 (KHTML, like Gecko) Chrome/74.0.3729.157 Safari/537.36"
87.120.127.103 - - [24/Oct/2024:00:44:35 +0200] "GET //startupclm.ncdesarrollos.com/wp-content/plugins/woocommerce/assets/js/sourcebuster/sourcebuster.min.js HTTP/1.1" 301 780 "-" "Mozilla/5.0 (Linux; Android 9; H8314) AppleWebKit/537.36 (KHTML, like Gecko) Chrome/76.0.3809.111 Mobile Safari/537.36"
87.120.127.103 - - [24/Oct/2024:00:44:37 +0200] "GET //startupclm.ncdesarrollos.com/wp-content/plugins/woocommerce/assets/js/jquery-blockui/jquery.blockUI.min.js HTTP/1.1" 301 788 "-" "Mozilla/4.0 (compatible; MSIE 7.0; Windows NT 6.1; Trident/4.0; SLCC2; .NET CLR 2.0.50727; .NET CLR 3.5.30729; .NET CLR 3.0.30729; Media Center PC 6.0; Maxthon 2.0)"
87.120.127.103 - - [24/Oct/2024:00:44:37 +0200] "GET //startupclm.ncdesarrollos.com/wp-content/plugins/woocommerce/assets/js/frontend/woocommerce.min.js HTTP/1.1" 301 770 "-" "Mozilla/5.0 (Linux; Android 8.0.0; SM-G935F) AppleWebKit/537.36 (KHTML, like Gecko) Chrome/76.0.3809.89 Mobile Safari/537.36"
87.120.127.103 - - [24/Oct/2024:00:44:37 +0200] "GET //startupclm.ncdesarrollos.com/wp-includes/js/jquery/jquery-migrate.min.js HTTP/1.1" 301 720 "-" "Mozilla/5.0 (X11; U; Linux x86_64; en-US; rv:1.9.0.3) Gecko/2008092814 (Debian-3.0.1-1)"
87.120.127.103 - - [24/Oct/2024:00:44:37 +0200] "GET //startupclm.ncdesarrollos.com/wp-content/plugins/woocommerce/assets/js/frontend/order-attribution.min.js HTTP/1.1" 301 782 "-" "Mozilla/5.0 (Linux; Android 4.4.2; LGMS323 Build/KOT49I.MS32310b) AppleWebKit/537.36 (KHTML, like Gecko) Chrome/30.0.1599.103 Mobile Safari/537.36"
87.120.127.103 - - [24/Oct/2024:00:44:37 +0200] "GET //startupclm.ncdesarrollos.com/wp-content/plugins/woocommerce/assets/js/frontend/add-to-cart.min.js HTTP/1.1" 301 770 "-" "Mozilla/5.0 (Macintosh; Intel Mac OS X 10_7_3) AppleWebKit/534.55.3 (KHTML, like Gecko) Version/5.1.3 Safari/534.53.10"
45.148.10.206 - - [24/Oct/2024:04:03:10 +0200] "GET /.git/config HTTP/1.1" 404 4243 "-" "Mozilla/5.0 (Macintosh; Intel Mac OS X 10_12_6) AppleWebKit/603.3.8 (KHTML, like Gecko) Version/10.1.2 Safari/603.3.8"
163.172.105.12 - - [24/Oct/2024:17:16:19 +0200] "POST /wp-cron.php?doing_wp_cron=1729782979.7734229564666748046875 HTTP/1.1" 200 4078 "-" "WordPress/6.6.2; https://startupclm.ncdesarrollos.com"
104.166.80.252 - - [24/Oct/2024:17:16:19 +0200] "GET / HTTP/1.1" 200 16729 "-" "Mozilla/5.0 (X11; Linux i686; rv:109.0) Gecko/20100101 Firefox/120.0"
163.172.105.12 - - [24/Oct/2024:17:16:22 +0200] "POST /wp-admin/admin-ajax.php?action=wp_1_wc_privacy_cleanup&nonce=e4837792a6 HTTP/1.1" 200 4213 "-" "WordPress/6.6.2; https://startupclm.ncdesarrollos.com"
163.172.105.12 - - [24/Oct/2024:21:31:36 +0200] "POST /wp-cron.php?doing_wp_cron=1729798296.6803240776062011718750 HTTP/1.1" 200 4078 "-" "WordPress/6.6.2; https://startupclm.ncdesarrollos.com"
104.166.80.198 - - [24/Oct/2024:21:31:35 +0200] "GET / HTTP/1.1" 200 16729 "-" "Mozilla/5.0 (X11; Linux i686; rv:109.0) Gecko/20100101 Firefox/120.0"
209.38.47.250 - - [25/Oct/2024:15:31:52 +0200] "GET / HTTP/1.1" 301 557 "-" "Mozilla/5.0 (Windows NT 10.0; Win64; x64) AppleWebKit/537.36 (KHTML, like Gecko) Chrome/126.0.0.0 Safari/537.36"
163.172.105.12 - - [25/Oct/2024:15:31:52 +0200] "POST /wp-cron.php?doing_wp_cron=1729863112.8417990207672119140625 HTTP/1.1" 200 4078 "-" "WordPress/6.6.2; https://startupclm.ncdesarrollos.com"
209.38.47.250 - - [25/Oct/2024:15:31:52 +0200] "GET / HTTP/1.1" 200 16626 "-" "Mozilla/5.0 (Windows NT 10.0; Win64; x64) AppleWebKit/537.36 (KHTML, like Gecko) Chrome/126.0.0.0 Safari/537.36"
209.38.47.250 - - [25/Oct/2024:15:31:53 +0200] "GET /favicon.ico HTTP/1.1" 404 4224 "https://startupclm.ncdesarrollos.com/" "Mozilla/5.0 (Windows NT 10.0; Win64; x64) AppleWebKit/537.36 (KHTML, like Gecko) Chrome/126.0.0.0 Safari/537.36"
163.172.105.12 - - [25/Oct/2024:15:31:57 +0200] "POST /wp-admin/admin-ajax.php?action=wp_1_wc_privacy_cleanup&nonce=500e0733ee HTTP/1.1" 200 4213 "-" "WordPress/6.6.2; https://startupclm.ncdesarrollos.com"
163.172.105.12 - - [25/Oct/2024:17:22:42 +0200] "POST /wp-cron.php?doing_wp_cron=1729869761.9477200508117675781250 HTTP/1.1" 200 4078 "-" "WordPress/6.6.2; https://startupclm.ncdesarrollos.com"
104.166.80.164 - - [25/Oct/2024:17:22:41 +0200] "GET / HTTP/1.1" 200 16729 "-" "Mozilla/5.0 (X11; Linux i686; rv:109.0) Gecko/20100101 Firefox/120.0"
163.172.105.12 - - [25/Oct/2024:21:09:58 +0200] "POST /wp-cron.php?doing_wp_cron=1729883398.5840940475463867187500 HTTP/1.1" 200 4078 "-" "WordPress/6.6.2; https://startupclm.ncdesarrollos.com"
104.166.80.66 - - [25/Oct/2024:21:09:57 +0200] "GET / HTTP/1.1" 200 16729 "-" "Mozilla/5.0 (X11; Linux i686; rv:109.0) Gecko/20100101 Firefox/120.0"
163.172.105.12 - - [26/Oct/2024:00:39:53 +0200] "POST /wp-cron.php?doing_wp_cron=1729895993.2297699451446533203125 HTTP/1.1" 200 4078 "-" "WordPress/6.6.2; https://startupclm.ncdesarrollos.com"
147.185.132.252 - - [26/Oct/2024:00:39:52 +0200] "GET / HTTP/1.1" 200 63847 "-" "Expanse, a Palo Alto Networks company, searches across the global IPv4 space multiple times per day to identify customers' presences on the Internet. If you would like to be excluded from our scans, please send IP addresses/domains to: scaninfo@paloaltonetworks.com"
163.172.105.12 - - [26/Oct/2024:08:44:52 +0200] "POST /wp-cron.php?doing_wp_cron=1729925092.9364171028137207031250 HTTP/1.1" 200 4078 "-" "WordPress/6.6.2; https://startupclm.ncdesarrollos.com"
35.89.178.248 - - [26/Oct/2024:08:44:52 +0200] "GET / HTTP/1.1" 200 16645 "-" "Mozilla/5.0 (Macintosh; Intel Mac OS X 10_15_7) AppleWebKit/537.36 (KHTML, like Gecko) Chrome/99.0.4844.74 Safari/537.36"
35.89.178.248 - - [26/Oct/2024:08:45:18 +0200] "GET //startupclm.ncdesarrollos.com/wp-content/plugins/woocommerce/assets/js/frontend/woocommerce.min.js HTTP/1.1" 404 4243 "-" "Mozilla/5.0 (Linux; U; Android 2.1; en-us; Nexus One Build/ERD62) AppleWebKit/530.17 (KHTML, like Gecko) Version/4.0 Mobile Safari/530.17"
35.89.178.248 - - [26/Oct/2024:08:45:19 +0200] "GET //startupclm.ncdesarrollos.com/wp-includes/js/jquery/jquery.min.js HTTP/1.1" 404 4243 "-" "Mozilla/5.0 (Linux; Android 12; SM-G991U) AppleWebKit/537.36 (KHTML, like Gecko) Chrome/101.0.4951.41 Mobile Safari/537.36"
35.89.178.248 - - [26/Oct/2024:08:45:19 +0200] "GET //startupclm.ncdesarrollos.com/wp-content/plugins/woocommerce/assets/js/frontend/add-to-cart.min.js HTTP/1.1" 404 4243 "-" "Mozilla/5.0 (Linux; U; Android 2.2; en-us; Nexus One Build/FRF91) AppleWebKit/533.1 (KHTML, like Gecko) Version/4.0 Mobile Safari/533.1"
35.89.178.248 - - [26/Oct/2024:08:45:19 +0200] "GET /wp-emoji-release.min.js HTTP/1.1" 404 4243 "-" "Mozilla/5.0 (iPhone; CPU iPhone OS 15_2_1 like Mac OS X) AppleWebKit/605.1.15 (KHTML, like Gecko) Version/15.2 Mobile/15E148 Safari/604.1"
35.89.178.248 - - [26/Oct/2024:08:45:19 +0200] "GET //startupclm.ncdesarrollos.com/wp-content/plugins/woocommerce/assets/js/frontend/order-attribution.min.js HTTP/1.1" 404 4243 "-" "Mozilla/5.0 (Macintosh; U; Intel Mac OS X 10.5; en-US; rv:1.9.1) Gecko/20090624 Firefox/3.5"
35.89.178.248 - - [26/Oct/2024:08:45:19 +0200] "GET //startupclm.ncdesarrollos.com/wp-content/plugins/woocommerce/assets/js/js-cookie/js.cookie.min.js HTTP/1.1" 404 4243 "-" "Mozilla/5.0 (X11; Linux i686; rv:10.0.1) Gecko/20100101 Firefox/10.0.1 SeaMonkey/2.7.1"
35.89.178.248 - - [26/Oct/2024:08:45:19 +0200] "GET //startupclm.ncdesarrollos.com/wp-content/plugins/woocommerce/assets/js/jquery-blockui/jquery.blockUI.min.js HTTP/1.1" 404 4243 "-" "Mozilla/5.0 (Windows NT 10.0; Win64; x64) AppleWebKit/537.36 (KHTML, like Gecko) Chrome/55.0.2869.0 Safari/537.36"
35.89.178.248 - - [26/Oct/2024:08:45:19 +0200] "GET //startupclm.ncdesarrollos.com/wp-content/plugins/woocommerce/assets/js/sourcebuster/sourcebuster.min.js HTTP/1.1" 404 4243 "-" "Opera/9.80 (Windows NT 6.1; WOW64) Presto/2.12.388 Version/12.16"
35.89.178.248 - - [26/Oct/2024:08:45:19 +0200] "GET //startupclm.ncdesarrollos.com/wp-includes/js/jquery/jquery-migrate.min.js HTTP/1.1" 404 4243 "-" "Mozilla/5.0 (Macintosh; Intel Mac OS X 10_15_7) AppleWebKit/537.36 (KHTML, like Gecko) Chrome/100.0.4896.60 Safari/537.36"
35.89.178.248 - - [26/Oct/2024:08:46:02 +0200] "GET //startupclm.ncdesarrollos.com/wp-includes/js/jquery/jquery-migrate.min.js HTTP/1.1" 404 4243 "-" "Mozilla/5.0 (Windows NT 10.0) AppleWebKit/537.36 (KHTML, like Gecko) Chrome/42.0.2311.135 Safari/537.36 Edge/12.10240"
35.89.178.248 - - [26/Oct/2024:08:46:02 +0200] "GET //startupclm.ncdesarrollos.com/wp-content/plugins/woocommerce/assets/js/js-cookie/js.cookie.min.js HTTP/1.1" 404 4243 "-" "BlackBerry8330/4.3.0 Profile/MIDP-2.0 Configuration/CLDC-1.1 VendorID/105"
35.89.178.248 - - [26/Oct/2024:08:46:02 +0200] "GET //startupclm.ncdesarrollos.com/wp-content/plugins/woocommerce/assets/js/frontend/order-attribution.min.js HTTP/1.1" 404 4243 "-" "SEC-SGHX820/1.0 NetFront/3.2 Profile/MIDP-2.0 Configuration/CLDC-1.1"
35.89.178.248 - - [26/Oct/2024:08:46:03 +0200] "GET //startupclm.ncdesarrollos.com/wp-content/plugins/woocommerce/assets/js/frontend/add-to-cart.min.js HTTP/1.1" 404 4243 "-" "Mozilla/5.0 (Windows NT 10.0; WOW64) AppleWebKit/537.36 (KHTML, like Gecko) Chrome/87.0.4280.66 Safari/537.36"
35.89.178.248 - - [26/Oct/2024:08:46:04 +0200] "GET //startupclm.ncdesarrollos.com/wp-includes/js/jquery/jquery.min.js HTTP/1.1" 404 4243 "-" "Mozilla/5.0 (Macintosh; U; PPC Mac OS X; en) AppleWebKit/125.2 (KHTML, like Gecko) Safari/85.8"
35.89.178.248 - - [26/Oct/2024:08:46:04 +0200] "GET //startupclm.ncdesarrollos.com/wp-content/plugins/woocommerce/assets/js/jquery-blockui/jquery.blockUI.min.js HTTP/1.1" 404 4243 "-" "Mozilla/5.0 (Macintosh; Intel Mac OS X 10_7_5) AppleWebKit/536.26.17 (KHTML like Gecko) Version/6.0.2 Safari/536.26.17"
35.89.178.248 - - [26/Oct/2024:08:46:04 +0200] "GET //startupclm.ncdesarrollos.com/wp-content/plugins/woocommerce/assets/js/sourcebuster/sourcebuster.min.js HTTP/1.1" 404 4243 "-" "Mozilla/2.02E (Win95; U)"
35.89.178.248 - - [26/Oct/2024:08:46:04 +0200] "GET //startupclm.ncdesarrollos.com/wp-content/plugins/woocommerce/assets/js/frontend/woocommerce.min.js HTTP/1.1" 404 4243 "-" "Mozilla/5.0 (Windows NT 10.0; Win64; x64) AppleWebKit/537.36 (KHTML, like Gecko) Chrome/101.0.4951.41 Safari/537.36 Edg/101.0.1210.32"
35.89.178.248 - - [26/Oct/2024:08:47:02 +0200] "GET //startupclm.ncdesarrollos.com/wp-content/plugins/woocommerce/assets/js/frontend/order-attribution.min.js HTTP/1.1" 404 4243 "-" "Mozilla/5.0 (Linux; Android 7.1.1; BBB100-1 Build/NMF26F) AppleWebKit/537.36 (KHTML, like Gecko) Chrome/59.0.3071.125 Mobile Safari/537.36"
35.89.178.248 - - [26/Oct/2024:08:47:02 +0200] "GET //startupclm.ncdesarrollos.com/wp-content/plugins/woocommerce/assets/js/sourcebuster/sourcebuster.min.js HTTP/1.1" 404 4243 "-" "SonyEricssonZ800/R1Y Browser/SEMC-Browser/4.1 Profile/MIDP-2.0 Configuration/CLDC-1.1 UP.Link/6.3.0.0.0"
35.89.178.248 - - [26/Oct/2024:08:47:02 +0200] "GET //startupclm.ncdesarrollos.com/wp-content/plugins/woocommerce/assets/js/frontend/add-to-cart.min.js HTTP/1.1" 404 4243 "-" "Mozilla/5.0 (Windows NT 10.0; WOW64) AppleWebKit/537.36 (KHTML, like Gecko) Chrome/51.0.2704.103 Safari/537.36"
35.89.178.248 - - [26/Oct/2024:08:47:02 +0200] "GET //startupclm.ncdesarrollos.com/wp-content/plugins/woocommerce/assets/js/jquery-blockui/jquery.blockUI.min.js HTTP/1.1" 404 4243 "-" "Mozilla/5.0 (Linux; U; Android 1.5; en-us; SPH-M900 Build/CUPCAKE) AppleWebKit/528.5 (KHTML, like Gecko) Version/3.1.2 Mobile Safari/525.20.1"
35.89.178.248 - - [26/Oct/2024:08:47:02 +0200] "GET //startupclm.ncdesarrollos.com/wp-includes/js/jquery/jquery-migrate.min.js HTTP/1.1" 404 4243 "-" "Mozilla/5.0 (Macintosh; Intel Mac OS X 10_15_7) AppleWebKit/605.1.15 (KHTML, like Gecko) Version/15.0 Safari/605.1.15"
35.89.178.248 - - [26/Oct/2024:08:47:02 +0200] "GET /wp-emoji-release.min.js HTTP/1.1" 404 4243 "-" "Mozilla/5.0 (Linux; Android 11; SM-M315F) AppleWebKit/537.36 (KHTML, like Gecko) Chrome/101.0.4951.41 Mobile Safari/537.36"
35.89.178.248 - - [26/Oct/2024:08:47:02 +0200] "GET //startupclm.ncdesarrollos.com/wp-includes/js/jquery/jquery.min.js HTTP/1.1" 404 4243 "-" "ELinks/0.12~pre5-4"
35.89.178.248 - - [26/Oct/2024:08:47:03 +0200] "GET //startupclm.ncdesarrollos.com/wp-content/plugins/woocommerce/assets/js/js-cookie/js.cookie.min.js HTTP/1.1" 404 4243 "-" "Mozilla/5.0 (Windows NT 10.0; Win64; x64) AppleWebKit/537.36 (KHTML, like Gecko) Chrome/100.0.4896.60 Safari/537.36 Edg/100.0.1185.29"
35.89.178.248 - - [26/Oct/2024:08:47:04 +0200] "GET //startupclm.ncdesarrollos.com/wp-content/plugins/woocommerce/assets/js/frontend/woocommerce.min.js HTTP/1.1" 404 4243 "-" "UCWEB/8.8 (iPhone; CPU OS_6; en-US)AppleWebKit/534.1 U3/3.0.0 Mobile"
35.89.178.248 - - [26/Oct/2024:08:47:49 +0200] "GET //startupclm.ncdesarrollos.com/wp-content/plugins/woocommerce/assets/js/frontend/add-to-cart.min.js HTTP/1.1" 404 4243 "-" "Mozilla/5.0 (iPhone; CPU iPhone OS 8_4_1 like Mac OS X) AppleWebKit/600.1.4 (KHTML, like Gecko) GSA/8.0.57838 Mobile/12H321 Safari/600.1.4"
35.89.178.248 - - [26/Oct/2024:08:47:49 +0200] "GET //startupclm.ncdesarrollos.com/wp-content/plugins/woocommerce/assets/js/frontend/order-attribution.min.js HTTP/1.1" 404 4243 "-" "Mozilla/5.0 (Linux; U; Android 4.0.3; en-us; KFTT Build/IML74K) AppleWebKit/535.19 (KHTML, like Gecko) Silk/2.1 Mobile Safari/535.19 Silk-Accelerated=true"
35.89.178.248 - - [26/Oct/2024:08:47:49 +0200] "GET //startupclm.ncdesarrollos.com/wp-includes/js/jquery/jquery-migrate.min.js HTTP/1.1" 404 4243 "-" "Mozilla/5.0 (Macintosh; Intel Mac OS X 10.6; rv:2.0b6pre) Gecko/20100907 Firefox/4.0b6pre Camino/2.2a1pre"
35.89.178.248 - - [26/Oct/2024:08:47:49 +0200] "GET /wp-emoji-release.min.js HTTP/1.1" 404 4243 "-" "Mozilla/5.0 (Linux; Android 12; SM-N985F) AppleWebKit/537.36 (KHTML, like Gecko) Chrome/101.0.4951.41 Mobile Safari/537.36"
35.89.178.248 - - [26/Oct/2024:08:47:49 +0200] "GET //startupclm.ncdesarrollos.com/wp-content/plugins/woocommerce/assets/js/sourcebuster/sourcebuster.min.js HTTP/1.1" 404 4243 "-" "Mozilla/5.0 (Windows NT 10.0; Win64; x64) AppleWebKit/537.36 (KHTML, like Gecko) Chrome/100.0.4896.127 Safari/537.36"
