79.117.196.149 - - [18/Oct/2024:11:45:17 +0200] "GET /wp-content/plugins/woocommerce/assets/client/admin/number/index.js?ver=2e7c4a438779d8bf3986 HTTP/1.1" 200 1421 "https://startupclm.ncdesarrollos.com/wp-admin/admin.php?page=wc-admin&tab=themes&path=%2Fextensions" "Mozilla/5.0 (Windows NT 10.0; Win64; x64) AppleWebKit/537.36 (KHTML, like Gecko) Chrome/130.0.0.0 Safari/537.36"
79.117.196.149 - - [18/Oct/2024:11:45:17 +0200] "GET /wp-content/plugins/woocommerce/assets/client/admin/date/index.js?ver=74eba1e596e5ac42e7a6 HTTP/1.1" 200 14322 "https://startupclm.ncdesarrollos.com/wp-admin/admin.php?page=wc-admin&tab=themes&path=%2Fextensions" "Mozilla/5.0 (Windows NT 10.0; Win64; x64) AppleWebKit/537.36 (KHTML, like Gecko) Chrome/130.0.0.0 Safari/537.36"
79.117.196.149 - - [18/Oct/2024:11:45:17 +0200] "GET /wp-content/plugins/woocommerce/assets/client/admin/navigation/index.js?ver=52484465f3135c108738 HTTP/1.1" 200 14764 "https://startupclm.ncdesarrollos.com/wp-admin/admin.php?page=wc-admin&tab=themes&path=%2Fextensions" "Mozilla/5.0 (Windows NT 10.0; Win64; x64) AppleWebKit/537.36 (KHTML, like Gecko) Chrome/130.0.0.0 Safari/537.36"
79.117.196.149 - - [18/Oct/2024:11:45:17 +0200] "GET /wp-content/plugins/woocommerce/assets/client/admin/data/index.js?ver=b12c464487b712c0dad5 HTTP/1.1" 200 39960 "https://startupclm.ncdesarrollos.com/wp-admin/admin.php?page=wc-admin&tab=themes&path=%2Fextensions" "Mozilla/5.0 (Windows NT 10.0; Win64; x64) AppleWebKit/537.36 (KHTML, like Gecko) Chrome/130.0.0.0 Safari/537.36"
79.117.196.149 - - [18/Oct/2024:11:45:17 +0200] "GET /wp-content/plugins/woocommerce/assets/client/admin/tracks/index.js?ver=953c27d476eae6044ed4 HTTP/1.1" 200 3924 "https://startupclm.ncdesarrollos.com/wp-admin/admin.php?page=wc-admin&tab=themes&path=%2Fextensions" "Mozilla/5.0 (Windows NT 10.0; Win64; x64) AppleWebKit/537.36 (KHTML, like Gecko) Chrome/130.0.0.0 Safari/537.36"
79.117.196.149 - - [18/Oct/2024:11:45:17 +0200] "GET /wp-content/plugins/woocommerce/assets/client/admin/admin-layout/index.js?ver=092d36684bd43b3c307d HTTP/1.1" 200 1416 "https://startupclm.ncdesarrollos.com/wp-admin/admin.php?page=wc-admin&tab=themes&path=%2Fextensions" "Mozilla/5.0 (Windows NT 10.0; Win64; x64) AppleWebKit/537.36 (KHTML, like Gecko) Chrome/130.0.0.0 Safari/537.36"
79.117.196.149 - - [18/Oct/2024:11:45:17 +0200] "GET /wp-content/plugins/woocommerce/assets/client/admin/csv-export/index.js?ver=33887fff8894401280bb HTTP/1.1" 200 2633 "https://startupclm.ncdesarrollos.com/wp-admin/admin.php?page=wc-admin&tab=themes&path=%2Fextensions" "Mozilla/5.0 (Windows NT 10.0; Win64; x64) AppleWebKit/537.36 (KHTML, like Gecko) Chrome/130.0.0.0 Safari/537.36"
79.117.196.149 - - [18/Oct/2024:11:45:17 +0200] "GET /wp-content/plugins/woocommerce/assets/client/admin/components/index.js?ver=6ec6f1b61210fea7db31 HTTP/1.1" 200 232144 "https://startupclm.ncdesarrollos.com/wp-admin/admin.php?page=wc-admin&tab=themes&path=%2Fextensions" "Mozilla/5.0 (Windows NT 10.0; Win64; x64) AppleWebKit/537.36 (KHTML, like Gecko) Chrome/130.0.0.0 Safari/537.36"
79.117.196.149 - - [18/Oct/2024:11:45:17 +0200] "GET /wp-content/plugins/woocommerce/assets/client/admin/experimental/index.js?ver=c8c641170e93093849df HTTP/1.1" 200 19484 "https://startupclm.ncdesarrollos.com/wp-admin/admin.php?page=wc-admin&tab=themes&path=%2Fextensions" "Mozilla/5.0 (Windows NT 10.0; Win64; x64) AppleWebKit/537.36 (KHTML, like Gecko) Chrome/130.0.0.0 Safari/537.36"
79.117.196.149 - - [18/Oct/2024:11:45:17 +0200] "GET /wp-content/plugins/woocommerce/assets/client/admin/app/index.js?ver=71d1eb5b2f91486cefbb HTTP/1.1" 200 190207 "https://startupclm.ncdesarrollos.com/wp-admin/admin.php?page=wc-admin&tab=themes&path=%2Fextensions" "Mozilla/5.0 (Windows NT 10.0; Win64; x64) AppleWebKit/537.36 (KHTML, like Gecko) Chrome/130.0.0.0 Safari/537.36"
79.117.196.149 - - [18/Oct/2024:11:45:17 +0200] "GET /wp-content/plugins/woocommerce/assets/client/admin/customer-effort-score/index.js?ver=968597711840d8d252ae HTTP/1.1" 200 7056 "https://startupclm.ncdesarrollos.com/wp-admin/admin.php?page=wc-admin&tab=themes&path=%2Fextensions" "Mozilla/5.0 (Windows NT 10.0; Win64; x64) AppleWebKit/537.36 (KHTML, like Gecko) Chrome/130.0.0.0 Safari/537.36"
79.117.196.149 - - [18/Oct/2024:11:45:17 +0200] "GET /wp-content/plugins/woocommerce/assets/client/admin/notices/index.js?ver=46f0614364bec2a020d6 HTTP/1.1" 200 1200 "https://startupclm.ncdesarrollos.com/wp-admin/admin.php?page=wc-admin&tab=themes&path=%2Fextensions" "Mozilla/5.0 (Windows NT 10.0; Win64; x64) AppleWebKit/537.36 (KHTML, like Gecko) Chrome/130.0.0.0 Safari/537.36"
79.117.196.149 - - [18/Oct/2024:11:45:17 +0200] "GET /wp-content/plugins/woocommerce/assets/client/admin/explat/index.js?ver=66f9a97b59ee2733a8f1 HTTP/1.1" 200 15388 "https://startupclm.ncdesarrollos.com/wp-admin/admin.php?page=wc-admin&tab=themes&path=%2Fextensions" "Mozilla/5.0 (Windows NT 10.0; Win64; x64) AppleWebKit/537.36 (KHTML, like Gecko) Chrome/130.0.0.0 Safari/537.36"
79.117.196.149 - - [18/Oct/2024:11:45:17 +0200] "GET /wp-content/plugins/woocommerce/assets/client/admin/block-templates/index.js?ver=217827106296f69fb9e6 HTTP/1.1" 200 42735 "https://startupclm.ncdesarrollos.com/wp-admin/admin.php?page=wc-admin&tab=themes&path=%2Fextensions" "Mozilla/5.0 (Windows NT 10.0; Win64; x64) AppleWebKit/537.36 (KHTML, like Gecko) Chrome/130.0.0.0 Safari/537.36"
79.117.196.149 - - [18/Oct/2024:11:45:17 +0200] "GET /wp-content/plugins/woocommerce/assets/client/admin/remote-logging/index.js?ver=2e53703446ae7e6d3e3d HTTP/1.1" 200 8742 "https://startupclm.ncdesarrollos.com/wp-admin/admin.php?page=wc-admin&tab=themes&path=%2Fextensions" "Mozilla/5.0 (Windows NT 10.0; Win64; x64) AppleWebKit/537.36 (KHTML, like Gecko) Chrome/130.0.0.0 Safari/537.36"
79.117.196.149 - - [18/Oct/2024:11:45:17 +0200] "GET /wp-content/plugins/woocommerce/assets/client/admin/product-editor/index.js?ver=65019142bb1212e8372e HTTP/1.1" 200 179965 "https://startupclm.ncdesarrollos.com/wp-admin/admin.php?page=wc-admin&tab=themes&path=%2Fextensions" "Mozilla/5.0 (Windows NT 10.0; Win64; x64) AppleWebKit/537.36 (KHTML, like Gecko) Chrome/130.0.0.0 Safari/537.36"
79.117.196.149 - - [18/Oct/2024:11:45:17 +0200] "GET /wp-content/plugins/woocommerce/assets/client/admin/chunks/1910.style.css?ver=dd7f3002f66dda60cecd HTTP/1.1" 200 1654 "https://startupclm.ncdesarrollos.com/wp-admin/admin.php?page=wc-admin&tab=themes&path=%2Fextensions" "Mozilla/5.0 (Windows NT 10.0; Win64; x64) AppleWebKit/537.36 (KHTML, like Gecko) Chrome/130.0.0.0 Safari/537.36"
79.117.196.149 - - [18/Oct/2024:11:45:17 +0200] "GET /wp-content/plugins/woocommerce/assets/client/admin/chunks/1910.js?ver=5d09834a2da98d9da41b HTTP/1.1" 200 1554 "https://startupclm.ncdesarrollos.com/wp-admin/admin.php?page=wc-admin&tab=themes&path=%2Fextensions" "Mozilla/5.0 (Windows NT 10.0; Win64; x64) AppleWebKit/537.36 (KHTML, like Gecko) Chrome/130.0.0.0 Safari/537.36"
79.117.196.149 - - [18/Oct/2024:11:45:17 +0200] "GET /wp-content/plugins/woocommerce/assets/client/admin/chunks/4272.js?ver=be339a4dd21d24e04f42 HTTP/1.1" 200 5777 "https://startupclm.ncdesarrollos.com/wp-admin/admin.php?page=wc-admin&tab=themes&path=%2Fextensions" "Mozilla/5.0 (Windows NT 10.0; Win64; x64) AppleWebKit/537.36 (KHTML, like Gecko) Chrome/130.0.0.0 Safari/537.36"
79.117.196.149 - - [18/Oct/2024:11:45:17 +0200] "GET /wp-content/plugins/woocommerce/assets/client/admin/chunks/6290.js?ver=a2a9284acf7684253099 HTTP/1.1" 200 7721 "https://startupclm.ncdesarrollos.com/wp-admin/admin.php?page=wc-admin&tab=themes&path=%2Fextensions" "Mozilla/5.0 (Windows NT 10.0; Win64; x64) AppleWebKit/537.36 (KHTML, like Gecko) Chrome/130.0.0.0 Safari/537.36"
79.117.196.149 - - [18/Oct/2024:11:45:17 +0200] "GET /wp-content/plugins/woocommerce/assets/client/admin/chunks/1878.js?ver=872fea434df021e0b946 HTTP/1.1" 200 31770 "https://startupclm.ncdesarrollos.com/wp-admin/admin.php?page=wc-admin&tab=themes&path=%2Fextensions" "Mozilla/5.0 (Windows NT 10.0; Win64; x64) AppleWebKit/537.36 (KHTML, like Gecko) Chrome/130.0.0.0 Safari/537.36"
79.117.196.149 - - [18/Oct/2024:11:45:17 +0200] "GET /wp-content/plugins/woocommerce/assets/client/admin/chunks/0.style.css?ver=83f5ec1a115306b6dce6 HTTP/1.1" 200 9521 "https://startupclm.ncdesarrollos.com/wp-admin/admin.php?page=wc-admin&tab=themes&path=%2Fextensions" "Mozilla/5.0 (Windows NT 10.0; Win64; x64) AppleWebKit/537.36 (KHTML, like Gecko) Chrome/130.0.0.0 Safari/537.36"
79.117.196.149 - - [18/Oct/2024:11:45:17 +0200] "GET /wp-content/plugins/woocommerce/assets/client/admin/chunks/8597.style.css?ver=fd248e8316b53f05d897 HTTP/1.1" 200 1561 "https://startupclm.ncdesarrollos.com/wp-admin/admin.php?page=wc-admin&tab=themes&path=%2Fextensions" "Mozilla/5.0 (Windows NT 10.0; Win64; x64) AppleWebKit/537.36 (KHTML, like Gecko) Chrome/130.0.0.0 Safari/537.36"
79.117.196.149 - - [18/Oct/2024:11:45:17 +0200] "GET /wp-content/plugins/woocommerce/assets/client/admin/chunks/9669.style.css?ver=14a7aff9e9addbf0c81e HTTP/1.1" 200 19812 "https://startupclm.ncdesarrollos.com/wp-admin/admin.php?page=wc-admin&tab=themes&path=%2Fextensions" "Mozilla/5.0 (Windows NT 10.0; Win64; x64) AppleWebKit/537.36 (KHTML, like Gecko) Chrome/130.0.0.0 Safari/537.36"
79.117.196.149 - - [18/Oct/2024:11:45:17 +0200] "GET /index.php/wp-json/wp/v2/users/me?context=edit&_locale=user HTTP/1.1" 200 5481 "https://startupclm.ncdesarrollos.com/wp-admin/admin.php?page=wc-admin&tab=themes&path=%2Fextensions" "Mozilla/5.0 (Windows NT 10.0; Win64; x64) AppleWebKit/537.36 (KHTML, like Gecko) Chrome/130.0.0.0 Safari/537.36"
79.117.196.149 - - [18/Oct/2024:11:45:17 +0200] "GET /index.php/wp-json/wc-admin/plugins/installed?_locale=user HTTP/1.1" 200 766 "https://startupclm.ncdesarrollos.com/wp-admin/admin.php?page=wc-admin&tab=themes&path=%2Fextensions" "Mozilla/5.0 (Windows NT 10.0; Win64; x64) AppleWebKit/537.36 (KHTML, like Gecko) Chrome/130.0.0.0 Safari/537.36"
79.117.196.149 - - [18/Oct/2024:11:45:18 +0200] "GET /wp-content/plugins/woocommerce/assets/client/admin/chunks/2106.js?ver=cca58c05d5fa598edb48 HTTP/1.1" 200 4010 "https://startupclm.ncdesarrollos.com/wp-admin/admin.php?page=wc-admin&tab=themes&path=%2Fextensions" "Mozilla/5.0 (Windows NT 10.0; Win64; x64) AppleWebKit/537.36 (KHTML, like Gecko) Chrome/130.0.0.0 Safari/537.36"
79.117.196.149 - - [18/Oct/2024:11:45:18 +0200] "GET /wp-content/plugins/woocommerce/assets/client/admin/chunks/9850.js?ver=9b1dce3080a5b551f215 HTTP/1.1" 200 850 "https://startupclm.ncdesarrollos.com/wp-admin/admin.php?page=wc-admin&tab=themes&path=%2Fextensions" "Mozilla/5.0 (Windows NT 10.0; Win64; x64) AppleWebKit/537.36 (KHTML, like Gecko) Chrome/130.0.0.0 Safari/537.36"
79.117.196.149 - - [18/Oct/2024:11:45:18 +0200] "GET /wp-content/plugins/woocommerce/assets/client/admin/chunks/4940.js?ver=c698b2309b1979398294 HTTP/1.1" 200 7244 "https://startupclm.ncdesarrollos.com/wp-admin/admin.php?page=wc-admin&tab=themes&path=%2Fextensions" "Mozilla/5.0 (Windows NT 10.0; Win64; x64) AppleWebKit/537.36 (KHTML, like Gecko) Chrome/130.0.0.0 Safari/537.36"
79.117.196.149 - - [18/Oct/2024:11:45:18 +0200] "GET /wp-content/plugins/woocommerce/assets/client/admin/chunks/0.js?ver=3553824f995ae76c965b HTTP/1.1" 200 18557 "https://startupclm.ncdesarrollos.com/wp-admin/admin.php?page=wc-admin&tab=themes&path=%2Fextensions" "Mozilla/5.0 (Windows NT 10.0; Win64; x64) AppleWebKit/537.36 (KHTML, like Gecko) Chrome/130.0.0.0 Safari/537.36"
79.117.196.149 - - [18/Oct/2024:11:45:17 +0200] "GET /index.php/wp-json/wc-admin/plugins/active?_locale=user HTTP/1.1" 200 744 "https://startupclm.ncdesarrollos.com/wp-admin/admin.php?page=wc-admin&tab=themes&path=%2Fextensions" "Mozilla/5.0 (Windows NT 10.0; Win64; x64) AppleWebKit/537.36 (KHTML, like Gecko) Chrome/130.0.0.0 Safari/537.36"
79.117.196.149 - - [18/Oct/2024:11:45:18 +0200] "GET /wp-content/plugins/woocommerce/assets/client/admin/chunks/store-alerts.js?ver=a7f680b3df018abf065f HTTP/1.1" 200 2741 "https://startupclm.ncdesarrollos.com/wp-admin/admin.php?page=wc-admin&tab=themes&path=%2Fextensions" "Mozilla/5.0 (Windows NT 10.0; Win64; x64) AppleWebKit/537.36 (KHTML, like Gecko) Chrome/130.0.0.0 Safari/537.36"
79.117.196.149 - - [18/Oct/2024:11:45:18 +0200] "GET /wp-content/plugins/woocommerce/assets/client/admin/chunks/marketplace.js?ver=fed2dbd9c11e5599ba36 HTTP/1.1" 200 22504 "https://startupclm.ncdesarrollos.com/wp-admin/admin.php?page=wc-admin&tab=themes&path=%2Fextensions" "Mozilla/5.0 (Windows NT 10.0; Win64; x64) AppleWebKit/537.36 (KHTML, like Gecko) Chrome/130.0.0.0 Safari/537.36"
79.117.196.149 - - [18/Oct/2024:11:45:17 +0200] "GET /index.php/wp-json/jetpack/v4/connection?_locale=user HTTP/1.1" 200 960 "https://startupclm.ncdesarrollos.com/wp-admin/admin.php?page=wc-admin&tab=themes&path=%2Fextensions" "Mozilla/5.0 (Windows NT 10.0; Win64; x64) AppleWebKit/537.36 (KHTML, like Gecko) Chrome/130.0.0.0 Safari/537.36"
79.117.196.149 - - [18/Oct/2024:11:45:17 +0200] "GET /index.php/wp-json/wc-admin/onboarding/tasks?_locale=user HTTP/1.1" 200 8159 "https://startupclm.ncdesarrollos.com/wp-admin/admin.php?page=wc-admin&tab=themes&path=%2Fextensions" "Mozilla/5.0 (Windows NT 10.0; Win64; x64) AppleWebKit/537.36 (KHTML, like Gecko) Chrome/130.0.0.0 Safari/537.36"
79.117.196.149 - - [18/Oct/2024:11:45:17 +0200] "GET /index.php/wp-json/wc-admin/options?options=woocommerce_ces_tracks_queue&_locale=user HTTP/1.1" 200 755 "https://startupclm.ncdesarrollos.com/wp-admin/admin.php?page=wc-admin&tab=themes&path=%2Fextensions" "Mozilla/5.0 (Windows NT 10.0; Win64; x64) AppleWebKit/537.36 (KHTML, like Gecko) Chrome/130.0.0.0 Safari/537.36"
79.117.196.149 - - [18/Oct/2024:11:45:18 +0200] "GET /index.php/wp-json/wc-admin/options?options=woocommerce_admin_transient_notices_queue%2Cwoocommerce_admin_install_timestamp&_locale=user HTTP/1.1" 200 819 "https://startupclm.ncdesarrollos.com/wp-admin/admin.php?page=wc-admin&tab=themes&path=%2Fextensions" "Mozilla/5.0 (Windows NT 10.0; Win64; x64) AppleWebKit/537.36 (KHTML, like Gecko) Chrome/130.0.0.0 Safari/537.36"
79.117.196.149 - - [18/Oct/2024:11:45:19 +0200] "GET /index.php/wp-json/wp/v2/themes?context=edit&status=active&_locale=user HTTP/1.1" 200 4783 "https://startupclm.ncdesarrollos.com/wp-admin/admin.php?page=wc-admin&tab=themes&path=%2Fextensions" "Mozilla/5.0 (Windows NT 10.0; Win64; x64) AppleWebKit/537.36 (KHTML, like Gecko) Chrome/130.0.0.0 Safari/537.36"
79.117.196.149 - - [18/Oct/2024:11:45:18 +0200] "GET /index.php/wp-json/jetpack/v4/connection/data?_locale=user HTTP/1.1" 200 1038 "https://startupclm.ncdesarrollos.com/wp-admin/admin.php?page=wc-admin&tab=themes&path=%2Fextensions" "Mozilla/5.0 (Windows NT 10.0; Win64; x64) AppleWebKit/537.36 (KHTML, like Gecko) Chrome/130.0.0.0 Safari/537.36"
79.117.196.149 - - [18/Oct/2024:11:45:18 +0200] "GET /index.php/wp-json/wc-analytics/admin/notes?page=1&per_page=25&type=error%2Cupdate&status=unactioned&_locale=user HTTP/1.1" 200 733 "https://startupclm.ncdesarrollos.com/wp-admin/admin.php?page=wc-admin&tab=themes&path=%2Fextensions" "Mozilla/5.0 (Windows NT 10.0; Win64; x64) AppleWebKit/537.36 (KHTML, like Gecko) Chrome/130.0.0.0 Safari/537.36"
79.117.196.149 - - [18/Oct/2024:11:45:18 +0200] "GET /index.php/wp-json/wc/v3/marketplace/featured?locale=es_ES&_locale=user HTTP/1.1" 200 28949 "https://startupclm.ncdesarrollos.com/wp-admin/admin.php?page=wc-admin&tab=themes&path=%2Fextensions" "Mozilla/5.0 (Windows NT 10.0; Win64; x64) AppleWebKit/537.36 (KHTML, like Gecko) Chrome/130.0.0.0 Safari/537.36"
79.117.196.149 - - [18/Oct/2024:11:45:19 +0200] "GET /wp-admin/admin.php?h=288 HTTP/1.1" 200 415 "https://startupclm.ncdesarrollos.com/wp-admin/admin.php?page=wc-admin&tab=themes&path=%2Fextensions" "Mozilla/5.0 (Windows NT 10.0; Win64; x64) AppleWebKit/537.36 (KHTML, like Gecko) Chrome/130.0.0.0 Safari/537.36"
79.117.196.149 - - [18/Oct/2024:11:45:26 +0200] "POST /wp-admin/admin-ajax.php HTTP/1.1" 200 1232 "https://startupclm.ncdesarrollos.com/wp-admin/admin.php?page=wc-admin&path=%2Fcustomize-store%2Fassembler-hub" "Mozilla/5.0 (Windows NT 10.0; Win64; x64) AppleWebKit/537.36 (KHTML, like Gecko) Chrome/130.0.0.0 Safari/537.36"
79.117.196.149 - - [18/Oct/2024:11:45:56 +0200] "GET /wp-admin/admin.php?h=288 HTTP/1.1" 200 995 "https://startupclm.ncdesarrollos.com/wp-admin/admin.php?page=wc-admin&term=twenty&tab=search&path=%2Fextensions" "Mozilla/5.0 (Windows NT 10.0; Win64; x64) AppleWebKit/537.36 (KHTML, like Gecko) Chrome/130.0.0.0 Safari/537.36"
163.172.105.12 - - [18/Oct/2024:11:46:02 +0200] "POST /wp-cron.php?doing_wp_cron=1729244761.9755949974060058593750 HTTP/1.1" 200 4078 "-" "WordPress/6.6.2; https://startupclm.ncdesarrollos.com"
79.117.196.149 - - [18/Oct/2024:11:46:01 +0200] "GET /wp-admin/admin.php?h=288 HTTP/1.1" 200 415 "https://startupclm.ncdesarrollos.com/wp-admin/admin.php?page=wc-admin&term=twenty&tab=search&path=%2Fextensions&category=free-extensions" "Mozilla/5.0 (Windows NT 10.0; Win64; x64) AppleWebKit/537.36 (KHTML, like Gecko) Chrome/130.0.0.0 Safari/537.36"
79.117.196.149 - - [18/Oct/2024:11:46:17 +0200] "POST /wp-admin/admin-ajax.php HTTP/1.1" 200 1232 "https://startupclm.ncdesarrollos.com/wp-admin/admin.php?page=wc-admin&term=twenty&tab=search&path=%2Fextensions&category=free-extensions" "Mozilla/5.0 (Windows NT 10.0; Win64; x64) AppleWebKit/537.36 (KHTML, like Gecko) Chrome/130.0.0.0 Safari/537.36"
79.117.196.149 - - [18/Oct/2024:11:46:48 +0200] "POST /wp-admin/admin-ajax.php HTTP/1.1" 200 1232 "https://startupclm.ncdesarrollos.com/wp-admin/admin.php?page=wc-admin&customizing=true&path=%2Fcustomize-store%2Ftransitional" "Mozilla/5.0 (Windows NT 10.0; Win64; x64) AppleWebKit/537.36 (KHTML, like Gecko) Chrome/130.0.0.0 Safari/537.36"
163.172.105.12 - - [18/Oct/2024:11:47:18 +0200] "POST /wp-cron.php?doing_wp_cron=1729244838.1941928863525390625000 HTTP/1.1" 200 4078 "-" "WordPress/6.6.2; https://startupclm.ncdesarrollos.com"
79.117.196.149 - - [18/Oct/2024:11:47:17 +0200] "POST /wp-admin/admin-ajax.php HTTP/1.1" 200 1232 "https://startupclm.ncdesarrollos.com/wp-admin/admin.php?page=wc-admin&tab=extensions&path=%2Fextensions" "Mozilla/5.0 (Windows NT 10.0; Win64; x64) AppleWebKit/537.36 (KHTML, like Gecko) Chrome/130.0.0.0 Safari/537.36"
79.117.196.149 - - [18/Oct/2024:11:47:27 +0200] "POST /wp-admin/admin-ajax.php HTTP/1.1" 200 1232 "https://startupclm.ncdesarrollos.com/wp-admin/admin.php?page=wc-admin&path=%2Fcustomize-store%2Fassembler-hub" "Mozilla/5.0 (Windows NT 10.0; Win64; x64) AppleWebKit/537.36 (KHTML, like Gecko) Chrome/130.0.0.0 Safari/537.36"
163.172.105.12 - - [18/Oct/2024:11:48:50 +0200] "POST /wp-cron.php?doing_wp_cron=1729244930.1167080402374267578125 HTTP/1.1" 200 4078 "-" "WordPress/6.6.2; https://startupclm.ncdesarrollos.com"
79.117.196.149 - - [18/Oct/2024:11:48:49 +0200] "POST /wp-admin/admin-ajax.php HTTP/1.1" 200 1232 "https://startupclm.ncdesarrollos.com/wp-admin/admin.php?page=wc-admin&customizing=true&path=%2Fcustomize-store%2Ftransitional" "Mozilla/5.0 (Windows NT 10.0; Win64; x64) AppleWebKit/537.36 (KHTML, like Gecko) Chrome/130.0.0.0 Safari/537.36"
163.172.105.12 - - [18/Oct/2024:11:49:29 +0200] "POST /wp-cron.php?doing_wp_cron=1729244969.1359109878540039062500 HTTP/1.1" 200 4078 "-" "WordPress/6.6.2; https://startupclm.ncdesarrollos.com"
79.117.196.149 - - [18/Oct/2024:11:49:28 +0200] "POST /wp-admin/admin-ajax.php HTTP/1.1" 200 1232 "https://startupclm.ncdesarrollos.com/wp-admin/admin.php?page=wc-admin&path=%2Fcustomize-store%2Fassembler-hub" "Mozilla/5.0 (Windows NT 10.0; Win64; x64) AppleWebKit/537.36 (KHTML, like Gecko) Chrome/130.0.0.0 Safari/537.36"
163.172.105.12 - - [18/Oct/2024:11:50:51 +0200] "POST /wp-cron.php?doing_wp_cron=1729245051.1413710117340087890625 HTTP/1.1" 200 4078 "-" "WordPress/6.6.2; https://startupclm.ncdesarrollos.com"
79.117.196.149 - - [18/Oct/2024:11:50:50 +0200] "POST /wp-admin/admin-ajax.php HTTP/1.1" 200 1232 "https://startupclm.ncdesarrollos.com/wp-admin/admin.php?page=wc-admin&customizing=true&path=%2Fcustomize-store%2Ftransitional" "Mozilla/5.0 (Windows NT 10.0; Win64; x64) AppleWebKit/537.36 (KHTML, like Gecko) Chrome/130.0.0.0 Safari/537.36"
163.172.105.12 - - [18/Oct/2024:11:51:30 +0200] "POST /wp-cron.php?doing_wp_cron=1729245090.1369149684906005859375 HTTP/1.1" 200 4078 "-" "WordPress/6.6.2; https://startupclm.ncdesarrollos.com"
79.117.196.149 - - [18/Oct/2024:11:51:29 +0200] "POST /wp-admin/admin-ajax.php HTTP/1.1" 200 1232 "https://startupclm.ncdesarrollos.com/wp-admin/admin.php?page=wc-admin&path=%2Fcustomize-store%2Fassembler-hub" "Mozilla/5.0 (Windows NT 10.0; Win64; x64) AppleWebKit/537.36 (KHTML, like Gecko) Chrome/130.0.0.0 Safari/537.36"
163.172.105.12 - - [18/Oct/2024:11:52:52 +0200] "POST /wp-cron.php?doing_wp_cron=1729245172.1327400207519531250000 HTTP/1.1" 200 4078 "-" "WordPress/6.6.2; https://startupclm.ncdesarrollos.com"
79.117.196.149 - - [18/Oct/2024:11:52:51 +0200] "POST /wp-admin/admin-ajax.php HTTP/1.1" 200 1232 "https://startupclm.ncdesarrollos.com/wp-admin/admin.php?page=wc-admin&customizing=true&path=%2Fcustomize-store%2Ftransitional" "Mozilla/5.0 (Windows NT 10.0; Win64; x64) AppleWebKit/537.36 (KHTML, like Gecko) Chrome/130.0.0.0 Safari/537.36"
163.172.105.12 - - [18/Oct/2024:11:54:04 +0200] "POST /wp-cron.php?doing_wp_cron=1729245244.0592539310455322265625 HTTP/1.1" 200 4078 "-" "WordPress/6.6.2; https://startupclm.ncdesarrollos.com"
135.148.100.196 - - [18/Oct/2024:11:54:03 +0200] "GET / HTTP/1.1" 200 63847 "-" "-"
163.172.105.12 - - [18/Oct/2024:12:03:50 +0200] "POST /wp-cron.php?doing_wp_cron=1729245830.8309910297393798828125 HTTP/1.1" 200 4078 "-" "WordPress/6.6.2; https://startupclm.ncdesarrollos.com"
79.117.196.149 - - [18/Oct/2024:12:03:50 +0200] "POST /wp-admin/admin-ajax.php HTTP/1.1" 200 4450 "https://startupclm.ncdesarrollos.com/wp-admin/admin.php?page=wc-admin&customizing=true&path=%2Fcustomize-store%2Ftransitional" "Mozilla/5.0 (Windows NT 10.0; Win64; x64) AppleWebKit/537.36 (KHTML, like Gecko) Chrome/130.0.0.0 Safari/537.36"
79.117.196.149 - - [18/Oct/2024:12:03:50 +0200] "POST /wp-admin/admin-ajax.php HTTP/1.1" 200 4450 "https://startupclm.ncdesarrollos.com/wp-admin/admin.php?page=wc-admin&path=%2Fcustomize-store%2Fassembler-hub" "Mozilla/5.0 (Windows NT 10.0; Win64; x64) AppleWebKit/537.36 (KHTML, like Gecko) Chrome/130.0.0.0 Safari/537.36"
79.117.196.149 - - [18/Oct/2024:12:03:59 +0200] "GET / HTTP/1.1" 200 28602 "-" "Mozilla/5.0 (Windows NT 10.0; Win64; x64) AppleWebKit/537.36 (KHTML, like Gecko) Chrome/130.0.0.0 Safari/537.36"
79.117.196.149 - - [18/Oct/2024:12:04:00 +0200] "GET /wp-content/plugins/woocommerce/assets/client/blocks/wc-blocks.css?ver=wc-9.3.3 HTTP/1.1" 200 3539 "https://startupclm.ncdesarrollos.com/" "Mozilla/5.0 (Windows NT 10.0; Win64; x64) AppleWebKit/537.36 (KHTML, like Gecko) Chrome/130.0.0.0 Safari/537.36"
79.117.196.149 - - [18/Oct/2024:12:04:00 +0200] "GET /wp-content/plugins/woocommerce/assets/client/blocks/mini-cart-contents.css?ver=wc-9.3.3 HTTP/1.1" 200 3688 "https://startupclm.ncdesarrollos.com/" "Mozilla/5.0 (Windows NT 10.0; Win64; x64) AppleWebKit/537.36 (KHTML, like Gecko) Chrome/130.0.0.0 Safari/537.36"
79.117.196.149 - - [18/Oct/2024:12:04:00 +0200] "GET /wp-content/plugins/woocommerce/assets/client/blocks/packages-style.css?ver=wc-9.3.3 HTTP/1.1" 200 6610 "https://startupclm.ncdesarrollos.com/" "Mozilla/5.0 (Windows NT 10.0; Win64; x64) AppleWebKit/537.36 (KHTML, like Gecko) Chrome/130.0.0.0 Safari/537.36"
79.117.196.149 - - [18/Oct/2024:12:04:00 +0200] "GET /wp-content/plugins/woocommerce/assets/client/blocks/mini-cart.css?ver=wc-9.3.3 HTTP/1.1" 200 2816 "https://startupclm.ncdesarrollos.com/" "Mozilla/5.0 (Windows NT 10.0; Win64; x64) AppleWebKit/537.36 (KHTML, like Gecko) Chrome/130.0.0.0 Safari/537.36"
79.117.196.149 - - [18/Oct/2024:12:04:00 +0200] "GET /wp-content/plugins/woocommerce/assets/client/blocks/customer-account.css?ver=wc-9.3.3 HTTP/1.1" 200 1379 "https://startupclm.ncdesarrollos.com/" "Mozilla/5.0 (Windows NT 10.0; Win64; x64) AppleWebKit/537.36 (KHTML, like Gecko) Chrome/130.0.0.0 Safari/537.36"
79.117.196.149 - - [18/Oct/2024:12:04:00 +0200] "GET /wp-content/plugins/woocommerce/assets/css/woocommerce-layout.css?ver=9.3.3 HTTP/1.1" 200 3556 "https://startupclm.ncdesarrollos.com/" "Mozilla/5.0 (Windows NT 10.0; Win64; x64) AppleWebKit/537.36 (KHTML, like Gecko) Chrome/130.0.0.0 Safari/537.36"
79.117.196.149 - - [18/Oct/2024:12:04:00 +0200] "GET /wp-content/plugins/woocommerce/assets/css/woocommerce.css?ver=9.3.3 HTTP/1.1" 200 10418 "https://startupclm.ncdesarrollos.com/" "Mozilla/5.0 (Windows NT 10.0; Win64; x64) AppleWebKit/537.36 (KHTML, like Gecko) Chrome/130.0.0.0 Safari/537.36"
79.117.196.149 - - [18/Oct/2024:12:04:00 +0200] "GET /wp-content/plugins/woocommerce/assets/css/woocommerce-blocktheme.css?ver=9.3.3 HTTP/1.1" 200 6148 "https://startupclm.ncdesarrollos.com/" "Mozilla/5.0 (Windows NT 10.0; Win64; x64) AppleWebKit/537.36 (KHTML, like Gecko) Chrome/130.0.0.0 Safari/537.36"
79.117.196.149 - - [18/Oct/2024:12:04:00 +0200] "GET /wp-content/plugins/woocommerce/assets/images/pattern-placeholders/girls-in-the-hills.jpg HTTP/1.1" 304 4002 "https://startupclm.ncdesarrollos.com/" "Mozilla/5.0 (Windows NT 10.0; Win64; x64) AppleWebKit/537.36 (KHTML, like Gecko) Chrome/130.0.0.0 Safari/537.36"
79.117.196.149 - - [18/Oct/2024:12:04:00 +0200] "GET /wp-content/plugins/woocommerce/assets/client/blocks/wc-cart-checkout-base-frontend.js?ver=7657f2f92845b59d4dce HTTP/1.1" 200 53821 "https://startupclm.ncdesarrollos.com/" "Mozilla/5.0 (Windows NT 10.0; Win64; x64) AppleWebKit/537.36 (KHTML, like Gecko) Chrome/130.0.0.0 Safari/537.36"
79.117.196.149 - - [18/Oct/2024:12:04:00 +0200] "GET /wp-content/plugins/woocommerce/assets/client/blocks/wc-types.js?ver=bda84b1be3361607d04a HTTP/1.1" 200 1380 "https://startupclm.ncdesarrollos.com/" "Mozilla/5.0 (Windows NT 10.0; Win64; x64) AppleWebKit/537.36 (KHTML, like Gecko) Chrome/130.0.0.0 Safari/537.36"
79.117.196.149 - - [18/Oct/2024:12:04:00 +0200] "GET /wp-content/plugins/woocommerce/assets/client/blocks/price-format.js?ver=483d2180eda1f53dc60d HTTP/1.1" 200 1184 "https://startupclm.ncdesarrollos.com/" "Mozilla/5.0 (Windows NT 10.0; Win64; x64) AppleWebKit/537.36 (KHTML, like Gecko) Chrome/130.0.0.0 Safari/537.36"
79.117.196.149 - - [18/Oct/2024:12:04:00 +0200] "GET /wp-content/plugins/woocommerce/assets/client/blocks/wc-settings.js?ver=eb5ac71a827c4c81fed8 HTTP/1.1" 200 2581 "https://startupclm.ncdesarrollos.com/" "Mozilla/5.0 (Windows NT 10.0; Win64; x64) AppleWebKit/537.36 (KHTML, like Gecko) Chrome/130.0.0.0 Safari/537.36"
79.117.196.149 - - [18/Oct/2024:12:04:00 +0200] "GET /wp-content/plugins/woocommerce/assets/client/blocks/mini-cart-frontend.js?ver=de93ee7eb69dd39340fa HTTP/1.1" 200 2802 "https://startupclm.ncdesarrollos.com/" "Mozilla/5.0 (Windows NT 10.0; Win64; x64) AppleWebKit/537.36 (KHTML, like Gecko) Chrome/130.0.0.0 Safari/537.36"
79.117.196.149 - - [18/Oct/2024:12:04:00 +0200] "GET /wp-content/plugins/woocommerce/assets/client/blocks/wc-cart-checkout-vendors-frontend.js?ver=4ef596e6634f89ac412f HTTP/1.1" 200 54278 "https://startupclm.ncdesarrollos.com/" "Mozilla/5.0 (Windows NT 10.0; Win64; x64) AppleWebKit/537.36 (KHTML, like Gecko) Chrome/130.0.0.0 Safari/537.36"
79.117.196.149 - - [18/Oct/2024:12:04:00 +0200] "GET /wp-content/plugins/woocommerce/assets/js/sourcebuster/sourcebuster.min.js?ver=9.3.3 HTTP/1.1" 200 5224 "https://startupclm.ncdesarrollos.com/" "Mozilla/5.0 (Windows NT 10.0; Win64; x64) AppleWebKit/537.36 (KHTML, like Gecko) Chrome/130.0.0.0 Safari/537.36"
79.117.196.149 - - [18/Oct/2024:12:04:00 +0200] "GET /wp-content/plugins/woocommerce/assets/js/frontend/order-attribution.min.js?ver=9.3.3 HTTP/1.1" 200 1509 "https://startupclm.ncdesarrollos.com/" "Mozilla/5.0 (Windows NT 10.0; Win64; x64) AppleWebKit/537.36 (KHTML, like Gecko) Chrome/130.0.0.0 Safari/537.36"
79.117.196.149 - - [18/Oct/2024:12:04:00 +0200] "GET /wp-content/plugins/woocommerce/assets/js/jquery-blockui/jquery.blockUI.min.js?ver=2.7.0-wc.9.3.3 HTTP/1.1" 200 3954 "https://startupclm.ncdesarrollos.com/" "Mozilla/5.0 (Windows NT 10.0; Win64; x64) AppleWebKit/537.36 (KHTML, like Gecko) Chrome/130.0.0.0 Safari/537.36"
79.117.196.149 - - [18/Oct/2024:12:04:00 +0200] "GET /wp-content/plugins/woocommerce/assets/js/frontend/add-to-cart.min.js?ver=9.3.3 HTTP/1.1" 200 1721 "https://startupclm.ncdesarrollos.com/" "Mozilla/5.0 (Windows NT 10.0; Win64; x64) AppleWebKit/537.36 (KHTML, like Gecko) Chrome/130.0.0.0 Safari/537.36"
79.117.196.149 - - [18/Oct/2024:12:04:00 +0200] "GET /wp-content/plugins/woocommerce/assets/js/js-cookie/js.cookie.min.js?ver=2.1.4-wc.9.3.3 HTTP/1.1" 200 1204 "https://startupclm.ncdesarrollos.com/" "Mozilla/5.0 (Windows NT 10.0; Win64; x64) AppleWebKit/537.36 (KHTML, like Gecko) Chrome/130.0.0.0 Safari/537.36"
79.117.196.149 - - [18/Oct/2024:12:04:00 +0200] "GET /wp-content/plugins/woocommerce/assets/js/frontend/woocommerce.min.js?ver=9.3.3 HTTP/1.1" 200 1500 "https://startupclm.ncdesarrollos.com/" "Mozilla/5.0 (Windows NT 10.0; Win64; x64) AppleWebKit/537.36 (KHTML, like Gecko) Chrome/130.0.0.0 Safari/537.36"
79.117.196.149 - - [18/Oct/2024:12:04:00 +0200] "GET /wp-content/plugins/woocommerce/assets/css/woocommerce-smallscreen.css?ver=9.3.3 HTTP/1.1" 200 1540 "https://startupclm.ncdesarrollos.com/" "Mozilla/5.0 (Windows NT 10.0; Win64; x64) AppleWebKit/537.36 (KHTML, like Gecko) Chrome/130.0.0.0 Safari/537.36"
79.117.196.149 - - [18/Oct/2024:12:04:00 +0200] "GET /wp-content/plugins/woocommerce/assets/client/blocks/wc-blocks-middleware.js?ver=ca04183222edaf8a26be HTTP/1.1" 200 1106 "https://startupclm.ncdesarrollos.com/" "Mozilla/5.0 (Windows NT 10.0; Win64; x64) AppleWebKit/537.36 (KHTML, like Gecko) Chrome/130.0.0.0 Safari/537.36"
79.117.196.149 - - [18/Oct/2024:12:04:00 +0200] "GET /wp-content/plugins/woocommerce/assets/client/blocks/wc-blocks-registry.js?ver=8c83b2b8521a19ab00b9 HTTP/1.1" 200 5864 "https://startupclm.ncdesarrollos.com/" "Mozilla/5.0 (Windows NT 10.0; Win64; x64) AppleWebKit/537.36 (KHTML, like Gecko) Chrome/130.0.0.0 Safari/537.36"
79.117.196.149 - - [18/Oct/2024:12:04:00 +0200] "GET /wp-content/plugins/woocommerce/assets/client/blocks/blocks-components.js?ver=5f11d5c440e62fef7bb5 HTTP/1.1" 200 1529 "https://startupclm.ncdesarrollos.com/" "Mozilla/5.0 (Windows NT 10.0; Win64; x64) AppleWebKit/537.36 (KHTML, like Gecko) Chrome/130.0.0.0 Safari/537.36"
79.117.196.149 - - [18/Oct/2024:12:04:00 +0200] "GET /wp-content/plugins/woocommerce/assets/client/blocks/blocks-checkout.js?ver=b17cecfe19e23a3899e0 HTTP/1.1" 200 1581 "https://startupclm.ncdesarrollos.com/" "Mozilla/5.0 (Windows NT 10.0; Win64; x64) AppleWebKit/537.36 (KHTML, like Gecko) Chrome/130.0.0.0 Safari/537.36"
79.117.196.149 - - [18/Oct/2024:12:04:00 +0200] "GET /wp-content/plugins/woocommerce/assets/client/blocks/wc-blocks-data.js?ver=314d18d8fe63fcbe6cb6 HTTP/1.1" 200 20833 "https://startupclm.ncdesarrollos.com/" "Mozilla/5.0 (Windows NT 10.0; Win64; x64) AppleWebKit/537.36 (KHTML, like Gecko) Chrome/130.0.0.0 Safari/537.36"
79.117.196.149 - - [18/Oct/2024:12:04:00 +0200] "GET /wp-content/plugins/woocommerce/assets/client/blocks/mini-cart-component-frontend.js?ver=94a847b96873f9cc6d69 HTTP/1.1" 200 6152 "https://startupclm.ncdesarrollos.com/" "Mozilla/5.0 (Windows NT 10.0; Win64; x64) AppleWebKit/537.36 (KHTML, like Gecko) Chrome/130.0.0.0 Safari/537.36"
79.117.196.149 - - [18/Oct/2024:12:04:00 +0200] "GET /wp-content/plugins/woocommerce/assets/client/blocks/mini-cart-contents-block/empty-cart-frontend.js?ver=wc-9.3.3 HTTP/1.1" 200 766 "https://startupclm.ncdesarrollos.com/" "Mozilla/5.0 (Windows NT 10.0; Win64; x64) AppleWebKit/537.36 (KHTML, like Gecko) Chrome/130.0.0.0 Safari/537.36"
79.117.196.149 - - [18/Oct/2024:12:04:00 +0200] "GET /wp-content/plugins/woocommerce/assets/client/blocks/mini-cart-contents-block/filled-cart-frontend.js?ver=wc-9.3.3 HTTP/1.1" 200 671 "https://startupclm.ncdesarrollos.com/" "Mozilla/5.0 (Windows NT 10.0; Win64; x64) AppleWebKit/537.36 (KHTML, like Gecko) Chrome/130.0.0.0 Safari/537.36"
79.117.196.149 - - [18/Oct/2024:12:04:00 +0200] "GET /wp-content/plugins/woocommerce/assets/client/blocks/mini-cart-contents-block/shopping-button-frontend.js?ver=wc-9.3.3 HTTP/1.1" 200 877 "https://startupclm.ncdesarrollos.com/" "Mozilla/5.0 (Windows NT 10.0; Win64; x64) AppleWebKit/537.36 (KHTML, like Gecko) Chrome/130.0.0.0 Safari/537.36"
163.172.105.12 - - [18/Oct/2024:12:04:01 +0200] "POST /wp-cron.php?doing_wp_cron=1729245841.2432570457458496093750 HTTP/1.1" 200 4078 "-" "WordPress/6.6.2; https://startupclm.ncdesarrollos.com"
79.117.196.149 - - [18/Oct/2024:12:04:00 +0200] "GET /index.php/wp-json/wc/store/v1/cart?_locale=user HTTP/1.1" 200 2193 "https://startupclm.ncdesarrollos.com/" "Mozilla/5.0 (Windows NT 10.0; Win64; x64) AppleWebKit/537.36 (KHTML, like Gecko) Chrome/130.0.0.0 Safari/537.36"
79.117.196.149 - - [18/Oct/2024:12:04:22 +0200] "GET /wp-admin/ HTTP/1.1" 200 28091 "https://startupclm.ncdesarrollos.com/" "Mozilla/5.0 (Windows NT 10.0; Win64; x64) AppleWebKit/537.36 (KHTML, like Gecko) Chrome/130.0.0.0 Safari/537.36"
79.117.196.149 - - [18/Oct/2024:12:04:23 +0200] "GET /wp-content/plugins/woocommerce/assets/css/dashboard.css?ver=9.3.3 HTTP/1.1" 200 2205 "https://startupclm.ncdesarrollos.com/wp-admin/" "Mozilla/5.0 (Windows NT 10.0; Win64; x64) AppleWebKit/537.36 (KHTML, like Gecko) Chrome/130.0.0.0 Safari/537.36"
79.117.196.149 - - [18/Oct/2024:12:04:23 +0200] "GET /wp-content/plugins/woocommerce/assets/css/menu.css?ver=9.3.3 HTTP/1.1" 200 1510 "https://startupclm.ncdesarrollos.com/wp-admin/" "Mozilla/5.0 (Windows NT 10.0; Win64; x64) AppleWebKit/537.36 (KHTML, like Gecko) Chrome/130.0.0.0 Safari/537.36"
79.117.196.149 - - [18/Oct/2024:12:04:23 +0200] "GET /wp-admin/load-scripts.php?c=0&load%5Bchunk_0%5D=jquery-core,jquery-migrate,utils,jquery-ui-core&ver=6.6.2 HTTP/1.1" 200 42191 "https://startupclm.ncdesarrollos.com/wp-admin/" "Mozilla/5.0 (Windows NT 10.0; Win64; x64) AppleWebKit/537.36 (KHTML, like Gecko) Chrome/130.0.0.0 Safari/537.36"
79.117.196.149 - - [18/Oct/2024:12:04:23 +0200] "GET /wp-content/plugins/woocommerce/assets/js/admin/reports.min.js?ver=9.3.3 HTTP/1.1" 200 1728 "https://startupclm.ncdesarrollos.com/wp-admin/" "Mozilla/5.0 (Windows NT 10.0; Win64; x64) AppleWebKit/537.36 (KHTML, like Gecko) Chrome/130.0.0.0 Safari/537.36"
79.117.196.149 - - [18/Oct/2024:12:04:23 +0200] "GET /wp-content/plugins/woocommerce/assets/js/jquery-flot/jquery.flot.resize.min.js?ver=9.3.3 HTTP/1.1" 200 1539 "https://startupclm.ncdesarrollos.com/wp-admin/" "Mozilla/5.0 (Windows NT 10.0; Win64; x64) AppleWebKit/537.36 (KHTML, like Gecko) Chrome/130.0.0.0 Safari/537.36"
79.117.196.149 - - [18/Oct/2024:12:04:23 +0200] "GET /wp-content/plugins/woocommerce/assets/js/jquery-flot/jquery.flot.min.js?ver=9.3.3 HTTP/1.1" 200 13337 "https://startupclm.ncdesarrollos.com/wp-admin/" "Mozilla/5.0 (Windows NT 10.0; Win64; x64) AppleWebKit/537.36 (KHTML, like Gecko) Chrome/130.0.0.0 Safari/537.36"
79.117.196.149 - - [18/Oct/2024:12:04:23 +0200] "GET /wp-content/plugins/woocommerce/assets/js/jquery-flot/jquery.flot.time.min.js?ver=9.3.3 HTTP/1.1" 200 6068 "https://startupclm.ncdesarrollos.com/wp-admin/" "Mozilla/5.0 (Windows NT 10.0; Win64; x64) AppleWebKit/537.36 (KHTML, like Gecko) Chrome/130.0.0.0 Safari/537.36"
79.117.196.149 - - [18/Oct/2024:12:04:23 +0200] "GET /wp-content/plugins/woocommerce/assets/js/jquery-flot/jquery.flot.pie.min.js?ver=9.3.3 HTTP/1.1" 200 7131 "https://startupclm.ncdesarrollos.com/wp-admin/" "Mozilla/5.0 (Windows NT 10.0; Win64; x64) AppleWebKit/537.36 (KHTML, like Gecko) Chrome/130.0.0.0 Safari/537.36"
79.117.196.149 - - [18/Oct/2024:12:04:23 +0200] "GET /wp-content/plugins/woocommerce/assets/js/jquery-flot/jquery.flot.stack.min.js?ver=9.3.3 HTTP/1.1" 200 1010 "https://startupclm.ncdesarrollos.com/wp-admin/" "Mozilla/5.0 (Windows NT 10.0; Win64; x64) AppleWebKit/537.36 (KHTML, like Gecko) Chrome/130.0.0.0 Safari/537.36"
79.117.196.149 - - [18/Oct/2024:12:04:23 +0200] "GET /wp-content/plugins/woocommerce/assets/css/dashboard-setup.css?ver=9.3.3 HTTP/1.1" 200 642 "https://startupclm.ncdesarrollos.com/wp-admin/" "Mozilla/5.0 (Windows NT 10.0; Win64; x64) AppleWebKit/537.36 (KHTML, like Gecko) Chrome/130.0.0.0 Safari/537.36"
79.117.196.149 - - [18/Oct/2024:12:04:23 +0200] "GET /wp-content/plugins/woocommerce/assets/images/dashboard-widget-setup.png HTTP/1.1" 200 5760 "https://startupclm.ncdesarrollos.com/wp-admin/" "Mozilla/5.0 (Windows NT 10.0; Win64; x64) AppleWebKit/537.36 (KHTML, like Gecko) Chrome/130.0.0.0 Safari/537.36"
79.117.196.149 - - [18/Oct/2024:12:04:47 +0200] "GET /wp-admin/admin.php?page=wc-admin HTTP/1.1" 200 131457 "https://startupclm.ncdesarrollos.com/wp-admin/" "Mozilla/5.0 (Windows NT 10.0; Win64; x64) AppleWebKit/537.36 (KHTML, like Gecko) Chrome/130.0.0.0 Safari/537.36"
79.117.196.149 - - [18/Oct/2024:12:04:48 +0200] "GET /wp-content/plugins/woocommerce/assets/client/admin/components/style.css?ver=27c4ff5aa1a309c78a0c HTTP/1.1" 200 20452 "https://startupclm.ncdesarrollos.com/wp-admin/admin.php?page=wc-admin" "Mozilla/5.0 (Windows NT 10.0; Win64; x64) AppleWebKit/537.36 (KHTML, like Gecko) Chrome/130.0.0.0 Safari/537.36"
79.117.196.149 - - [18/Oct/2024:12:04:48 +0200] "GET /wp-content/plugins/woocommerce/assets/client/admin/app/style.css?ver=1712c5b5e4170b7e31c4 HTTP/1.1" 200 14407 "https://startupclm.ncdesarrollos.com/wp-admin/admin.php?page=wc-admin" "Mozilla/5.0 (Windows NT 10.0; Win64; x64) AppleWebKit/537.36 (KHTML, like Gecko) Chrome/130.0.0.0 Safari/537.36"
79.117.196.149 - - [18/Oct/2024:12:04:48 +0200] "GET /wp-content/plugins/woocommerce/assets/client/admin/admin-layout/style.css?ver=be839019477f6d143c11 HTTP/1.1" 200 1132 "https://startupclm.ncdesarrollos.com/wp-admin/admin.php?page=wc-admin" "Mozilla/5.0 (Windows NT 10.0; Win64; x64) AppleWebKit/537.36 (KHTML, like Gecko) Chrome/130.0.0.0 Safari/537.36"
79.117.196.149 - - [18/Oct/2024:12:04:48 +0200] "GET /wp-content/plugins/woocommerce/assets/client/admin/customer-effort-score/style.css?ver=af29ef4416e9de24cd72 HTTP/1.1" 200 5065 "https://startupclm.ncdesarrollos.com/wp-admin/admin.php?page=wc-admin" "Mozilla/5.0 (Windows NT 10.0; Win64; x64) AppleWebKit/537.36 (KHTML, like Gecko) Chrome/130.0.0.0 Safari/537.36"
79.117.196.149 - - [18/Oct/2024:12:04:48 +0200] "GET /wp-content/plugins/woocommerce/assets/client/admin/onboarding/style.css?ver=4d0c8a4c2ada1e0c81c1 HTTP/1.1" 200 1819 "https://startupclm.ncdesarrollos.com/wp-admin/admin.php?page=wc-admin" "Mozilla/5.0 (Windows NT 10.0; Win64; x64) AppleWebKit/537.36 (KHTML, like Gecko) Chrome/130.0.0.0 Safari/537.36"
79.117.196.149 - - [18/Oct/2024:12:04:48 +0200] "GET /wp-content/plugins/woocommerce/assets/client/admin/experimental/style.css?ver=78fc0c5d77a14a820fd1 HTTP/1.1" 200 6617 "https://startupclm.ncdesarrollos.com/wp-admin/admin.php?page=wc-admin" "Mozilla/5.0 (Windows NT 10.0; Win64; x64) AppleWebKit/537.36 (KHTML, like Gecko) Chrome/130.0.0.0 Safari/537.36"
79.117.196.149 - - [18/Oct/2024:12:04:48 +0200] "GET /wp-content/plugins/woocommerce/assets/client/admin/number/index.js?ver=2e7c4a438779d8bf3986 HTTP/1.1" 200 1421 "https://startupclm.ncdesarrollos.com/wp-admin/admin.php?page=wc-admin" "Mozilla/5.0 (Windows NT 10.0; Win64; x64) AppleWebKit/537.36 (KHTML, like Gecko) Chrome/130.0.0.0 Safari/537.36"
79.117.196.149 - - [18/Oct/2024:12:04:48 +0200] "GET /wp-content/plugins/woocommerce/assets/client/admin/currency/index.js?ver=7ca29fc27e2cde82bc68 HTTP/1.1" 200 1991 "https://startupclm.ncdesarrollos.com/wp-admin/admin.php?page=wc-admin" "Mozilla/5.0 (Windows NT 10.0; Win64; x64) AppleWebKit/537.36 (KHTML, like Gecko) Chrome/130.0.0.0 Safari/537.36"
79.117.196.149 - - [18/Oct/2024:12:04:48 +0200] "GET /wp-content/plugins/woocommerce/assets/client/admin/date/index.js?ver=74eba1e596e5ac42e7a6 HTTP/1.1" 200 14322 "https://startupclm.ncdesarrollos.com/wp-admin/admin.php?page=wc-admin" "Mozilla/5.0 (Windows NT 10.0; Win64; x64) AppleWebKit/537.36 (KHTML, like Gecko) Chrome/130.0.0.0 Safari/537.36"
79.117.196.149 - - [18/Oct/2024:12:04:48 +0200] "GET /wp-content/plugins/woocommerce/assets/client/admin/navigation/index.js?ver=52484465f3135c108738 HTTP/1.1" 200 14764 "https://startupclm.ncdesarrollos.com/wp-admin/admin.php?page=wc-admin" "Mozilla/5.0 (Windows NT 10.0; Win64; x64) AppleWebKit/537.36 (KHTML, like Gecko) Chrome/130.0.0.0 Safari/537.36"
79.117.196.149 - - [18/Oct/2024:12:04:48 +0200] "GET /wp-content/plugins/woocommerce/assets/client/admin/components/index.js?ver=6ec6f1b61210fea7db31 HTTP/1.1" 200 232144 "https://startupclm.ncdesarrollos.com/wp-admin/admin.php?page=wc-admin" "Mozilla/5.0 (Windows NT 10.0; Win64; x64) AppleWebKit/537.36 (KHTML, like Gecko) Chrome/130.0.0.0 Safari/537.36"
79.117.196.149 - - [18/Oct/2024:12:04:48 +0200] "GET /wp-content/plugins/woocommerce/assets/client/admin/tracks/index.js?ver=953c27d476eae6044ed4 HTTP/1.1" 200 3924 "https://startupclm.ncdesarrollos.com/wp-admin/admin.php?page=wc-admin" "Mozilla/5.0 (Windows NT 10.0; Win64; x64) AppleWebKit/537.36 (KHTML, like Gecko) Chrome/130.0.0.0 Safari/537.36"
79.117.196.149 - - [18/Oct/2024:12:04:48 +0200] "GET /wp-content/plugins/woocommerce/assets/client/admin/data/index.js?ver=b12c464487b712c0dad5 HTTP/1.1" 200 39960 "https://startupclm.ncdesarrollos.com/wp-admin/admin.php?page=wc-admin" "Mozilla/5.0 (Windows NT 10.0; Win64; x64) AppleWebKit/537.36 (KHTML, like Gecko) Chrome/130.0.0.0 Safari/537.36"
79.117.196.149 - - [18/Oct/2024:12:04:48 +0200] "GET /wp-content/plugins/woocommerce/assets/client/admin/admin-layout/index.js?ver=092d36684bd43b3c307d HTTP/1.1" 200 1416 "https://startupclm.ncdesarrollos.com/wp-admin/admin.php?page=wc-admin" "Mozilla/5.0 (Windows NT 10.0; Win64; x64) AppleWebKit/537.36 (KHTML, like Gecko) Chrome/130.0.0.0 Safari/537.36"
79.117.196.149 - - [18/Oct/2024:12:04:48 +0200] "GET /wp-content/plugins/woocommerce/assets/client/admin/app/index.js?ver=71d1eb5b2f91486cefbb HTTP/1.1" 200 190207 "https://startupclm.ncdesarrollos.com/wp-admin/admin.php?page=wc-admin" "Mozilla/5.0 (Windows NT 10.0; Win64; x64) AppleWebKit/537.36 (KHTML, like Gecko) Chrome/130.0.0.0 Safari/537.36"
79.117.196.149 - - [18/Oct/2024:12:04:48 +0200] "GET /wp-content/plugins/woocommerce/assets/client/admin/experimental/index.js?ver=c8c641170e93093849df HTTP/1.1" 200 19484 "https://startupclm.ncdesarrollos.com/wp-admin/admin.php?page=wc-admin" "Mozilla/5.0 (Windows NT 10.0; Win64; x64) AppleWebKit/537.36 (KHTML, like Gecko) Chrome/130.0.0.0 Safari/537.36"
79.117.196.149 - - [18/Oct/2024:12:04:48 +0200] "GET /wp-content/plugins/woocommerce/assets/client/admin/csv-export/index.js?ver=33887fff8894401280bb HTTP/1.1" 200 2633 "https://startupclm.ncdesarrollos.com/wp-admin/admin.php?page=wc-admin" "Mozilla/5.0 (Windows NT 10.0; Win64; x64) AppleWebKit/537.36 (KHTML, like Gecko) Chrome/130.0.0.0 Safari/537.36"
79.117.196.149 - - [18/Oct/2024:12:04:48 +0200] "GET /wp-content/plugins/woocommerce/assets/client/admin/customer-effort-score/index.js?ver=968597711840d8d252ae HTTP/1.1" 200 7056 "https://startupclm.ncdesarrollos.com/wp-admin/admin.php?page=wc-admin" "Mozilla/5.0 (Windows NT 10.0; Win64; x64) AppleWebKit/537.36 (KHTML, like Gecko) Chrome/130.0.0.0 Safari/537.36"
79.117.196.149 - - [18/Oct/2024:12:04:48 +0200] "GET /wp-content/plugins/woocommerce/assets/client/admin/explat/index.js?ver=66f9a97b59ee2733a8f1 HTTP/1.1" 200 15388 "https://startupclm.ncdesarrollos.com/wp-admin/admin.php?page=wc-admin" "Mozilla/5.0 (Windows NT 10.0; Win64; x64) AppleWebKit/537.36 (KHTML, like Gecko) Chrome/130.0.0.0 Safari/537.36"
79.117.196.149 - - [18/Oct/2024:12:04:48 +0200] "GET /wp-content/plugins/woocommerce/assets/client/admin/notices/index.js?ver=46f0614364bec2a020d6 HTTP/1.1" 200 1200 "https://startupclm.ncdesarrollos.com/wp-admin/admin.php?page=wc-admin" "Mozilla/5.0 (Windows NT 10.0; Win64; x64) AppleWebKit/537.36 (KHTML, like Gecko) Chrome/130.0.0.0 Safari/537.36"
79.117.196.149 - - [18/Oct/2024:12:04:48 +0200] "GET /wp-content/plugins/woocommerce/assets/client/admin/block-templates/index.js?ver=217827106296f69fb9e6 HTTP/1.1" 200 42735 "https://startupclm.ncdesarrollos.com/wp-admin/admin.php?page=wc-admin" "Mozilla/5.0 (Windows NT 10.0; Win64; x64) AppleWebKit/537.36 (KHTML, like Gecko) Chrome/130.0.0.0 Safari/537.36"
79.117.196.149 - - [18/Oct/2024:12:04:48 +0200] "GET /wp-content/plugins/woocommerce/assets/client/admin/remote-logging/index.js?ver=2e53703446ae7e6d3e3d HTTP/1.1" 200 8742 "https://startupclm.ncdesarrollos.com/wp-admin/admin.php?page=wc-admin" "Mozilla/5.0 (Windows NT 10.0; Win64; x64) AppleWebKit/537.36 (KHTML, like Gecko) Chrome/130.0.0.0 Safari/537.36"
79.117.196.149 - - [18/Oct/2024:12:04:48 +0200] "GET /wp-content/plugins/woocommerce/assets/client/admin/product-editor/index.js?ver=65019142bb1212e8372e HTTP/1.1" 200 179965 "https://startupclm.ncdesarrollos.com/wp-admin/admin.php?page=wc-admin" "Mozilla/5.0 (Windows NT 10.0; Win64; x64) AppleWebKit/537.36 (KHTML, like Gecko) Chrome/130.0.0.0 Safari/537.36"
79.117.196.149 - - [18/Oct/2024:12:04:48 +0200] "GET /wp-content/plugins/woocommerce/assets/client/admin/chunks/4272.js?ver=be339a4dd21d24e04f42 HTTP/1.1" 200 5777 "https://startupclm.ncdesarrollos.com/wp-admin/admin.php?page=wc-admin" "Mozilla/5.0 (Windows NT 10.0; Win64; x64) AppleWebKit/537.36 (KHTML, like Gecko) Chrome/130.0.0.0 Safari/537.36"
79.117.196.149 - - [18/Oct/2024:12:04:48 +0200] "GET /wp-content/plugins/woocommerce/assets/client/admin/chunks/1910.style.css?ver=dd7f3002f66dda60cecd HTTP/1.1" 200 1654 "https://startupclm.ncdesarrollos.com/wp-admin/admin.php?page=wc-admin" "Mozilla/5.0 (Windows NT 10.0; Win64; x64) AppleWebKit/537.36 (KHTML, like Gecko) Chrome/130.0.0.0 Safari/537.36"
79.117.196.149 - - [18/Oct/2024:12:04:48 +0200] "GET /wp-content/plugins/woocommerce/assets/client/admin/chunks/6290.js?ver=a2a9284acf7684253099 HTTP/1.1" 200 7721 "https://startupclm.ncdesarrollos.com/wp-admin/admin.php?page=wc-admin" "Mozilla/5.0 (Windows NT 10.0; Win64; x64) AppleWebKit/537.36 (KHTML, like Gecko) Chrome/130.0.0.0 Safari/537.36"
79.117.196.149 - - [18/Oct/2024:12:04:48 +0200] "GET /wp-content/plugins/woocommerce/assets/client/admin/chunks/1910.js?ver=5d09834a2da98d9da41b HTTP/1.1" 200 1554 "https://startupclm.ncdesarrollos.com/wp-admin/admin.php?page=wc-admin" "Mozilla/5.0 (Windows NT 10.0; Win64; x64) AppleWebKit/537.36 (KHTML, like Gecko) Chrome/130.0.0.0 Safari/537.36"
79.117.196.149 - - [18/Oct/2024:12:04:48 +0200] "GET /wp-content/plugins/woocommerce/assets/client/admin/chunks/1878.js?ver=872fea434df021e0b946 HTTP/1.1" 200 31770 "https://startupclm.ncdesarrollos.com/wp-admin/admin.php?page=wc-admin" "Mozilla/5.0 (Windows NT 10.0; Win64; x64) AppleWebKit/537.36 (KHTML, like Gecko) Chrome/130.0.0.0 Safari/537.36"
79.117.196.149 - - [18/Oct/2024:12:04:48 +0200] "GET /wp-content/plugins/woocommerce/assets/client/admin/chunks/0.style.css?ver=83f5ec1a115306b6dce6 HTTP/1.1" 200 9521 "https://startupclm.ncdesarrollos.com/wp-admin/admin.php?page=wc-admin" "Mozilla/5.0 (Windows NT 10.0; Win64; x64) AppleWebKit/537.36 (KHTML, like Gecko) Chrome/130.0.0.0 Safari/537.36"
79.117.196.149 - - [18/Oct/2024:12:04:48 +0200] "GET /wp-content/plugins/woocommerce/assets/client/admin/chunks/8597.style.css?ver=fd248e8316b53f05d897 HTTP/1.1" 200 1561 "https://startupclm.ncdesarrollos.com/wp-admin/admin.php?page=wc-admin" "Mozilla/5.0 (Windows NT 10.0; Win64; x64) AppleWebKit/537.36 (KHTML, like Gecko) Chrome/130.0.0.0 Safari/537.36"
79.117.196.149 - - [18/Oct/2024:12:04:48 +0200] "GET /index.php/wp-json/wp/v2/users/me?context=edit&_locale=user HTTP/1.1" 200 5481 "https://startupclm.ncdesarrollos.com/wp-admin/admin.php?page=wc-admin" "Mozilla/5.0 (Windows NT 10.0; Win64; x64) AppleWebKit/537.36 (KHTML, like Gecko) Chrome/130.0.0.0 Safari/537.36"
79.117.196.149 - - [18/Oct/2024:12:04:48 +0200] "GET /index.php/wp-json/wc-admin/plugins/active?_locale=user HTTP/1.1" 200 744 "https://startupclm.ncdesarrollos.com/wp-admin/admin.php?page=wc-admin" "Mozilla/5.0 (Windows NT 10.0; Win64; x64) AppleWebKit/537.36 (KHTML, like Gecko) Chrome/130.0.0.0 Safari/537.36"
79.117.196.149 - - [18/Oct/2024:12:04:49 +0200] "GET /wp-content/plugins/woocommerce/assets/client/admin/chunks/2106.js?ver=cca58c05d5fa598edb48 HTTP/1.1" 200 4010 "https://startupclm.ncdesarrollos.com/wp-admin/admin.php?page=wc-admin" "Mozilla/5.0 (Windows NT 10.0; Win64; x64) AppleWebKit/537.36 (KHTML, like Gecko) Chrome/130.0.0.0 Safari/537.36"
79.117.196.149 - - [18/Oct/2024:12:04:49 +0200] "GET /wp-content/plugins/woocommerce/assets/client/admin/chunks/9850.js?ver=9b1dce3080a5b551f215 HTTP/1.1" 200 850 "https://startupclm.ncdesarrollos.com/wp-admin/admin.php?page=wc-admin" "Mozilla/5.0 (Windows NT 10.0; Win64; x64) AppleWebKit/537.36 (KHTML, like Gecko) Chrome/130.0.0.0 Safari/537.36"
79.117.196.149 - - [18/Oct/2024:12:04:49 +0200] "GET /wp-content/plugins/woocommerce/assets/client/admin/chunks/4940.js?ver=c698b2309b1979398294 HTTP/1.1" 200 7244 "https://startupclm.ncdesarrollos.com/wp-admin/admin.php?page=wc-admin" "Mozilla/5.0 (Windows NT 10.0; Win64; x64) AppleWebKit/537.36 (KHTML, like Gecko) Chrome/130.0.0.0 Safari/537.36"
79.117.196.149 - - [18/Oct/2024:12:04:49 +0200] "GET /wp-content/plugins/woocommerce/assets/client/admin/chunks/0.js?ver=3553824f995ae76c965b HTTP/1.1" 200 18557 "https://startupclm.ncdesarrollos.com/wp-admin/admin.php?page=wc-admin" "Mozilla/5.0 (Windows NT 10.0; Win64; x64) AppleWebKit/537.36 (KHTML, like Gecko) Chrome/130.0.0.0 Safari/537.36"
79.117.196.149 - - [18/Oct/2024:12:04:49 +0200] "GET /wp-content/plugins/woocommerce/assets/client/admin/chunks/store-alerts.js?ver=a7f680b3df018abf065f HTTP/1.1" 200 2741 "https://startupclm.ncdesarrollos.com/wp-admin/admin.php?page=wc-admin" "Mozilla/5.0 (Windows NT 10.0; Win64; x64) AppleWebKit/537.36 (KHTML, like Gecko) Chrome/130.0.0.0 Safari/537.36"
