163.172.105.12 - - [16/Nov/2024:22:04:28 +0100] "POST /wp-cron.php?doing_wp_cron=1731791068.0699760913848876953125 HTTP/1.1" 200 4078 "-" "WordPress/6.6.2; https://startupclm.ncdesarrollos.com"
47.106.243.226 - - [16/Nov/2024:22:04:27 +0100] "POST /wp-login.php HTTP/1.1" 200 6927 "-" "Mozilla/5.0 (Windows NT 10.0; WOW64) AppleWebKit/537.36 (KHTML, like Gecko) Chrome/55.0.2883.87 Safari/537.36"
163.172.105.12 - - [16/Nov/2024:22:58:39 +0100] "POST /wp-cron.php?doing_wp_cron=1731794319.4972438812255859375000 HTTP/1.1" 200 4078 "-" "WordPress/6.6.2; https://startupclm.ncdesarrollos.com"
103.159.239.202 - - [16/Nov/2024:22:58:38 +0100] "POST /wp-login.php HTTP/1.1" 200 6927 "-" "Mozilla/5.0 (Windows NT 6.1; Win64; x64) AppleWebKit/537.36 (KHTML, like Gecko) Chrome/78.0.3904.97 Safari/537.36"
163.172.105.12 - - [16/Nov/2024:23:53:25 +0100] "POST /wp-cron.php?doing_wp_cron=1731797605.5612349510192871093750 HTTP/1.1" 200 4078 "-" "WordPress/6.6.2; https://startupclm.ncdesarrollos.com"
176.126.86.157 - - [16/Nov/2024:23:53:24 +0100] "POST /wp-login.php HTTP/1.1" 200 6927 "-" "Mozilla/5.0 (Windows NT 6.1; Win64; x64) AppleWebKit/537.36 (KHTML, like Gecko) Chrome/55.0.2883.87 Safari/537.36"
163.172.105.12 - - [17/Nov/2024:00:48:25 +0100] "POST /wp-cron.php?doing_wp_cron=1731800904.0510230064392089843750 HTTP/1.1" 200 4078 "-" "WordPress/6.6.2; https://startupclm.ncdesarrollos.com"
103.154.184.15 - - [17/Nov/2024:00:48:06 +0100] "POST /wp-login.php HTTP/1.1" 200 6927 "-" "Mozilla/5.0 (Windows NT 10.0; Win64; x64) AppleWebKit/537.36 (KHTML, like Gecko) Chrome/87.0.4280.88 Safari/537.36"
163.172.105.12 - - [17/Nov/2024:01:43:45 +0100] "POST /wp-cron.php?doing_wp_cron=1731804225.8240699768066406250000 HTTP/1.1" 200 4078 "-" "WordPress/6.6.2; https://startupclm.ncdesarrollos.com"
176.126.86.157 - - [17/Nov/2024:01:43:44 +0100] "POST /wp-login.php HTTP/1.1" 200 6926 "-" "Mozilla/5.0 (Windows NT 6.1; Win64; x64) AppleWebKit/537.36 (KHTML, like Gecko) Chrome/70.0.3538.67 Safari/537.36"
163.172.105.12 - - [17/Nov/2024:02:40:56 +0100] "POST /wp-cron.php?doing_wp_cron=1731807656.3507559299468994140625 HTTP/1.1" 200 4078 "-" "WordPress/6.6.2; https://startupclm.ncdesarrollos.com"
49.232.145.205 - - [17/Nov/2024:02:40:55 +0100] "POST /wp-login.php HTTP/1.1" 200 6926 "-" "Mozilla/5.0 (Windows NT 6.1) AppleWebKit/537.36 (KHTML, like Gecko) Chrome/70.0.3538.102 Safari/537.36"
163.172.105.12 - - [17/Nov/2024:03:38:50 +0100] "POST /wp-cron.php?doing_wp_cron=1731811130.1345109939575195312500 HTTP/1.1" 200 4078 "-" "WordPress/6.6.2; https://startupclm.ncdesarrollos.com"
94.23.68.219 - - [17/Nov/2024:03:38:49 +0100] "POST /wp-login.php HTTP/1.1" 200 6926 "-" "Mozilla/5.0 (Windows NT 6.1; WOW64) AppleWebKit/537.36 (KHTML, like Gecko) Chrome/48.0.2564.116 Safari/537.36"
163.172.105.12 - - [17/Nov/2024:04:38:44 +0100] "POST /wp-cron.php?doing_wp_cron=1731814724.0511269569396972656250 HTTP/1.1" 200 4078 "-" "WordPress/6.6.2; https://startupclm.ncdesarrollos.com"
134.209.249.86 - - [17/Nov/2024:04:38:43 +0100] "POST /wp-login.php HTTP/1.1" 200 6926 "-" "Mozilla/5.0 (Windows NT 10.0; Win64; x64) AppleWebKit/537.36 (KHTML, like Gecko) Chrome/78.0.3904.70 Safari/537.36"
163.172.105.12 - - [17/Nov/2024:05:39:06 +0100] "POST /wp-cron.php?doing_wp_cron=1731818344.9285449981689453125000 HTTP/1.1" 200 4078 "-" "WordPress/6.6.2; https://startupclm.ncdesarrollos.com"
167.86.103.104 - - [17/Nov/2024:05:38:27 +0100] "POST /wp-login.php HTTP/1.1" 200 6926 "-" "Mozilla/5.0 (Windows NT 6.3; Win64; x64) AppleWebKit/537.36 (KHTML, like Gecko) Chrome/79.0.3945.88 Safari/537.36"
163.172.105.12 - - [17/Nov/2024:07:39:28 +0100] "POST /wp-cron.php?doing_wp_cron=1731825568.6538751125335693359375 HTTP/1.1" 200 4078 "-" "WordPress/6.6.2; https://startupclm.ncdesarrollos.com"
217.133.221.210 - - [17/Nov/2024:07:39:27 +0100] "POST /wp-login.php HTTP/1.1" 200 6926 "-" "Mozilla/5.0 (Windows NT 6.1) AppleWebKit/537.36 (KHTML, like Gecko) Chrome/80.0.3987.132 Safari/537.36"
163.172.105.12 - - [17/Nov/2024:08:40:20 +0100] "POST /wp-cron.php?doing_wp_cron=1731829220.9037759304046630859375 HTTP/1.1" 200 4078 "-" "WordPress/6.6.2; https://startupclm.ncdesarrollos.com"
164.77.90.26 - - [17/Nov/2024:08:40:20 +0100] "POST /wp-login.php HTTP/1.1" 200 6926 "-" "Mozilla/5.0 (Windows NT 6.1) AppleWebKit/537.36 (KHTML, like Gecko) Chrome/59.0.3071.115 Safari/537.36"
163.172.105.12 - - [17/Nov/2024:09:41:38 +0100] "POST /wp-cron.php?doing_wp_cron=1731832898.1343290805816650390625 HTTP/1.1" 200 4078 "-" "WordPress/6.6.2; https://startupclm.ncdesarrollos.com"
139.196.113.223 - - [17/Nov/2024:09:41:37 +0100] "POST /wp-login.php HTTP/1.1" 200 6926 "-" "Mozilla/5.0 (Windows; U; Windows NT 5.1; en-US) AppleWebKit/533.4 (KHTML, like Gecko) Chrome/5.0.375.99 Safari/533.4"
163.172.105.12 - - [17/Nov/2024:10:43:18 +0100] "POST /wp-cron.php?doing_wp_cron=1731836598.6595900058746337890625 HTTP/1.1" 200 4078 "-" "WordPress/6.6.2; https://startupclm.ncdesarrollos.com"
54.36.182.232 - - [17/Nov/2024:10:43:17 +0100] "POST /wp-login.php HTTP/1.1" 200 6926 "-" "Mozilla/5.0 (Windows NT 6.3; Win64; x64) AppleWebKit/537.36 (KHTML, like Gecko) Chrome/65.0.3325.181 Safari/537.36"
163.172.105.12 - - [17/Nov/2024:10:43:20 +0100] "POST /wp-admin/admin-ajax.php?action=wp_1_wc_privacy_cleanup&nonce=62f7dd9f7a HTTP/1.1" 200 4213 "-" "WordPress/6.6.2; https://startupclm.ncdesarrollos.com"
163.172.105.12 - - [17/Nov/2024:11:44:53 +0100] "POST /wp-cron.php?doing_wp_cron=1731840293.6964809894561767578125 HTTP/1.1" 200 4078 "-" "WordPress/6.6.2; https://startupclm.ncdesarrollos.com"
54.36.182.232 - - [17/Nov/2024:11:44:53 +0100] "POST /wp-login.php HTTP/1.1" 200 6926 "-" "Mozilla/5.0 (Windows NT 6.1; WOW64) AppleWebKit/537.36 (KHTML, like Gecko) Chrome/32.0.1700.107 Safari/537.36"
34.56.31.85 - - [17/Nov/2024:12:39:41 +0100] "GET / HTTP/1.1" 301 613 "-" "Mozilla/5.0 (Macintosh; Intel Mac OS X 10_15_7) AppleWebKit/537.36 (KHTML, like Gecko) Chrome/127.0.0.0 Safari/537.36"
163.172.105.12 - - [17/Nov/2024:12:39:42 +0100] "POST /wp-cron.php?doing_wp_cron=1731843582.9273290634155273437500 HTTP/1.1" 200 4078 "-" "WordPress/6.6.2; https://startupclm.ncdesarrollos.com"
34.56.31.85 - - [17/Nov/2024:12:39:42 +0100] "GET / HTTP/1.1" 200 16729 "http://startupclm.ncdesarrollos.com/" "Mozilla/5.0 (Macintosh; Intel Mac OS X 10_15_7) AppleWebKit/537.36 (KHTML, like Gecko) Chrome/127.0.0.0 Safari/537.36"
34.56.31.85 - - [17/Nov/2024:12:39:43 +0100] "GET /app/ HTTP/1.1" 404 529 "-" "Mozilla/5.0 (Macintosh; Intel Mac OS X 10_15_7) AppleWebKit/537.36 (KHTML, like Gecko) Chrome/127.0.0.0 Safari/537.36"
34.56.31.85 - - [17/Nov/2024:12:39:43 +0100] "GET /login/ HTTP/1.1" 404 529 "-" "Mozilla/5.0 (Macintosh; Intel Mac OS X 10_15_7) AppleWebKit/537.36 (KHTML, like Gecko) Chrome/127.0.0.0 Safari/537.36"
163.172.105.12 - - [17/Nov/2024:12:46:33 +0100] "POST /wp-cron.php?doing_wp_cron=1731843993.1365931034088134765625 HTTP/1.1" 200 4078 "-" "WordPress/6.6.2; https://startupclm.ncdesarrollos.com"
188.165.239.173 - - [17/Nov/2024:12:46:32 +0100] "POST /wp-login.php HTTP/1.1" 200 6926 "-" "Mozilla/5.0 (Windows NT 6.1; WOW64) AppleWebKit/537.36 (KHTML, like Gecko) Chrome/48.0.2564.116 Safari/537.36"
163.172.105.12 - - [17/Nov/2024:13:48:39 +0100] "POST /wp-cron.php?doing_wp_cron=1731847719.5399279594421386718750 HTTP/1.1" 200 4078 "-" "WordPress/6.6.2; https://startupclm.ncdesarrollos.com"
108.160.138.223 - - [17/Nov/2024:13:48:38 +0100] "POST /wp-login.php HTTP/1.1" 200 6926 "-" "Mozilla/5.0 (Windows NT 6.1) AppleWebKit/537.36 (KHTML, like Gecko) Chrome/63.0.3239.84 Safari/537.36"
163.172.105.12 - - [17/Nov/2024:14:51:09 +0100] "POST /wp-cron.php?doing_wp_cron=1731851468.9905939102172851562500 HTTP/1.1" 200 4078 "-" "WordPress/6.6.2; https://startupclm.ncdesarrollos.com"
31.24.44.12 - - [17/Nov/2024:14:51:08 +0100] "POST /wp-login.php HTTP/1.1" 200 6926 "-" "Mozilla/5.0 (Windows NT 6.1) AppleWebKit/537.36 (KHTML, like Gecko) Chrome/58.0.3029.110 Safari/537.36"
163.172.105.12 - - [17/Nov/2024:15:53:34 +0100] "POST /wp-cron.php?doing_wp_cron=1731855214.9264268875122070312500 HTTP/1.1" 200 4078 "-" "WordPress/6.6.2; https://startupclm.ncdesarrollos.com"
188.166.1.163 - - [17/Nov/2024:15:53:34 +0100] "POST /wp-login.php HTTP/1.1" 200 6926 "-" "Mozilla/5.0 (Windows NT 6.3; Win64; x64) AppleWebKit/537.36 (KHTML, like Gecko) Chrome/68.0.3440.106 Safari/537.36"
163.172.105.12 - - [17/Nov/2024:16:34:24 +0100] "POST /wp-cron.php?doing_wp_cron=1731857664.2395288944244384765625 HTTP/1.1" 200 4078 "-" "WordPress/6.6.2; https://startupclm.ncdesarrollos.com"
104.166.80.21 - - [17/Nov/2024:16:34:23 +0100] "GET / HTTP/1.1" 200 16729 "-" "Mozilla/5.0 (X11; Linux i686; rv:109.0) Gecko/20100101 Firefox/120.0"
163.172.105.12 - - [17/Nov/2024:16:56:06 +0100] "POST /wp-cron.php?doing_wp_cron=1731858966.2269709110260009765625 HTTP/1.1" 200 4078 "-" "WordPress/6.6.2; https://startupclm.ncdesarrollos.com"
52.187.228.69 - - [17/Nov/2024:16:56:05 +0100] "POST /wp-login.php HTTP/1.1" 200 6926 "-" "Mozilla/5.0 (Windows NT 10.0; WOW64) AppleWebKit/537.36 (KHTML, like Gecko) Chrome/47.0.2526.106 Safari/537.36"
163.172.105.12 - - [17/Nov/2024:17:57:44 +0100] "POST /wp-cron.php?doing_wp_cron=1731862664.5477399826049804687500 HTTP/1.1" 200 4078 "-" "WordPress/6.6.2; https://startupclm.ncdesarrollos.com"
208.113.147.106 - - [17/Nov/2024:17:57:43 +0100] "POST /wp-login.php HTTP/1.1" 200 6926 "-" "Mozilla/5.0 (Windows NT 10.0; Win64; x64) AppleWebKit/537.36 (KHTML, like Gecko) Chrome/64.0.3282.140 Safari/537.36"
163.172.105.12 - - [17/Nov/2024:18:58:31 +0100] "POST /wp-cron.php?doing_wp_cron=1731866311.7423551082611083984375 HTTP/1.1" 200 4078 "-" "WordPress/6.6.2; https://startupclm.ncdesarrollos.com"
66.181.72.85 - - [17/Nov/2024:18:58:31 +0100] "POST /wp-login.php HTTP/1.1" 200 6926 "-" "Mozilla/5.0 (Windows NT 10.0; Win64; x64) AppleWebKit/537.36 (KHTML, like Gecko) Chrome/70.0.3538.67 Safari/537.36"
163.172.105.12 - - [17/Nov/2024:19:58:28 +0100] "POST /wp-cron.php?doing_wp_cron=1731869908.6629130840301513671875 HTTP/1.1" 200 4078 "-" "WordPress/6.6.2; https://startupclm.ncdesarrollos.com"
64.23.129.165 - - [17/Nov/2024:19:58:27 +0100] "POST /wp-login.php HTTP/1.1" 200 6926 "-" "Mozilla/5.0 (Windows NT 6.1) AppleWebKit/537.36 (KHTML, like Gecko) Chrome/61.0.3163.100 Safari/537.36"
163.172.105.12 - - [17/Nov/2024:20:57:45 +0100] "POST /wp-cron.php?doing_wp_cron=1731873465.7652831077575683593750 HTTP/1.1" 200 4078 "-" "WordPress/6.6.2; https://startupclm.ncdesarrollos.com"
66.181.72.85 - - [17/Nov/2024:20:57:45 +0100] "POST /wp-login.php HTTP/1.1" 200 6926 "-" "Mozilla/5.0 (Windows NT 6.1) AppleWebKit/537.36 (KHTML, like Gecko) Chrome/80.0.3987.149 Safari/537.36"
163.172.105.12 - - [17/Nov/2024:21:56:25 +0100] "POST /wp-cron.php?doing_wp_cron=1731876985.5055289268493652343750 HTTP/1.1" 200 4078 "-" "WordPress/6.6.2; https://startupclm.ncdesarrollos.com"
66.181.72.85 - - [17/Nov/2024:21:56:24 +0100] "POST /wp-login.php HTTP/1.1" 200 6926 "-" "Mozilla/5.0 (Windows NT 10.0; WOW64) AppleWebKit/537.36 (KHTML, like Gecko) Chrome/46.0.2490.86 Safari/537.36"
163.172.105.12 - - [17/Nov/2024:22:53:50 +0100] "POST /wp-cron.php?doing_wp_cron=1731880430.8204469680786132812500 HTTP/1.1" 200 4078 "-" "WordPress/6.6.2; https://startupclm.ncdesarrollos.com"
173.205.81.73 - - [17/Nov/2024:22:53:50 +0100] "POST /wp-login.php HTTP/1.1" 200 6926 "-" "Mozilla/5.0 (Windows NT 6.1; WOW64) AppleWebKit/537.36 (KHTML, like Gecko) Chrome/41.0.2272.101 Safari/537.36"
163.172.105.12 - - [18/Nov/2024:11:34:52 +0100] "POST /wp-cron.php?doing_wp_cron=1731926092.3472399711608886718750 HTTP/1.1" 200 4078 "-" "WordPress/6.6.2; https://startupclm.ncdesarrollos.com"
74.81.38.26 - - [18/Nov/2024:11:34:51 +0100] "POST /wp-login.php HTTP/1.1" 200 6958 "-" "Mozilla/5.0 (Windows NT 6.1; WOW64) AppleWebKit/537.36 (KHTML, like Gecko) Chrome/36.0.1985.125 Safari/537.36"
163.172.105.12 - - [18/Nov/2024:11:34:57 +0100] "POST /wp-admin/admin-ajax.php?action=wp_1_wc_privacy_cleanup&nonce=3fa781064f HTTP/1.1" 200 4213 "-" "WordPress/6.6.2; https://startupclm.ncdesarrollos.com"
163.172.105.12 - - [18/Nov/2024:12:30:28 +0100] "POST /wp-cron.php?doing_wp_cron=1731929428.1790049076080322265625 HTTP/1.1" 200 4078 "-" "WordPress/6.6.2; https://startupclm.ncdesarrollos.com"
51.68.224.123 - - [18/Nov/2024:12:30:27 +0100] "POST /wp-login.php HTTP/1.1" 200 6959 "-" "Mozilla/5.0 (Windows NT 6.3; Win64; x64) AppleWebKit/537.36 (KHTML, like Gecko) Chrome/62.0.3202.94 Safari/537.36"
163.172.105.12 - - [18/Nov/2024:13:26:15 +0100] "POST /wp-cron.php?doing_wp_cron=1731932775.2187120914459228515625 HTTP/1.1" 200 4078 "-" "WordPress/6.6.2; https://startupclm.ncdesarrollos.com"
162.144.135.175 - - [18/Nov/2024:13:26:14 +0100] "POST /wp-login.php HTTP/1.1" 200 6925 "-" "Mozilla/5.0 (Windows NT 10.0; Win64; x64) AppleWebKit/537.36 (KHTML, like Gecko) Chrome/64.0.3282.140 Safari/537.36"
163.172.105.12 - - [18/Nov/2024:14:22:27 +0100] "POST /wp-cron.php?doing_wp_cron=1731936147.8021919727325439453125 HTTP/1.1" 200 4078 "-" "WordPress/6.6.2; https://startupclm.ncdesarrollos.com"
123.30.234.70 - - [18/Nov/2024:14:22:27 +0100] "POST /wp-login.php HTTP/1.1" 200 6925 "-" "Mozilla/5.0 (Windows NT 10.0; Win64; x64) AppleWebKit/537.36 (KHTML, like Gecko) Chrome/66.0.3359.117 Safari/537.36"
163.172.105.12 - - [18/Nov/2024:15:19:05 +0100] "POST /wp-cron.php?doing_wp_cron=1731939545.4138031005859375000000 HTTP/1.1" 200 4078 "-" "WordPress/6.6.2; https://startupclm.ncdesarrollos.com"
91.121.145.32 - - [18/Nov/2024:15:19:04 +0100] "POST /wp-login.php HTTP/1.1" 200 6925 "-" "Mozilla/5.0 (Windows NT 5.1) AppleWebKit/537.36 (KHTML, like Gecko) Chrome/47.0.2526.106 Safari/537.36"
118.194.230.202 - - [18/Nov/2024:16:14:47 +0100] "GET / HTTP/1.1" 301 557 "-" "Mozilla/5.0 (Macintosh; Intel Mac OS X 10_15_7) AppleWebKit/537.36 (KHTML, like Gecko) Chrome/120.0.0.0 Safari/537.36 Edg/120.0.0.0"
163.172.105.12 - - [18/Nov/2024:16:14:50 +0100] "POST /wp-cron.php?doing_wp_cron=1731942890.1361029148101806640625 HTTP/1.1" 200 4078 "-" "WordPress/6.6.2; https://startupclm.ncdesarrollos.com"
118.194.230.202 - - [18/Nov/2024:16:14:49 +0100] "GET / HTTP/1.1" 200 63847 "-" "Mozilla/5.0 (Macintosh; Intel Mac OS X 10_15_7) AppleWebKit/537.36 (KHTML, like Gecko) Chrome/120.0.0.0 Safari/537.36 Edg/120.0.0.0"
118.194.230.202 - - [18/Nov/2024:16:14:53 +0100] "GET / HTTP/1.1" 200 16626 "http://startupclm.ncdesarrollos.com/" "Mozilla/5.0 (Macintosh; Intel Mac OS X 10_7_0) AppleWebKit/535.11 (KHTML, like Gecko) Chrome/17.0.963.56 Safari/535.11"
118.194.230.202 - - [18/Nov/2024:16:14:55 +0100] "GET /favicon.ico HTTP/1.1" 301 579 "-" "Mozilla/5.0 (Macintosh; Intel Mac OS X 10_7_0) AppleWebKit/535.11 (KHTML, like Gecko) Chrome/17.0.963.56 Safari/535.11"
118.194.230.202 - - [18/Nov/2024:16:14:56 +0100] "GET /favicon.ico HTTP/1.1" 404 4224 "http://startupclm.ncdesarrollos.com/favicon.ico" "Mozilla/5.0 (Macintosh; Intel Mac OS X 10_7_0) AppleWebKit/535.11 (KHTML, like Gecko) Chrome/17.0.963.56 Safari/535.11"
118.194.230.202 - - [18/Nov/2024:16:14:56 +0100] "GET /favicon.ico HTTP/1.1" 404 4224 "-" "Mozilla/5.0 (Macintosh; Intel Mac OS X 10_7_0) AppleWebKit/535.11 (KHTML, like Gecko) Chrome/17.0.963.56 Safari/535.11"
118.194.230.202 - - [18/Nov/2024:16:14:56 +0100] "GET /robots.txt HTTP/1.1" 301 577 "-" "Mozilla/5.0 (Macintosh; Intel Mac OS X 10_7_0) AppleWebKit/535.11 (KHTML, like Gecko) Chrome/17.0.963.56 Safari/535.11"
118.194.230.202 - - [18/Nov/2024:16:14:57 +0100] "GET /robots.txt HTTP/1.1" 404 4224 "-" "Mozilla/5.0 (Macintosh; Intel Mac OS X 10_7_0) AppleWebKit/535.11 (KHTML, like Gecko) Chrome/17.0.963.56 Safari/535.11"
118.194.230.202 - - [18/Nov/2024:16:14:57 +0100] "GET /robots.txt HTTP/1.1" 404 4224 "http://startupclm.ncdesarrollos.com/robots.txt" "Mozilla/5.0 (Macintosh; Intel Mac OS X 10_7_0) AppleWebKit/535.11 (KHTML, like Gecko) Chrome/17.0.963.56 Safari/535.11"
118.194.230.202 - - [18/Nov/2024:16:14:58 +0100] "GET /sitemap.xml HTTP/1.1" 301 579 "-" "Mozilla/5.0 (Macintosh; Intel Mac OS X 10_7_0) AppleWebKit/535.11 (KHTML, like Gecko) Chrome/17.0.963.56 Safari/535.11"
118.194.230.202 - - [18/Nov/2024:16:14:58 +0100] "GET /sitemap.xml HTTP/1.1" 404 4224 "-" "Mozilla/5.0 (Macintosh; Intel Mac OS X 10_7_0) AppleWebKit/535.11 (KHTML, like Gecko) Chrome/17.0.963.56 Safari/535.11"
118.194.230.202 - - [18/Nov/2024:16:14:58 +0100] "GET /sitemap.xml HTTP/1.1" 404 4224 "http://startupclm.ncdesarrollos.com/sitemap.xml" "Mozilla/5.0 (Macintosh; Intel Mac OS X 10_7_0) AppleWebKit/535.11 (KHTML, like Gecko) Chrome/17.0.963.56 Safari/535.11"
118.194.230.202 - - [18/Nov/2024:16:14:59 +0100] "GET /config.json HTTP/1.1" 301 579 "-" "Mozilla/5.0 (Macintosh; Intel Mac OS X 10_7_0) AppleWebKit/535.11 (KHTML, like Gecko) Chrome/17.0.963.56 Safari/535.11"
118.194.230.202 - - [18/Nov/2024:16:15:03 +0100] "GET /config.json HTTP/1.1" 404 4224 "-" "Mozilla/5.0 (Macintosh; Intel Mac OS X 10_7_0) AppleWebKit/535.11 (KHTML, like Gecko) Chrome/17.0.963.56 Safari/535.11"
118.194.230.202 - - [18/Nov/2024:16:15:05 +0100] "GET /wp-content/plugins/woocommerce/readme.txt HTTP/1.1" 301 695 "-" "python-requests/2.31.0"
118.194.230.202 - - [18/Nov/2024:16:15:06 +0100] "GET /wp-content/plugins/woocommerce/readme.txt HTTP/1.1" 200 10619 "-" "python-requests/2.31.0"
118.194.230.202 - - [18/Nov/2024:16:15:07 +0100] "GET /wp-content/plugins/woocommerce/readme.txt HTTP/1.1" 200 10619 "-" "python-requests/2.31.0"
163.172.105.12 - - [18/Nov/2024:16:16:16 +0100] "POST /wp-cron.php?doing_wp_cron=1731942976.3566999435424804687500 HTTP/1.1" 200 4078 "-" "WordPress/6.6.2; https://startupclm.ncdesarrollos.com"
94.23.61.165 - - [18/Nov/2024:16:16:15 +0100] "POST /wp-login.php HTTP/1.1" 200 6925 "-" "Mozilla/5.0 (Windows NT 10.0; WOW64) AppleWebKit/537.36 (KHTML, like Gecko) Chrome/47.0.2526.106 Safari/537.36"
163.172.105.12 - - [18/Nov/2024:17:13:35 +0100] "POST /wp-cron.php?doing_wp_cron=1731946415.2762761116027832031250 HTTP/1.1" 200 4078 "-" "WordPress/6.6.2; https://startupclm.ncdesarrollos.com"
54.37.156.240 - - [18/Nov/2024:17:13:34 +0100] "POST /wp-login.php HTTP/1.1" 200 6925 "-" "Mozilla/5.0 (Windows NT 10.0; WOW64) AppleWebKit/537.36 (KHTML, like Gecko) Chrome/46.0.2490.80 Safari/537.36"
163.172.105.12 - - [18/Nov/2024:18:10:15 +0100] "POST /wp-cron.php?doing_wp_cron=1731949815.5665810108184814453125 HTTP/1.1" 200 4078 "-" "WordPress/6.6.2; https://startupclm.ncdesarrollos.com"
188.166.42.106 - - [18/Nov/2024:18:10:14 +0100] "POST /wp-login.php HTTP/1.1" 200 6925 "-" "Mozilla/5.0 (Windows NT 6.3; Win64; x64) AppleWebKit/537.36 (KHTML, like Gecko) Chrome/77.0.3865.90 Safari/537.36"
163.172.105.12 - - [18/Nov/2024:19:06:29 +0100] "POST /wp-cron.php?doing_wp_cron=1731953189.5593481063842773437500 HTTP/1.1" 200 4078 "-" "WordPress/6.6.2; https://startupclm.ncdesarrollos.com"
51.89.153.66 - - [18/Nov/2024:19:06:28 +0100] "POST /wp-login.php HTTP/1.1" 200 6925 "-" "Mozilla/5.0 (Windows NT 6.0) AppleWebKit/537.36 (KHTML, like Gecko) Chrome/49.0.2623.112 Safari/537.36"
163.172.105.12 - - [18/Nov/2024:20:02:54 +0100] "POST /wp-cron.php?doing_wp_cron=1731956574.5639529228210449218750 HTTP/1.1" 200 4078 "-" "WordPress/6.6.2; https://startupclm.ncdesarrollos.com"
157.245.131.229 - - [18/Nov/2024:20:02:53 +0100] "POST /wp-login.php HTTP/1.1" 200 6925 "-" "Mozilla/5.0 (Windows NT 6.3; Win64; x64) AppleWebKit/537.36 (KHTML, like Gecko) Chrome/79.0.3945.88 Safari/537.36"
163.172.105.12 - - [18/Nov/2024:20:58:15 +0100] "POST /wp-cron.php?doing_wp_cron=1731959895.6873490810394287109375 HTTP/1.1" 200 4078 "-" "WordPress/6.6.2; https://startupclm.ncdesarrollos.com"
74.81.38.26 - - [18/Nov/2024:20:58:15 +0100] "POST /wp-login.php HTTP/1.1" 200 6925 "-" "Mozilla/5.0 (Windows NT 6.1) AppleWebKit/537.36 (KHTML, like Gecko) Chrome/59.0.3071.115 Safari/537.36"
163.172.105.12 - - [18/Nov/2024:21:16:18 +0100] "POST /wp-cron.php?doing_wp_cron=1731960978.8245968818664550781250 HTTP/1.1" 200 4078 "-" "WordPress/6.6.2; https://startupclm.ncdesarrollos.com"
104.166.80.49 - - [18/Nov/2024:21:16:18 +0100] "GET / HTTP/1.1" 200 16729 "-" "Mozilla/5.0 (X11; Linux i686; rv:109.0) Gecko/20100101 Firefox/120.0"
163.172.105.12 - - [18/Nov/2024:21:53:29 +0100] "POST /wp-cron.php?doing_wp_cron=1731963209.4873430728912353515625 HTTP/1.1" 200 4078 "-" "WordPress/6.6.2; https://startupclm.ncdesarrollos.com"
178.128.79.56 - - [18/Nov/2024:21:53:28 +0100] "POST /wp-login.php HTTP/1.1" 200 6925 "-" "Mozilla/5.0 (Windows NT 10.0; Win64; x64) AppleWebKit/537.36 (KHTML, like Gecko) Chrome/64.0.3282.167 Safari/537.36"
163.172.105.12 - - [18/Nov/2024:22:49:14 +0100] "POST /wp-cron.php?doing_wp_cron=1731966554.6217539310455322265625 HTTP/1.1" 200 4078 "-" "WordPress/6.6.2; https://startupclm.ncdesarrollos.com"
47.105.43.240 - - [18/Nov/2024:22:49:13 +0100] "POST /wp-login.php HTTP/1.1" 200 6925 "-" "Mozilla/5.0 (Windows NT 6.1; WOW64) AppleWebKit/537.36 (KHTML, like Gecko) Chrome/46.0.2490.86 Safari/537.36"
163.172.105.12 - - [18/Nov/2024:23:44:51 +0100] "POST /wp-cron.php?doing_wp_cron=1731969891.5072710514068603515625 HTTP/1.1" 200 4078 "-" "WordPress/6.6.2; https://startupclm.ncdesarrollos.com"
80.78.244.36 - - [18/Nov/2024:23:44:50 +0100] "POST /wp-login.php HTTP/1.1" 200 6925 "-" "Mozilla/5.0 (Windows NT 6.1; Win64; x64) AppleWebKit/537.36 (KHTML, like Gecko) Chrome/66.0.3359.117 Safari/537.36"
163.172.105.12 - - [19/Nov/2024:00:42:38 +0100] "POST /wp-cron.php?doing_wp_cron=1731973357.6106989383697509765625 HTTP/1.1" 200 4078 "-" "WordPress/6.6.2; https://startupclm.ncdesarrollos.com"
92.53.96.111 - - [19/Nov/2024:00:42:35 +0100] "POST /wp-login.php HTTP/1.1" 200 6925 "-" "Mozilla/5.0 (Windows NT 10.0; Win64; x64) AppleWebKit/537.36 (KHTML, like Gecko) Chrome/78.0.3904.70 Safari/537.36"
163.172.105.12 - - [19/Nov/2024:01:21:13 +0100] "POST /wp-cron.php?doing_wp_cron=1731975672.0116610527038574218750 HTTP/1.1" 200 4078 "-" "WordPress/6.6.2; https://startupclm.ncdesarrollos.com"
123.58.192.104 - - [19/Nov/2024:01:20:41 +0100] "GET / HTTP/1.1" 200 58244 "-" "Mozilla/5.0 (Macintosh; Intel Mac OS X 10_15_7) AppleWebKit/537.36 (KHTML, like Gecko) Chrome/120.0.0.0 Safari/537.36 Edg/120.0.0.0"
123.58.192.104 - - [19/Nov/2024:01:23:23 +0100] "GET / HTTP/1.1" 301 557 "-" "Mozilla/5.0 (Macintosh; Intel Mac OS X 10_15_7) AppleWebKit/537.36 (KHTML, like Gecko) Chrome/120.0.0.0 Safari/537.36 Edg/120.0.0.0"
163.172.105.12 - - [19/Nov/2024:01:23:31 +0100] "POST /wp-cron.php?doing_wp_cron=1731975810.3326749801635742187500 HTTP/1.1" 200 4078 "-" "WordPress/6.6.2; https://startupclm.ncdesarrollos.com"
123.58.192.104 - - [19/Nov/2024:01:23:29 +0100] "GET / HTTP/1.1" 200 16626 "http://startupclm.ncdesarrollos.com/" "Mozilla/5.0 (Macintosh; Intel Mac OS X 10_7_0) AppleWebKit/535.11 (KHTML, like Gecko) Chrome/17.0.963.56 Safari/535.11"
123.58.192.104 - - [19/Nov/2024:01:23:34 +0100] "GET /favicon.ico HTTP/1.1" 301 579 "-" "Mozilla/5.0 (Macintosh; Intel Mac OS X 10_7_0) AppleWebKit/535.11 (KHTML, like Gecko) Chrome/17.0.963.56 Safari/535.11"
123.58.192.104 - - [19/Nov/2024:01:23:34 +0100] "GET /favicon.ico HTTP/1.1" 404 4224 "http://startupclm.ncdesarrollos.com/favicon.ico" "Mozilla/5.0 (Macintosh; Intel Mac OS X 10_7_0) AppleWebKit/535.11 (KHTML, like Gecko) Chrome/17.0.963.56 Safari/535.11"
123.58.192.104 - - [19/Nov/2024:01:23:34 +0100] "GET /robots.txt HTTP/1.1" 301 577 "-" "Mozilla/5.0 (Macintosh; Intel Mac OS X 10_7_0) AppleWebKit/535.11 (KHTML, like Gecko) Chrome/17.0.963.56 Safari/535.11"
123.58.192.104 - - [19/Nov/2024:01:23:34 +0100] "GET /robots.txt HTTP/1.1" 404 4224 "http://startupclm.ncdesarrollos.com/robots.txt" "Mozilla/5.0 (Macintosh; Intel Mac OS X 10_7_0) AppleWebKit/535.11 (KHTML, like Gecko) Chrome/17.0.963.56 Safari/535.11"
123.58.192.104 - - [19/Nov/2024:01:23:34 +0100] "GET /sitemap.xml HTTP/1.1" 301 579 "-" "Mozilla/5.0 (Macintosh; Intel Mac OS X 10_7_0) AppleWebKit/535.11 (KHTML, like Gecko) Chrome/17.0.963.56 Safari/535.11"
123.58.192.104 - - [19/Nov/2024:01:23:34 +0100] "GET /sitemap.xml HTTP/1.1" 404 4224 "http://startupclm.ncdesarrollos.com/sitemap.xml" "Mozilla/5.0 (Macintosh; Intel Mac OS X 10_7_0) AppleWebKit/535.11 (KHTML, like Gecko) Chrome/17.0.963.56 Safari/535.11"
123.58.192.104 - - [19/Nov/2024:01:23:34 +0100] "GET /config.json HTTP/1.1" 301 579 "-" "Mozilla/5.0 (Macintosh; Intel Mac OS X 10_7_0) AppleWebKit/535.11 (KHTML, like Gecko) Chrome/17.0.963.56 Safari/535.11"
123.58.192.104 - - [19/Nov/2024:01:23:36 +0100] "GET /wp-content/plugins/woocommerce/readme.txt HTTP/1.1" 301 695 "-" "python-requests/2.31.0"
123.58.192.104 - - [19/Nov/2024:01:23:37 +0100] "GET /wp-content/plugins/woocommerce/readme.txt HTTP/1.1" 200 10619 "-" "python-requests/2.31.0"
163.172.105.12 - - [19/Nov/2024:01:42:09 +0100] "POST /wp-cron.php?doing_wp_cron=1731976928.6629951000213623046875 HTTP/1.1" 200 4078 "-" "WordPress/6.6.2; https://startupclm.ncdesarrollos.com"
35.219.54.159 - - [19/Nov/2024:01:41:56 +0100] "POST /wp-login.php HTTP/1.1" 200 6925 "-" "Mozilla/5.0 (Windows NT 10.0; Win64; x64) AppleWebKit/537.36 (KHTML, like Gecko) Chrome/64.0.3282.167 Safari/537.36"
163.172.105.12 - - [19/Nov/2024:02:41:49 +0100] "POST /wp-cron.php?doing_wp_cron=1731980509.4909760951995849609375 HTTP/1.1" 200 4078 "-" "WordPress/6.6.2; https://startupclm.ncdesarrollos.com"
51.38.41.215 - - [19/Nov/2024:02:41:47 +0100] "POST /wp-login.php HTTP/1.1" 200 6925 "-" "Mozilla/5.0 (Windows NT 10.0; Win64; x64) AppleWebKit/537.36 (KHTML, like Gecko) Chrome/72.0.3626.109 Safari/537.36"
163.172.105.12 - - [19/Nov/2024:03:41:53 +0100] "POST /wp-cron.php?doing_wp_cron=1731984113.3970251083374023437500 HTTP/1.1" 200 4078 "-" "WordPress/6.6.2; https://startupclm.ncdesarrollos.com"
188.166.67.239 - - [19/Nov/2024:03:41:52 +0100] "POST /wp-login.php HTTP/1.1" 200 6925 "-" "Mozilla/5.0 (Windows NT 10.0; Win64; x64) AppleWebKit/537.36 (KHTML, like Gecko) Chrome/73.0.3683.75 Safari/537.36"
137.184.17.249 - - [19/Nov/2024:03:48:55 +0100] "GET / HTTP/1.1" 301 557 "-" "Mozilla/5.0 (X11; Linux x86_64) AppleWebKit/537.36 (KHTML, like Gecko) Chrome/129.0.0.0 Safari/537.36"
163.172.105.12 - - [19/Nov/2024:03:48:56 +0100] "POST /wp-cron.php?doing_wp_cron=1731984536.0526239871978759765625 HTTP/1.1" 200 4078 "-" "WordPress/6.6.2; https://startupclm.ncdesarrollos.com"
137.184.17.249 - - [19/Nov/2024:03:48:55 +0100] "GET / HTTP/1.1" 200 16626 "-" "Mozilla/5.0 (X11; Linux x86_64) AppleWebKit/537.36 (KHTML, like Gecko) Chrome/129.0.0.0 Safari/537.36"
137.184.17.249 - - [19/Nov/2024:03:48:58 +0100] "GET /favicon.ico HTTP/1.1" 404 4224 "https://startupclm.ncdesarrollos.com/" "Mozilla/5.0 (X11; Linux x86_64) AppleWebKit/537.36 (KHTML, like Gecko) Chrome/129.0.0.0 Safari/537.36"
163.172.105.12 - - [19/Nov/2024:04:43:51 +0100] "POST /wp-cron.php?doing_wp_cron=1731987831.1269979476928710937500 HTTP/1.1" 200 4078 "-" "WordPress/6.6.2; https://startupclm.ncdesarrollos.com"
167.172.190.211 - - [19/Nov/2024:04:43:50 +0100] "POST /wp-login.php HTTP/1.1" 200 6925 "-" "Mozilla/5.0 (Windows NT 6.1; Win64; x64) AppleWebKit/537.36 (KHTML, like Gecko) Chrome/55.0.2883.87 Safari/537.36"
163.172.105.12 - - [19/Nov/2024:06:43:51 +0100] "POST /wp-cron.php?doing_wp_cron=1731995031.4662590026855468750000 HTTP/1.1" 200 4078 "-" "WordPress/6.6.2; https://startupclm.ncdesarrollos.com"
64.227.141.213 - - [19/Nov/2024:06:43:50 +0100] "POST /wp-login.php HTTP/1.1" 200 6925 "-" "Mozilla/5.0 (Windows NT 6.1) AppleWebKit/537.36 (KHTML, like Gecko) Chrome/80.0.3987.149 Safari/537.36"
163.172.105.12 - - [19/Nov/2024:07:41:14 +0100] "POST /wp-cron.php?doing_wp_cron=1731998474.2669410705566406250000 HTTP/1.1" 200 4078 "-" "WordPress/6.6.2; https://startupclm.ncdesarrollos.com"
185.63.174.33 - - [19/Nov/2024:07:41:13 +0100] "POST /wp-login.php HTTP/1.1" 200 6925 "-" "Mozilla/5.0 (Windows NT 6.3; Win64; x64) AppleWebKit/537.36 (KHTML, like Gecko) Chrome/67.0.3396.99 Safari/537.36"
163.172.105.12 - - [19/Nov/2024:09:31:06 +0100] "POST /wp-cron.php?doing_wp_cron=1732005066.5101380348205566406250 HTTP/1.1" 200 4078 "-" "WordPress/6.6.2; https://startupclm.ncdesarrollos.com"
92.53.96.111 - - [19/Nov/2024:09:31:05 +0100] "POST /wp-login.php HTTP/1.1" 200 6925 "-" "Mozilla/5.0 (Windows NT 10.0; WOW64) AppleWebKit/537.36 (KHTML, like Gecko) Chrome/47.0.2526.106 Safari/537.36"
163.172.105.12 - - [19/Nov/2024:10:26:15 +0100] "POST /wp-cron.php?doing_wp_cron=1732008375.7628259658813476562500 HTTP/1.1" 200 4078 "-" "WordPress/6.6.2; https://startupclm.ncdesarrollos.com"
185.50.25.42 - - [19/Nov/2024:10:26:15 +0100] "POST /wp-login.php HTTP/1.1" 200 6925 "-" "Mozilla/5.0 (Windows NT 6.3; Win64; x64) AppleWebKit/537.36 (KHTML, like Gecko) Chrome/79.0.3945.88 Safari/537.36"
163.172.105.12 - - [19/Nov/2024:11:21:12 +0100] "POST /wp-cron.php?doing_wp_cron=1732011672.3259739875793457031250 HTTP/1.1" 200 4078 "-" "WordPress/6.6.2; https://startupclm.ncdesarrollos.com"
51.79.254.110 - - [19/Nov/2024:11:21:11 +0100] "POST /wp-login.php HTTP/1.1" 200 6925 "-" "Mozilla/5.0 (Windows NT 6.3; Win64; x64) AppleWebKit/537.36 (KHTML, like Gecko) Chrome/57.0.2987.133 Safari/537.36"
163.172.105.12 - - [19/Nov/2024:11:21:15 +0100] "POST /wp-admin/admin-ajax.php?action=wp_1_wc_privacy_cleanup&nonce=55babacec9 HTTP/1.1" 200 4213 "-" "WordPress/6.6.2; https://startupclm.ncdesarrollos.com"
163.172.105.12 - - [19/Nov/2024:12:16:22 +0100] "POST /wp-cron.php?doing_wp_cron=1732014982.4472529888153076171875 HTTP/1.1" 200 4078 "-" "WordPress/6.6.2; https://startupclm.ncdesarrollos.com"
49.232.145.205 - - [19/Nov/2024:12:16:21 +0100] "POST /wp-login.php HTTP/1.1" 200 6925 "-" "Mozilla/5.0 (Windows NT 6.3; Win64; x64) AppleWebKit/537.36 (KHTML, like Gecko) Chrome/68.0.3440.106 Safari/537.36"
163.172.105.12 - - [19/Nov/2024:13:12:19 +0100] "POST /wp-cron.php?doing_wp_cron=1732018339.5544390678405761718750 HTTP/1.1" 200 4078 "-" "WordPress/6.6.2; https://startupclm.ncdesarrollos.com"
92.53.96.111 - - [19/Nov/2024:13:12:18 +0100] "POST /wp-login.php HTTP/1.1" 200 6925 "-" "Mozilla/5.0 (Windows NT 10.0; WOW64) AppleWebKit/537.36 (KHTML, like Gecko) Chrome/56.0.2924.87 Safari/537.36"
163.172.105.12 - - [19/Nov/2024:14:08:31 +0100] "POST /wp-cron.php?doing_wp_cron=1732021711.5586190223693847656250 HTTP/1.1" 200 4078 "-" "WordPress/6.6.2; https://startupclm.ncdesarrollos.com"
193.164.17.45 - - [19/Nov/2024:14:08:30 +0100] "POST /wp-login.php HTTP/1.1" 200 6925 "-" "Mozilla/5.0 (Windows NT 6.3; Win64; x64) AppleWebKit/537.36 (KHTML, like Gecko) Chrome/79.0.3945.130 Safari/537.36"
163.172.105.12 - - [19/Nov/2024:15:04:38 +0100] "POST /wp-cron.php?doing_wp_cron=1732025078.5257029533386230468750 HTTP/1.1" 200 4078 "-" "WordPress/6.6.2; https://startupclm.ncdesarrollos.com"
62.173.149.72 - - [19/Nov/2024:15:04:37 +0100] "POST /wp-login.php HTTP/1.1" 200 6925 "-" "Mozilla/5.0 (Windows NT 6.1; WOW64) AppleWebKit/537.36 (KHTML, like Gecko) Chrome/32.0.1700.107 Safari/537.36"
163.172.105.12 - - [19/Nov/2024:16:00:06 +0100] "POST /wp-cron.php?doing_wp_cron=1732028406.0668790340423583984375 HTTP/1.1" 200 4078 "-" "WordPress/6.6.2; https://startupclm.ncdesarrollos.com"
208.113.147.106 - - [19/Nov/2024:16:00:05 +0100] "POST /wp-login.php HTTP/1.1" 200 6925 "-" "Mozilla/5.0 (Windows NT 6.1) AppleWebKit/537.36 (KHTML, like Gecko) Chrome/65.0.3325.181 Safari/537.36"
163.172.105.12 - - [20/Nov/2024:06:48:12 +0100] "POST /wp-cron.php?doing_wp_cron=1732081691.9659790992736816406250 HTTP/1.1" 200 4078 "-" "WordPress/6.6.2; https://startupclm.ncdesarrollos.com"
118.194.249.8 - - [20/Nov/2024:06:48:11 +0100] "GET / HTTP/1.1" 200 63847 "-" "Mozilla/5.0 (Macintosh; Intel Mac OS X 10_15_7) AppleWebKit/537.36 (KHTML, like Gecko) Chrome/120.0.0.0 Safari/537.36 Edg/120.0.0.0"
118.194.249.8 - - [20/Nov/2024:06:48:18 +0100] "GET /favicon.ico HTTP/1.1" 404 4224 "-" "Mozilla/5.0 (Macintosh; Intel Mac OS X 10_7_0) AppleWebKit/535.11 (KHTML, like Gecko) Chrome/17.0.963.56 Safari/535.11"
118.194.249.8 - - [20/Nov/2024:06:48:19 +0100] "GET /robots.txt HTTP/1.1" 404 4224 "-" "Mozilla/5.0 (Macintosh; Intel Mac OS X 10_7_0) AppleWebKit/535.11 (KHTML, like Gecko) Chrome/17.0.963.56 Safari/535.11"
118.194.249.8 - - [20/Nov/2024:06:48:20 +0100] "GET /sitemap.xml HTTP/1.1" 404 4224 "-" "Mozilla/5.0 (Macintosh; Intel Mac OS X 10_7_0) AppleWebKit/535.11 (KHTML, like Gecko) Chrome/17.0.963.56 Safari/535.11"
118.194.249.8 - - [20/Nov/2024:06:48:26 +0100] "GET /config.json HTTP/1.1" 404 4224 "-" "Mozilla/5.0 (Macintosh; Intel Mac OS X 10_7_0) AppleWebKit/535.11 (KHTML, like Gecko) Chrome/17.0.963.56 Safari/535.11"
118.194.249.8 - - [20/Nov/2024:06:48:30 +0100] "GET /wp-content/plugins/woocommerce/readme.txt HTTP/1.1" 200 10619 "-" "python-requests/2.31.0"
118.194.249.8 - - [20/Nov/2024:06:49:15 +0100] "GET / HTTP/1.1" 301 557 "-" "Mozilla/5.0 (Macintosh; Intel Mac OS X 10_15_7) AppleWebKit/537.36 (KHTML, like Gecko) Chrome/120.0.0.0 Safari/537.36 Edg/120.0.0.0"
163.172.105.12 - - [20/Nov/2024:06:49:22 +0100] "POST /wp-cron.php?doing_wp_cron=1732081762.4137721061706542968750 HTTP/1.1" 200 4078 "-" "WordPress/6.6.2; https://startupclm.ncdesarrollos.com"
118.194.249.8 - - [20/Nov/2024:06:49:21 +0100] "GET / HTTP/1.1" 200 16626 "http://startupclm.ncdesarrollos.com/" "Mozilla/5.0 (Macintosh; Intel Mac OS X 10_7_0) AppleWebKit/535.11 (KHTML, like Gecko) Chrome/17.0.963.56 Safari/535.11"
118.194.249.8 - - [20/Nov/2024:06:49:23 +0100] "GET /favicon.ico HTTP/1.1" 301 579 "-" "Mozilla/5.0 (Macintosh; Intel Mac OS X 10_7_0) AppleWebKit/535.11 (KHTML, like Gecko) Chrome/17.0.963.56 Safari/535.11"
118.194.249.8 - - [20/Nov/2024:06:49:24 +0100] "GET /favicon.ico HTTP/1.1" 404 4224 "http://startupclm.ncdesarrollos.com/favicon.ico" "Mozilla/5.0 (Macintosh; Intel Mac OS X 10_7_0) AppleWebKit/535.11 (KHTML, like Gecko) Chrome/17.0.963.56 Safari/535.11"
118.194.249.8 - - [20/Nov/2024:06:49:25 +0100] "GET /robots.txt HTTP/1.1" 301 577 "-" "Mozilla/5.0 (Macintosh; Intel Mac OS X 10_7_0) AppleWebKit/535.11 (KHTML, like Gecko) Chrome/17.0.963.56 Safari/535.11"
118.194.249.8 - - [20/Nov/2024:06:49:25 +0100] "GET /robots.txt HTTP/1.1" 404 4224 "http://startupclm.ncdesarrollos.com/robots.txt" "Mozilla/5.0 (Macintosh; Intel Mac OS X 10_7_0) AppleWebKit/535.11 (KHTML, like Gecko) Chrome/17.0.963.56 Safari/535.11"
118.194.249.8 - - [20/Nov/2024:06:49:26 +0100] "GET /sitemap.xml HTTP/1.1" 301 579 "-" "Mozilla/5.0 (Macintosh; Intel Mac OS X 10_7_0) AppleWebKit/535.11 (KHTML, like Gecko) Chrome/17.0.963.56 Safari/535.11"
118.194.249.8 - - [20/Nov/2024:06:49:27 +0100] "GET /sitemap.xml HTTP/1.1" 404 4224 "http://startupclm.ncdesarrollos.com/sitemap.xml" "Mozilla/5.0 (Macintosh; Intel Mac OS X 10_7_0) AppleWebKit/535.11 (KHTML, like Gecko) Chrome/17.0.963.56 Safari/535.11"
118.194.249.8 - - [20/Nov/2024:06:49:28 +0100] "GET /config.json HTTP/1.1" 301 579 "-" "Mozilla/5.0 (Macintosh; Intel Mac OS X 10_7_0) AppleWebKit/535.11 (KHTML, like Gecko) Chrome/17.0.963.56 Safari/535.11"
118.194.249.8 - - [20/Nov/2024:06:49:29 +0100] "GET /wp-content/plugins/woocommerce/readme.txt HTTP/1.1" 301 695 "-" "python-requests/2.31.0"
118.194.249.8 - - [20/Nov/2024:06:49:30 +0100] "GET /wp-content/plugins/woocommerce/readme.txt HTTP/1.1" 200 10619 "-" "python-requests/2.31.0"
163.172.105.12 - - [21/Nov/2024:00:53:26 +0100] "POST /wp-cron.php?doing_wp_cron=1732146806.1066410541534423828125 HTTP/1.1" 200 4078 "-" "WordPress/6.6.2; https://startupclm.ncdesarrollos.com"
54.88.179.33 - - [21/Nov/2024:00:53:25 +0100] "GET / HTTP/1.1" 200 63894 "-" "Mozilla/5.0 \\(Windows NT 10.0\\; Win64\\; x64\\) AppleWebKit/537.36 \\(KHTML, like Gecko\\) Chrome/100.0.4896.60 Safari/537.36"
35.171.144.152 - - [21/Nov/2024:00:53:26 +0100] "GET / HTTP/1.1" 301 557 "-" "Mozilla/5.0 \\(Windows NT 10.0\\; Win64\\; x64\\) AppleWebKit/537.36 \\(KHTML, like Gecko\\) Chrome/100.0.4896.60 Safari/537.36"
54.88.179.33 - - [21/Nov/2024:00:53:27 +0100] "GET / HTTP/1.1" 200 60097 "-" "Mozilla/5.0 \\(Windows NT 10.0\\; Win64\\; x64\\) AppleWebKit/537.36 \\(KHTML, like Gecko\\) Chrome/100.0.4896.60 Safari/537.36"
163.172.105.12 - - [21/Nov/2024:00:53:31 +0100] "POST /wp-admin/admin-ajax.php?action=wp_1_wc_privacy_cleanup&nonce=ed3f03802c HTTP/1.1" 200 4213 "-" "WordPress/6.6.2; https://startupclm.ncdesarrollos.com"
109.205.213.242 - - [27/Nov/2024:04:04:14 +0100] "GET /.env HTTP/1.1" 404 4327 "-" "Mozilla/5.0 (X11; Linux x86_64) AppleWebKit/537.36 (KHTML, like Gecko) Chrome/81.0.4044.129 Safari/537.36"
109.205.213.242 - - [27/Nov/2024:04:04:15 +0100] "GET /api/.env HTTP/1.1" 404 4327 "-" "Mozilla/5.0 (X11; Linux x86_64) AppleWebKit/537.36 (KHTML, like Gecko) Chrome/81.0.4044.129 Safari/537.36"
109.205.213.242 - - [27/Nov/2024:04:04:15 +0100] "GET /phpinfo.php HTTP/1.1" 404 4065 "-" "Mozilla/5.0 (X11; Linux x86_64) AppleWebKit/537.36 (KHTML, like Gecko) Chrome/81.0.4044.129 Safari/537.36"
109.205.213.242 - - [27/Nov/2024:04:04:15 +0100] "GET /_profiler/phpinfo HTTP/1.1" 404 4327 "-" "Mozilla/5.0 (X11; Linux x86_64) AppleWebKit/537.36 (KHTML, like Gecko) Chrome/81.0.4044.129 Safari/537.36"
163.172.105.12 - - [27/Nov/2024:04:04:17 +0100] "POST /wp-cron.php?doing_wp_cron=1732676657.1630930900573730468750 HTTP/1.1" 200 4078 "-" "WordPress/6.6.2; https://startupclm.ncdesarrollos.com"
109.205.213.242 - - [27/Nov/2024:04:04:16 +0100] "POST / HTTP/1.1" 200 16729 "-" "Mozilla/5.0 (X11; Linux x86_64) AppleWebKit/537.36 (KHTML, like Gecko) Chrome/81.0.4044.129 Safari/537.36"
87.236.176.15 - - [29/Nov/2024:10:01:00 +0100] "GET / HTTP/1.1" 301 576 "-" "Mozilla/5.0 (compatible; InternetMeasurement/1.0; +https://internet-measurement.com/)"
163.172.105.12 - - [29/Nov/2024:10:01:01 +0100] "POST /wp-cron.php?doing_wp_cron=1732870861.6581299304962158203125 HTTP/1.1" 200 4078 "-" "WordPress/6.6.2; https://startupclm.ncdesarrollos.com"
87.236.176.15 - - [29/Nov/2024:10:01:00 +0100] "GET / HTTP/1.1" 200 16645 "http://startupclm.ncdesarrollos.com" "Mozilla/5.0 (compatible; InternetMeasurement/1.0; +https://internet-measurement.com/)"
87.236.176.69 - - [29/Nov/2024:10:01:02 +0100] "GET /favicon.ico HTTP/1.1" 404 4290 "-" "Mozilla/5.0 (compatible; InternetMeasurement/1.0; +https://internet-measurement.com/)"
142.93.191.98 - - [29/Nov/2024:10:01:02 +0100] "GET /favicon.ico HTTP/1.1" 404 4290 "-" "Mozilla/5.0 (compatible; InternetMeasurement/1.0; +https://internet-measurement.com/)"
163.172.105.12 - - [29/Nov/2024:10:01:04 +0100] "POST /wp-admin/admin-ajax.php?action=wp_1_wc_privacy_cleanup&nonce=1db8e0f66b HTTP/1.1" 200 4213 "-" "WordPress/6.6.2; https://startupclm.ncdesarrollos.com"
163.172.105.12 - - [29/Nov/2024:10:01:09 +0100] "POST /wp-cron.php HTTP/1.1" 200 4078 "-" "WordPress/6.6.2; https://startupclm.ncdesarrollos.com"
163.172.105.12 - - [29/Nov/2024:10:01:09 +0100] "GET / HTTP/1.1" 200 16692 "-" "WordPress/6.6.2; https://startupclm.ncdesarrollos.com"
163.172.105.12 - - [29/Nov/2024:10:01:10 +0100] "GET / HTTP/1.1" 200 16692 "-" "WordPress/6.6.2; https://startupclm.ncdesarrollos.com"
163.172.105.12 - - [29/Nov/2024:10:01:11 +0100] "GET / HTTP/1.1" 200 16692 "-" "WordPress/6.6.2; https://startupclm.ncdesarrollos.com"
163.172.105.12 - - [29/Nov/2024:10:01:11 +0100] "GET / HTTP/1.1" 200 16692 "-" "WordPress/6.6.2; https://startupclm.ncdesarrollos.com"
163.172.105.12 - - [29/Nov/2024:10:19:19 +0100] "POST /wp-cron.php?doing_wp_cron=1732871959.6717751026153564453125 HTTP/1.1" 200 4078 "-" "WordPress/6.6.2; https://startupclm.ncdesarrollos.com"
87.236.176.28 - - [29/Nov/2024:10:19:19 +0100] "GET / HTTP/1.1" 200 16645 "-" "Mozilla/5.0 (compatible; InternetMeasurement/1.0; +https://internet-measurement.com/)"
52.214.99.230 - - [02/Dec/2024:21:43:32 +0100] "GET / HTTP/1.0" 301 576 "-" "Mozilla/5.0 (compatible; NetcraftSurveyAgent/1.0; +info@netcraft.com)"
163.172.105.12 - - [02/Dec/2024:21:43:36 +0100] "POST /wp-cron.php?doing_wp_cron=1733172216.2702560424804687500000 HTTP/1.1" 200 4078 "-" "WordPress/6.6.2; https://startupclm.ncdesarrollos.com"
52.214.99.230 - - [02/Dec/2024:21:43:35 +0100] "GET / HTTP/1.0" 200 63366 "-" "Mozilla/5.0 (compatible; NetcraftSurveyAgent/1.0; +info@netcraft.com)"
163.172.105.12 - - [02/Dec/2024:21:43:38 +0100] "POST /wp-admin/admin-ajax.php?action=wp_1_wc_privacy_cleanup&nonce=a9e03ee24a HTTP/1.1" 200 4213 "-" "WordPress/6.6.2; https://startupclm.ncdesarrollos.com"
163.172.105.12 - - [02/Dec/2024:21:43:43 +0100] "POST /wp-cron.php HTTP/1.1" 200 4078 "-" "WordPress/6.6.2; https://startupclm.ncdesarrollos.com"
163.172.105.12 - - [02/Dec/2024:21:43:43 +0100] "GET / HTTP/1.1" 200 16692 "-" "WordPress/6.6.2; https://startupclm.ncdesarrollos.com"
163.172.105.12 - - [02/Dec/2024:21:43:44 +0100] "GET / HTTP/1.1" 200 16692 "-" "WordPress/6.6.2; https://startupclm.ncdesarrollos.com"
163.172.105.12 - - [02/Dec/2024:21:43:44 +0100] "GET / HTTP/1.1" 200 16692 "-" "WordPress/6.6.2; https://startupclm.ncdesarrollos.com"
163.172.105.12 - - [02/Dec/2024:21:43:45 +0100] "GET / HTTP/1.1" 200 16692 "-" "WordPress/6.6.2; https://startupclm.ncdesarrollos.com"
167.99.191.121 - - [03/Dec/2024:06:57:21 +0100] "GET / HTTP/1.1" 301 557 "-" "Mozilla/5.0 (X11; Linux x86_64) AppleWebKit/537.36 (KHTML, like Gecko) Chrome/129.0.0.0 Safari/537.36"
167.99.191.121 - - [03/Dec/2024:06:57:21 +0100] "GET /ads.txt HTTP/1.1" 301 571 "-" "Mozilla/5.0 (X11; Linux x86_64) AppleWebKit/537.36 (KHTML, like Gecko) Chrome/129.0.0.0 Safari/537.36"
163.172.105.12 - - [03/Dec/2024:06:57:23 +0100] "POST /wp-cron.php?doing_wp_cron=1733205443.2157490253448486328125 HTTP/1.1" 200 4078 "-" "WordPress/6.6.2; https://startupclm.ncdesarrollos.com"
167.99.191.121 - - [03/Dec/2024:06:57:22 +0100] "GET / HTTP/1.1" 200 16626 "-" "Mozilla/5.0 (X11; Linux x86_64) AppleWebKit/537.36 (KHTML, like Gecko) Chrome/129.0.0.0 Safari/537.36"
167.99.191.121 - - [03/Dec/2024:06:57:25 +0100] "GET /favicon.ico HTTP/1.1" 404 4224 "https://startupclm.ncdesarrollos.com/" "Mozilla/5.0 (X11; Linux x86_64) AppleWebKit/537.36 (KHTML, like Gecko) Chrome/129.0.0.0 Safari/537.36"
167.99.191.121 - - [03/Dec/2024:06:57:26 +0100] "GET /ads.txt HTTP/1.1" 404 4224 "-" "Mozilla/5.0 (X11; Linux x86_64) AppleWebKit/537.36 (KHTML, like Gecko) Chrome/129.0.0.0 Safari/537.36"
163.172.105.12 - - [03/Dec/2024:20:09:23 +0100] "POST /wp-cron.php?doing_wp_cron=1733252963.1452639102935791015625 HTTP/1.1" 200 4078 "-" "WordPress/6.6.2; https://startupclm.ncdesarrollos.com"
92.118.39.244 - - [03/Dec/2024:20:09:22 +0100] "GET / HTTP/1.1" 200 16645 "-" "Mozilla/5.0 (X11; Linux i686; rv:2.0b6pre) Gecko/20100907 Firefox/4.0b6pre"
163.172.105.12 - - [03/Dec/2024:20:09:28 +0100] "POST /wp-admin/admin-ajax.php?action=wp_1_wc_privacy_cleanup&nonce=6c4b66fb03 HTTP/1.1" 200 4213 "-" "WordPress/6.6.2; https://startupclm.ncdesarrollos.com"
92.118.39.244 - - [03/Dec/2024:20:09:34 +0100] "GET //startupclm.ncdesarrollos.com/wp-content/plugins/woocommerce/assets/js/jquery-blockui/jquery.blockUI.min.js?ver=2 HTTP/1.1" 404 4243 "-" "Mozilla/5.0 (compatible; MSIE 9.0; Windows NT 6.1; Trident/5.0)"
92.118.39.244 - - [03/Dec/2024:20:09:34 +0100] "GET //startupclm.ncdesarrollos.com/wp-content/plugins/woocommerce/assets/js/js-cookie/js.cookie.min.js?ver=2 HTTP/1.1" 404 4243 "-" "WebZIP/3.5 (http://www.spidersoft.com)"
92.118.39.244 - - [03/Dec/2024:20:09:34 +0100] "GET //startupclm.ncdesarrollos.com/wp-content/plugins/woocommerce/assets/js/js-cookie/js.cookie.min.js HTTP/1.1" 404 4243 "-" "Mozilla/5.0 (Macintosh; Intel Mac OS X 10_13_3) AppleWebKit/537.36 (KHTML, like Gecko) Chrome/63.0.3239.84 Safari/537.36"
92.118.39.244 - - [03/Dec/2024:20:09:34 +0100] "GET //startupclm.ncdesarrollos.com/wp-content/plugins/woocommerce/assets/js/frontend/add-to-cart.min.js HTTP/1.1" 404 4243 "-" "Mozilla/5.0 (Windows NT 10.0; WOW64) AppleWebKit/537.36 (KHTML, like Gecko) Chrome/74.0.3724.8 Safari/537.36"
92.118.39.244 - - [03/Dec/2024:20:09:34 +0100] "GET //startupclm.ncdesarrollos.com/wp-content/plugins/woocommerce/assets/js/frontend/woocommerce.min.js?ver=9 HTTP/1.1" 404 4243 "-" "Mozilla/5.0 (Linux; Android 9; MIX 2S Build/PKQ1.180729.001; wv) AppleWebKit/537.36 (KHTML, like Gecko) Version/4.0 Chrome/66.0.3359.126 MQQBrowser/6.2 TBS/044807 Mobile Safari/537.36 MMWEBID/8952 MicroMessenger/7.0.6.1460(0x27000679) Process/tools NetType/4G Language/zh_CN"
92.118.39.244 - - [03/Dec/2024:20:09:34 +0100] "GET //startupclm.ncdesarrollos.com/wp-content/plugins/woocommerce/assets/js/frontend/order-attribution.min.js?ver=9 HTTP/1.1" 404 4243 "-" "Mozilla/5.0 (iPhone; CPU iPhone OS 13_0 like Mac OS X) AppleWebKit/605.1.15 (KHTML, like Gecko) Version/13.0 Mobile/15E148 Safari/604.1"
92.118.39.244 - - [03/Dec/2024:20:09:34 +0100] "GET //startupclm.ncdesarrollos.com/wp-content/plugins/woocommerce/assets/js/sourcebuster/sourcebuster.min.js HTTP/1.1" 404 4243 "-" "Mozilla/5.0 (Linux; U; Android 1.5; en-gb; T-Mobile_G2_Touch Build/CUPCAKE) AppleWebKit/528.5 (KHTML, like Gecko) Version/3.1.2 Mobile Safari/525.20.1"
92.118.39.244 - - [03/Dec/2024:20:09:34 +0100] "GET //startupclm.ncdesarrollos.com/wp-content/plugins/woocommerce/assets/js/frontend/woocommerce.min.js HTTP/1.1" 404 4243 "-" "Mediapartners-Google"
92.118.39.244 - - [03/Dec/2024:20:09:34 +0100] "GET //startupclm.ncdesarrollos.com/wp-content/plugins/woocommerce/assets/js/frontend/order-attribution.min.js HTTP/1.1" 404 4243 "-" "Mozilla/5.0 (X11; CrOS x86_64 11647.154.0) AppleWebKit/537.36 (KHTML, like Gecko) Chrome/73.0.3683.114 Safari/537.36"
92.118.39.244 - - [03/Dec/2024:20:09:34 +0100] "GET //startupclm.ncdesarrollos.com/wp-content/plugins/woocommerce/assets/js/frontend/add-to-cart.min.js?ver=9 HTTP/1.1" 404 4243 "-" "Mozilla/5.0 (Windows NT 6.1) AppleWebKit/537.36 (KHTML, like Gecko) Chrome/63.0.3239.108 Safari/537.36"
92.118.39.244 - - [03/Dec/2024:20:09:34 +0100] "GET //startupclm.ncdesarrollos.com/wp-content/plugins/woocommerce/assets/js/sourcebuster/sourcebuster.min.js?ver=9 HTTP/1.1" 404 4243 "-" "Mozilla/5.0 (Linux; Android 5.0.2; Lenovo A6010) AppleWebKit/537.36 (KHTML, like Gecko) Chrome/74.0.3729.157 Mobile Safari/537.36"
92.118.39.244 - - [03/Dec/2024:20:09:34 +0100] "GET //startupclm.ncdesarrollos.com/wp-content/plugins/woocommerce/assets/js/jquery-blockui/jquery.blockUI.min.js HTTP/1.1" 404 4243 "-" "wii libnup/1.0"
92.118.39.244 - - [03/Dec/2024:20:09:34 +0100] "GET /wp-emoji-release.min.js?ver=6 HTTP/1.1" 404 4243 "-" "iTunes/4.2 (Macintosh; U; PPC Mac OS X 10.2)"
92.118.39.244 - - [03/Dec/2024:20:09:34 +0100] "GET //startupclm.ncdesarrollos.com/wp-includes/js/jquery/jquery-migrate.min.js HTTP/1.1" 404 4243 "-" "Mozilla/5.0 (Macintosh; Intel Mac OS X 10_6_8) AppleWebKit/535.7 (KHTML, like Gecko) Chrome/16.0.912.36 Safari/535.7"
92.118.39.244 - - [03/Dec/2024:20:09:34 +0100] "GET //startupclm.ncdesarrollos.com/wp-includes/js/jquery/jquery-migrate.min.js?ver=3 HTTP/1.1" 404 4243 "-" "Mozilla/5.0 (iPhone; CPU iPhone OS 12_2 like Mac OS X) AppleWebKit/605.1.15 (KHTML, like Gecko) CriOS/75.0.3770.103 Mobile/15E148 Safari/605.1"
92.118.39.244 - - [03/Dec/2024:20:09:34 +0100] "GET //startupclm.ncdesarrollos.com/wp-includes/js/jquery/jquery.min.js HTTP/1.1" 404 4243 "-" "Mozilla/5.0 (Macintosh; Intel Mac OS X 10_14_5) AppleWebKit/537.36 (KHTML, like Gecko) Chrome/73.0.3683.103 Safari/537.36 OPR/60.0.3255.170"
92.118.39.244 - - [03/Dec/2024:20:09:35 +0100] "GET /%5C/startupclm.ncdesarrollos.com%5C/wp-includes%5C/js%5C/wp-emoji-release.min.js HTTP/1.1" 404 4243 "-" "Mozilla/5.0 (X11; Linux x86_64) AppleWebKit/537.36 (KHTML, like Gecko) snap Chromium/76.0.3809.100 Chrome/76.0.3809.100 Safari/537.36"
92.118.39.244 - - [03/Dec/2024:20:09:35 +0100] "GET //startupclm.ncdesarrollos.com/wp-includes/js/jquery/jquery.min.js?ver=3 HTTP/1.1" 404 4243 "-" "Mozilla/5.0 (Linux; Android 7.1.1; Moto E (4) Plus) AppleWebKit/537.36 (KHTML, like Gecko) Chrome/76.0.3809.111 Mobile Safari/537.36"
92.118.39.244 - - [03/Dec/2024:20:09:35 +0100] "GET /%5C/s.w.org%5C/images%5C/core%5C/emoji%5C/15.0.3%5C/72x72%5C/%22,%22ext%22:%22.png%22,%22svgUrl%22:%22https:%5C/%5C/s.w.org%5C/images%5C/core%5C/emoji%5C/15.0.3%5C/svg%5C/%22,%22svgExt%22:%22.svg%22,%22source%22:%7B%22concatemoji%22:%22https:%5C/%5C/startupclm.ncdesarrollos.com%5C/wp-includes%5C/js%5C/wp-emoji-release.min.js HTTP/1.1" 404 4243 "-" "Mozilla/5.0 (Macintosh; Intel Mac OS X 10_13_6) AppleWebKit/605.1.15 (KHTML, like Gecko) Version/12.0.2 Safari/605.1.15"
92.118.39.244 - - [03/Dec/2024:20:09:35 +0100] "GET /wp-emoji-release.min.js HTTP/1.1" 404 4243 "-" "Mozilla/5.0 (Windows NT 5.1) AppleWebKit/537.36 (KHTML, like Gecko) MxBrowser/4.5.10.7000 Chrome/30.0.1551.0 Safari/537.36"
109.205.213.18 - - [03/Dec/2024:21:41:20 +0100] "GET /.env HTTP/1.1" 404 4327 "-" "Mozilla/5.0 (X11; Linux x86_64) AppleWebKit/537.36 (KHTML, like Gecko) Chrome/81.0.4044.129 Safari/537.36"
109.205.213.18 - - [03/Dec/2024:21:41:20 +0100] "GET /api/.env HTTP/1.1" 404 4327 "-" "Mozilla/5.0 (X11; Linux x86_64) AppleWebKit/537.36 (KHTML, like Gecko) Chrome/81.0.4044.129 Safari/537.36"
109.205.213.18 - - [03/Dec/2024:21:41:21 +0100] "GET /phpinfo.php HTTP/1.1" 404 4065 "-" "Mozilla/5.0 (X11; Linux x86_64) AppleWebKit/537.36 (KHTML, like Gecko) Chrome/81.0.4044.129 Safari/537.36"
109.205.213.18 - - [03/Dec/2024:21:41:22 +0100] "GET /_profiler/phpinfo HTTP/1.1" 404 4327 "-" "Mozilla/5.0 (X11; Linux x86_64) AppleWebKit/537.36 (KHTML, like Gecko) Chrome/81.0.4044.129 Safari/537.36"
163.172.105.12 - - [03/Dec/2024:21:41:23 +0100] "POST /wp-cron.php?doing_wp_cron=1733258483.4514050483703613281250 HTTP/1.1" 200 4078 "-" "WordPress/6.6.2; https://startupclm.ncdesarrollos.com"
109.205.213.18 - - [03/Dec/2024:21:41:22 +0100] "POST / HTTP/1.1" 200 16729 "-" "Mozilla/5.0 (X11; Linux x86_64) AppleWebKit/537.36 (KHTML, like Gecko) Chrome/81.0.4044.129 Safari/537.36"
163.172.105.12 - - [04/Dec/2024:20:27:42 +0100] "POST /wp-cron.php?doing_wp_cron=1733340462.0042829513549804687500 HTTP/1.1" 200 4078 "-" "WordPress/6.6.2; https://startupclm.ncdesarrollos.com"
137.184.1.50 - - [04/Dec/2024:20:27:41 +0100] "GET / HTTP/1.1" 200 16645 "-" "Mozilla/5.0 (Windows NT 10.0; Win64; x64) AppleWebKit/537.36 (KHTML, like Gecko) Chrome/119.0.0.0 Safari/537.36"
